{"id":1152,"date":"2018-09-11T15:58:51","date_gmt":"2018-09-11T20:58:51","guid":{"rendered":"http:\/\/localhost:8888\/portal\/?page_id=1152"},"modified":"2026-03-05T07:40:06","modified_gmt":"2026-03-05T12:40:06","slug":"semilleros-de-investigacion","status":"publish","type":"page","link":"https:\/\/www.ucatolica.edu.co\/portal\/semilleros-de-investigacion\/","title":{"rendered":"Semilleros"},"content":{"rendered":"<h2>Semilleros<\/h2>\n<p>Los Semilleros de la Universidad Cat\u00f3lica de Colombia, son espacios de innovaci\u00f3n, dedicaci\u00f3n, ingenio y compromiso, donde toda la comunidad acad\u00e9mica puede participar en el desarrollo de los proyectos de investigaci\u00f3n de los profesores, hecho que permite a los participantes familiarizarse con las diferentes t\u00e9cnicas, metodolog\u00edas y procesos de la actividad investigativa.<br \/>\nIntegrar un Semillero, posibilita enriquecer la formaci\u00f3n acad\u00e9mica, por medio de la interacci\u00f3n con investigadores y otros compa\u00f1eros de diferentes semestres, disciplinas y universidades. Adem\u00e1s, busca facilitar la elaboraci\u00f3n del trabajo de grado y acceder a posibles becas para maestr\u00edas y doctorados.<br \/>\nPermite desarrollar diferentes competencias para la b\u00fasqueda, el an\u00e1lisis y la sistematizaci\u00f3n del conocimiento, as\u00ed como la apropiaci\u00f3n de t\u00e9cnicas, m\u00e9todos y protocolos propios de la actividad investigativa.<br \/>\n<strong>\u00bfQui\u00e9n pueden participar?<\/strong><br \/>\nEstudiantes de pregrado &#8211; posgrado y docentes.<br \/>\n<strong>Tipos de <\/strong><strong>Semilleros <\/strong><br \/>\n<b>Semillero Grupo de Estudio:<span style=\"font-weight: 400;\"> Se entiende como el conjunto de personas que realizan una actividad sistem\u00e1tica para la comprensi\u00f3n en profundidad de fen\u00f3menos disciplinares y profesionales, orientadas hacia el descubrimiento y desarrollo de un cuerpo organizado de conocimiento; indagan sobre tem\u00e1ticas de investigaci\u00f3n vigentes en las \u00e1reas del conocimiento, se documenta, se levantan inventarios, se sistematiza y se proveen recursos para la elaboraci\u00f3n de estados del arte.<\/span>\u00a0<\/b><br \/>\n<span style=\"font-weight: bold;\">Semillero de Investigaci\u00f3n: <\/span>Los estudiantes adscritos a los semilleros tienen la oportunidad de entrar en contacto con la praxis investigativa de los grupos, en donde son formados en las t\u00e9cnicas y m\u00e9todos de indagaci\u00f3n propios del campo de investigaci\u00f3n determinado.<br \/>\n<span style=\"font-weight: bold;\">Semillero Innovo: <\/span>Accede a procesos de formaci\u00f3n en competencias para la innovaci\u00f3n en diferentes escenarios de aplicaci\u00f3n<\/p>\n<ul>\n<li><b>Desarrollo tecnol\u00f3gico:<\/b><span style=\"font-weight: 400;\"> materializaci\u00f3n de los resultados de investigaci\u00f3n o de cualquier otro conocimiento cient\u00edfico en: nuevos materiales, prototipos, dise\u00f1os industriales, software, etc.<\/span><\/li>\n<li><b>Innovaci\u00f3n de producto o proceso:<\/b><span style=\"font-weight: 400;\"> La introducci\u00f3n de un nuevo o significativamente mejorado producto (bien o servicio), de un proceso o de un nuevo m\u00e9todo de comercializaci\u00f3n en las pr\u00e1cticas de la empresa, la organizaci\u00f3n del lugar de trabajo o las relaciones exteriores.<\/span><\/li>\n<li><b>Innovaci\u00f3n organizacional:<\/b><span style=\"font-weight: 400;\"> referida a la b\u00fasqueda de nuevos dise\u00f1os organizacionales para alterar las estructuras internas de la organizaci\u00f3n y cambiar los l\u00edmites entre la organizaci\u00f3n y el mercado.<\/span><\/li>\n<li><b>Innovaci\u00f3n social:<\/b><span style=\"font-weight: 400;\"> entendida como la generaci\u00f3n de nuevas formas de gesti\u00f3n, de administraci\u00f3n, de ejecuci\u00f3n, de nuevos instrumentos o herramientas o nuevas combinaciones de factores orientadas a mejorar las condiciones sociales y de vida en general de la poblaci\u00f3n. Caracterizada por la activa participaci\u00f3n de la comunidad desde la definici\u00f3n del problema que desean solucionar, la identificaci\u00f3n de posibles alternativas de soluci\u00f3n, la ejecuci\u00f3n de las mismas as\u00ed como su seguimiento.<\/span><\/li>\n<li><b>Innovaci\u00f3n educativa:<\/b><span style=\"font-weight: 400;\"> entendido como una actividad deliberada y planificada de soluci\u00f3n de problemas, que apunta a lograr mayor calidad en los aprendizajes de los estudiantes, superando el paradigma tradicional. Implica trascender el conocimiento academicista y pasar del aprendizaje pasivo del estudiante a una concepci\u00f3n donde el aprendizaje es activo y se construye entre todos.<\/span><\/li>\n<\/ul>\n<p><b>Convocatorias Semilleros\u00a0\u00a0<\/b><br \/>\n<span style=\"font-weight: 400;\">para conocer mayor informaci\u00f3n dar clic en el siguiente <a href=\"\/portal\/investigaciones\/convocatorias\/\">Link<\/a><\/span><br \/>\n<b>Est\u00edmulos e incentivos a estudiantes de semilleros<\/b><br \/>\n<b><a href=\"\/portal\/wp-content\/uploads\/adjuntos\/acuerdos\/consejo-superior-acuerdos-academicos-301-20.pdf\" target=\"_blank\" rel=\"noopener\">Acuerdo 301<\/a> del 2 de septiembre de 2020<\/b><span style=\"font-weight: 400;\"> \u201cPor el cual se aprueban los est\u00edmulos reconocimiento a la excelencia investigativa y homologaci\u00f3n de la participaci\u00f3n del estudiante en los semilleros como electiva institucional\u201d <\/span><a href=\"\/portal\/wp-content\/uploads\/2020\/10\/incentivos-semilleros.pdf\" target=\"_blank\" rel=\"noopener\">clic aqu\u00ed<\/a><\/p>\n<h3><b>Mayor Informaci\u00f3n<\/b><\/h3>\n<table class=\"table table-striped\">\n<thead>\n<tr>\n<th>Unidad Acad\u00e9mica<\/th>\n<th>Director<\/th>\n<th>Email<\/th>\n<th>Ext<\/th>\n<\/tr>\n<\/thead>\n<tbody>\n<tr>\n<td>Facultad de Dise\u00f1o<\/td>\n<td>Cristhian David Mayorga Robayo<\/td>\n<td><a href=\"mailto:cifar@ucatolica.edu.co\">cifar@ucatolica.edu.co<\/a><\/td>\n<td>3112<br \/>\n3109<\/td>\n<\/tr>\n<tr>\n<td>Facultad de Derecho<\/td>\n<td>Jairo Andr\u00e9s Becerra Ort\u00edz<\/td>\n<td><a href=\"mailto:cisjuc@ucatolica.edu.co\">cisjuc@ucatolica.edu.co<\/a><\/td>\n<td>5011<br \/>\n5021<\/td>\n<\/tr>\n<tr>\n<td>Facultad de Ciencias Econ\u00f3micas y Administrativas<\/td>\n<td>Hern\u00e1n Felipe Trujillo Quintero<\/td>\n<td><a href=\"mailto:investigaciones.fcea@ucatolica.edu.co\">investigaciones.fcea@ucatolica.edu.co<\/a><\/td>\n<td>5160<br \/>\n5063<\/td>\n<\/tr>\n<tr>\n<td>Facultad de Ingenier\u00eda<\/td>\n<td>Claudia Constanza Jim\u00e9nez<\/td>\n<td><a href=\"mailto:investigacionesing@ucatolica.edu.co\">investigacionesing@ucatolica.edu.co\/a&gt;<\/a><\/td>\n<td>3132<br \/>\n3130<\/td>\n<\/tr>\n<tr>\n<td>Facultad de Psicolog\u00eda<\/td>\n<td>Ana Camila Garc\u00eda Murillo<\/td>\n<td><a href=\"mailto:investiga_psico@ucatolica.edu.co\">investiga_psico@ucatolica.edu.co<\/a><\/td>\n<td>5059 5076<\/td>\n<\/tr>\n<tr>\n<td>Departamento de Humanidades<\/td>\n<td>Diana Constanza Nossa<\/td>\n<td><a href=\"mailto:investigahumanidades@ucatolica.edu.co\">investigahumanidades@ucatolica.edu.co<\/a><\/td>\n<td>1200<\/td>\n<\/tr>\n<tr>\n<td>Departamento de Ciencias B\u00e1sicas<\/td>\n<td>Norvey Rodr\u00edguez Fonseca<\/td>\n<td><a href=\"mailto:cbinvestigacion@ucatolica.edu.co\">cbinvestigacion@ucatolica.edu.co<\/a><\/td>\n<td>3000<\/td>\n<\/tr>\n<\/tbody>\n<\/table>\n<h3><em>\u00a1Despierta tu esp\u00edritu de investigaci\u00f3n!<\/em><\/h3>\n<p><strong>Direcci\u00f3n Central de Investigaciones<\/strong><br \/>\n<a href=\"mailto:dinvestigaciones@ucatolica.edu.co\" target=\"_blank\" rel=\"noopener\">dinvestigaciones@ucatolica.edu.co<\/a><br \/>\nAvenida Caracas # 46-72, sede Las Torres, piso 5<br \/>\nTel\u00e9fono: (601) 4433700 exts. 1220, 1221, 1222 y 1223<\/p>\n<p><!-- CONTENEDOR DOS PARA SIDEBAR --><\/p>\n<div id=\"contenido-dos\">\n<h2>Documentos de Inter\u00e9s<\/h2>\n<h3>Semilleros<\/h3>\n<div id=\"accordion\" class=\"panel-group\">\n<div class=\"panel panel-default\">\n<div id=\"headingTenii\" class=\"panel-heading\">\n<h4 class=\"panel-title\"><a href=\"#collapseTenii\" data-toggle=\"collapse\" data-parent=\"#accordion\">2026<\/a><\/h4>\n<\/div>\n<div id=\"collapseTenii\" class=\"panel-collapse collapse\">\n<div class=\"panel-body\">\n<ul>\n<li class=\"btn-documentos pdf\"><a href=\"https:\/\/www.ucatolica.edu.co\/portal\/wp-content\/uploads\/2026\/03\/Semilleros-2026.pdf\" target=\"_blank\" rel=\"noopener\">Semilleros 2026<\/a><\/li>\n<\/ul>\n<\/div>\n<\/div>\n<\/div>\n<div class=\"panel panel-default\">\n<div id=\"headingTeni\" class=\"panel-heading\">\n<h4 class=\"panel-title\"><a href=\"#collapseTeni\" data-toggle=\"collapse\" data-parent=\"#accordion\">2025<\/a><\/h4>\n<\/div>\n<div id=\"collapseTeni\" class=\"panel-collapse collapse\">\n<div class=\"panel-body\">\n<ul>\n<li class=\"btn-documentos pdf\"><a href=\"https:\/\/www.ucatolica.edu.co\/portal\/wp-content\/uploads\/2025\/01\/Semilleros-2025-1.pdf\" target=\"_blank\" rel=\"noopener\">Semilleros 2025<\/a><\/li>\n<\/ul>\n<\/div>\n<\/div>\n<\/div>\n<div class=\"panel panel-default\">\n<div id=\"headingNine\" class=\"panel-heading\">\n<h4 class=\"panel-title\"><a href=\"#collapseNine\" data-toggle=\"collapse\" data-parent=\"#accordion\">2024<\/a><\/h4>\n<\/div>\n<div id=\"collapseNine\" class=\"panel-collapse collapse\">\n<div class=\"panel-body\">\n<ul>\n<li class=\"btn-documentos pdf\"><a href=\"https:\/\/www.ucatolica.edu.co\/portal\/wp-content\/uploads\/2024\/02\/semilleros-2024.pdf\" target=\"_blank\" rel=\"noopener\">Semilleros 2024<\/a><\/li>\n<\/ul>\n<\/div>\n<\/div>\n<\/div>\n<div class=\"panel panel-default\">\n<div id=\"headingEight\" class=\"panel-heading\">\n<h4 class=\"panel-title\"><a href=\"#collapseEight\" data-toggle=\"collapse\" data-parent=\"#accordion\">2023<\/a><\/h4>\n<\/div>\n<div id=\"collapseEight\" class=\"panel-collapse collapse\">\n<div class=\"panel-body\">\n<ul>\n<li class=\"btn-documentos pdf\"><a href=\"https:\/\/www.ucatolica.edu.co\/portal\/wp-content\/uploads\/2023\/04\/Semilleros-tercer-corte.pdf\" target=\"_blank\" rel=\"noopener\">Semilleros 2023<\/a><\/li>\n<\/ul>\n<\/div>\n<\/div>\n<\/div>\n<div class=\"panel panel-default\">\n<div id=\"headingSeven\" class=\"panel-heading\">\n<h4 class=\"panel-title\"><a href=\"#collapseSeven\" data-toggle=\"collapse\" data-parent=\"#accordion\">2022<\/a><\/h4>\n<\/div>\n<div id=\"collapseSeven\" class=\"panel-collapse collapse\">\n<div class=\"panel-body\">\n<ul>\n<li class=\"btn-documentos pdf\"><a href=\"https:\/\/www.ucatolica.edu.co\/portal\/wp-content\/uploads\/2022\/05\/semilleros-de-investigacion-2022.pdf\" target=\"_blank\" rel=\"noopener\">Semilleros 2022<\/a><\/li>\n<\/ul>\n<\/div>\n<\/div>\n<\/div>\n<div class=\"panel panel-default\">\n<div id=\"headingSix\" class=\"panel-heading\">\n<h4 class=\"panel-title\"><a href=\"#collapseSix\" data-toggle=\"collapse\" data-parent=\"#accordion\">2021<\/a><\/h4>\n<\/div>\n<div id=\"collapseSix\" class=\"panel-collapse collapse\">\n<div class=\"panel-body\">\n<ul>\n<li class=\"btn-documentos pdf\"><a href=\"https:\/\/www.ucatolica.edu.co\/portal\/wp-content\/uploads\/adjuntos\/investigaciones\/semilleros-de-investigacion-2021.pdf\" target=\"_blank\" rel=\"noopener\">Semilleros 2021<\/a><\/li>\n<\/ul>\n<\/div>\n<\/div>\n<\/div>\n<div class=\"panel panel-default\">\n<div id=\"headingFive\" class=\"panel-heading\">\n<h4 class=\"panel-title\"><a href=\"#collapseFive\" data-toggle=\"collapse\" data-parent=\"#accordion\">2020<\/a><\/h4>\n<\/div>\n<div id=\"collapseFive\" class=\"panel-collapse collapse\">\n<div class=\"panel-body\">\n<ul>\n<li class=\"btn-documentos pdf\"><a href=\"https:\/\/www.ucatolica.edu.co\/portal\/wp-content\/uploads\/adjuntos\/investigaciones\/semilleros-de-investigacion-2020.pdf\" target=\"_blank\" rel=\"noopener\">Semilleros 2020<\/a><\/li>\n<\/ul>\n<\/div>\n<\/div>\n<\/div>\n<div class=\"panel panel-default\">\n<div id=\"headingFour\" class=\"panel-heading\">\n<h4 class=\"panel-title\"><a href=\"#collapseFour\" data-toggle=\"collapse\" data-parent=\"#accordion\">2019<\/a><\/h4>\n<\/div>\n<div id=\"collapseFour\" class=\"panel-collapse collapse\">\n<div class=\"panel-body\">\n<ul>\n<li class=\"btn-documentos pdf\"><a href=\"https:\/\/www.ucatolica.edu.co\/portal\/wp-content\/uploads\/adjuntos\/investigaciones\/semilleros-de-investigacion-2019.pdf\" target=\"_blank\" rel=\"noopener\">Semilleros de Investigaci\u00f3n 2019<\/a><\/li>\n<\/ul>\n<\/div>\n<\/div>\n<\/div>\n<div class=\"panel panel-default\">\n<div id=\"headingThree\" class=\"panel-heading\">\n<h4 class=\"panel-title\"><a href=\"#collapseThree\" data-toggle=\"collapse\" data-parent=\"#accordion\">2018<\/a><\/h4>\n<\/div>\n<div id=\"collapseThree\" class=\"panel-collapse collapse\">\n<div class=\"panel-body\">\n<ul>\n<li class=\"btn-documentos pdf\"><a href=\"https:\/\/www.ucatolica.edu.co\/portal\/wp-content\/uploads\/adjuntos\/investigaciones\/semilleros-de-investigacion-humanidades-18.pdf\" target=\"_blank\" rel=\"noopener\">Semilleros de Investigaci\u00f3n &#8211; Humanidades 2018<\/a><\/li>\n<li class=\"btn-documentos pdf\"><a href=\"https:\/\/www.ucatolica.edu.co\/portal\/wp-content\/uploads\/adjuntos\/investigaciones\/semilleros-de-investigacion-psicologia-18.pdf\" target=\"_blank\" rel=\"noopener\">Semilleros de Investigaci\u00f3n &#8211; Psicolog\u00eda 2018<\/a><\/li>\n<li class=\"btn-documentos pdf\"><a href=\"https:\/\/www.ucatolica.edu.co\/portal\/wp-content\/uploads\/adjuntos\/investigaciones\/semilleros-de-investigacion-ingenieria-18.pdf\" target=\"_blank\" rel=\"noopener\">Semilleros de Investigaci\u00f3n &#8211; Ingenier\u00eda 2018<\/a><\/li>\n<li class=\"btn-documentos pdf\"><a href=\"https:\/\/www.ucatolica.edu.co\/portal\/wp-content\/uploads\/adjuntos\/investigaciones\/semilleros-de-investigacion-economia-18.pdf\" target=\"_blank\" rel=\"noopener\">Semilleros de Investigaci\u00f3n &#8211; Econom\u00eda 2018<\/a><\/li>\n<li class=\"btn-documentos pdf\"><a href=\"https:\/\/www.ucatolica.edu.co\/portal\/wp-content\/uploads\/adjuntos\/investigaciones\/semilleros-de-investigacion-diseno-18.pdf\" target=\"_blank\" rel=\"noopener\">Semilleros de Investigaci\u00f3n &#8211; Dise\u00f1o 2018<\/a><\/li>\n<li class=\"btn-documentos pdf\"><a href=\"https:\/\/www.ucatolica.edu.co\/portal\/wp-content\/uploads\/adjuntos\/investigaciones\/semilleros-de-investigacion-derecho-18.pdf\" target=\"_blank\" rel=\"noopener\">Semilleros de Investigaci\u00f3n &#8211; Derecho 2018<\/a><\/li>\n<\/ul>\n<\/div>\n<\/div>\n<\/div>\n<div class=\"panel panel-default\">\n<div id=\"headingTwo\" class=\"panel-heading\">\n<h4 class=\"panel-title\"><a href=\"#collapseTwo\" data-toggle=\"collapse\" data-parent=\"#accordion\">2017<\/a><\/h4>\n<\/div>\n<div id=\"collapseTwo\" class=\"panel-collapse collapse\">\n<div class=\"panel-body\">\n<ul>\n<li class=\"btn-documentos pdf\"><a href=\"https:\/\/www.ucatolica.edu.co\/portal\/wp-content\/uploads\/adjuntos\/investigaciones\/semilleros-de-investigacion-2017.pdf\" target=\"_blank\" rel=\"noopener\">Semilleros de Investigaci\u00f3n 2017<\/a><\/li>\n<\/ul>\n<\/div>\n<\/div>\n<\/div>\n<div class=\"panel panel-default\">\n<div id=\"headingOne\" class=\"panel-heading\">\n<h4 class=\"panel-title\"><a href=\"#collapseOne\" data-toggle=\"collapse\" data-parent=\"#accordion\">2016<\/a><\/h4>\n<\/div>\n<div id=\"collapseOne\" class=\"panel-collapse collapse\">\n<div class=\"panel-body\">\n<ul>\n<li class=\"btn-documentos pdf\"><a href=\"https:\/\/www.ucatolica.edu.co\/portal\/wp-content\/uploads\/adjuntos\/investigaciones\/semilleros-de-investigacion-2016.pdf\" target=\"_blank\" rel=\"noopener\">Semilleros de Investigaci\u00f3n 2016<\/a><\/li>\n<\/ul>\n<\/div>\n<\/div>\n<\/div>\n<div class=\"panel panel-default\">\n<div id=\"headingCero\" class=\"panel-heading\">\n<h4 class=\"panel-title\"><a href=\"#collapseCero\" data-toggle=\"collapse\" data-parent=\"#accordion\">2015<\/a><\/h4>\n<\/div>\n<div id=\"collapseCero\" class=\"panel-collapse collapse\">\n<div class=\"panel-body\">\n<ul>\n<li class=\"btn-documentos pdf\"><a href=\"https:\/\/www.ucatolica.edu.co\/portal\/wp-content\/uploads\/adjuntos\/investigaciones\/semilleros-de-investigacion-2015.pdf\" target=\"_blank\" rel=\"noopener\">Semilleros de Investigaci\u00f3n 2015<\/a><\/li>\n<\/ul>\n<\/div>\n<\/div>\n<\/div>\n<\/div>\n<h2>Accesos de Inter\u00e9s<\/h2>\n<ul>\n<li><a href=\"\/portal\/investigaciones\/direccion-central-de-investigaciones\/\">Direcci\u00f3n Central de Investigaciones<\/a><\/li>\n<li><a href=\"\/portal\/ganadores-del-concurso-de-posteres-durante-erii-2019\/\">Ganadores concurso de p\u00f3steres ERII 2019<\/a><\/li>\n<li><a href=\"\/portal\/investigaciones\/grupos-de-investigacion\/\">Grupos de Investigaci\u00f3n<\/a><\/li>\n<li><a href=\"\/portal\/investigaciones\/banco-de-proyectos\/\">Banco de Proyectos<\/a><\/li>\n<li><a href=\"\/portal\/investigaciones\/proyectos-de-cooperacion\/\">Proyectos de Cooperaci\u00f3n<\/a><\/li>\n<li><a href=\"\/portal\/investigaciones\/convocatorias\/\">Convocatorias<\/a><\/li>\n<li><a href=\"\/portal\/investigaciones\/lineamientos-direccion-central-de-investigaciones\/\">lineamientos<\/a><\/li>\n<\/ul>\n<\/div>\n","protected":false},"excerpt":{"rendered":"<p>Semilleros Los Semilleros de la Universidad Cat\u00f3lica de Colombia, son espacios de innovaci\u00f3n, dedicaci\u00f3n, ingenio y compromiso, donde toda la comunidad acad\u00e9mica puede participar en el desarrollo de los proyectos de investigaci\u00f3n de los profesores, hecho que permite a los participantes familiarizarse con las diferentes t\u00e9cnicas, metodolog\u00edas y procesos de la actividad investigativa. Integrar un [&hellip;]<\/p>\n","protected":false},"author":2,"featured_media":0,"parent":0,"menu_order":0,"comment_status":"closed","ping_status":"closed","template":"page-oldstyle.php","meta":{"_acf_changed":false,"advgb_blocks_editor_width":"","advgb_blocks_columns_visual_guide":"","footnotes":""},"class_list":["post-1152","page","type-page","status-publish","hentry"],"acf":[],"yoast_head":"<!-- This site is optimized with the Yoast SEO plugin v26.7 - https:\/\/yoast.com\/wordpress\/plugins\/seo\/ -->\n<title>Semilleros - Universidad Cat\u00f3lica De Colombia<\/title>\n<meta name=\"robots\" content=\"index, follow, max-snippet:-1, max-image-preview:large, max-video-preview:-1\" \/>\n<link rel=\"canonical\" href=\"https:\/\/www.ucatolica.edu.co\/portal\/semilleros-de-investigacion\/\" \/>\n<meta property=\"og:locale\" content=\"es_ES\" \/>\n<meta property=\"og:type\" content=\"article\" \/>\n<meta property=\"og:title\" content=\"Semilleros - Universidad Cat\u00f3lica De Colombia\" \/>\n<meta property=\"og:description\" content=\"Semilleros Los Semilleros de la Universidad Cat\u00f3lica de Colombia, son espacios de innovaci\u00f3n, dedicaci\u00f3n, ingenio y compromiso, donde toda la comunidad acad\u00e9mica puede participar en el desarrollo de los proyectos de investigaci\u00f3n de los profesores, hecho que permite a los participantes familiarizarse con las diferentes t\u00e9cnicas, metodolog\u00edas y procesos de la actividad investigativa. Integrar un [&hellip;]\" \/>\n<meta property=\"og:url\" content=\"https:\/\/www.ucatolica.edu.co\/portal\/semilleros-de-investigacion\/\" \/>\n<meta property=\"og:site_name\" content=\"Universidad Cat\u00f3lica De Colombia\" \/>\n<meta property=\"article:publisher\" content=\"https:\/\/www.facebook.com\/ucatolicacolombia\" \/>\n<meta property=\"article:modified_time\" content=\"2026-03-05T12:40:06+00:00\" \/>\n<meta name=\"twitter:card\" content=\"summary_large_image\" \/>\n<meta name=\"twitter:site\" content=\"@UCatolicaCol\" \/>\n<meta name=\"twitter:label1\" content=\"Tiempo de lectura\" \/>\n\t<meta name=\"twitter:data1\" content=\"4 minutos\" \/>\n<script type=\"application\/ld+json\" class=\"yoast-schema-graph\">{\"@context\":\"https:\/\/schema.org\",\"@graph\":[{\"@type\":\"WebPage\",\"@id\":\"https:\/\/www.ucatolica.edu.co\/portal\/semilleros-de-investigacion\/\",\"url\":\"https:\/\/www.ucatolica.edu.co\/portal\/semilleros-de-investigacion\/\",\"name\":\"Semilleros - Universidad Cat\u00f3lica De Colombia\",\"isPartOf\":{\"@id\":\"https:\/\/www.ucatolica.edu.co\/portal\/#website\"},\"datePublished\":\"2018-09-11T20:58:51+00:00\",\"dateModified\":\"2026-03-05T12:40:06+00:00\",\"breadcrumb\":{\"@id\":\"https:\/\/www.ucatolica.edu.co\/portal\/semilleros-de-investigacion\/#breadcrumb\"},\"inLanguage\":\"es-CO\",\"potentialAction\":[{\"@type\":\"ReadAction\",\"target\":[\"https:\/\/www.ucatolica.edu.co\/portal\/semilleros-de-investigacion\/\"]}]},{\"@type\":\"BreadcrumbList\",\"@id\":\"https:\/\/www.ucatolica.edu.co\/portal\/semilleros-de-investigacion\/#breadcrumb\",\"itemListElement\":[{\"@type\":\"ListItem\",\"position\":1,\"name\":\"Inicio\",\"item\":\"https:\/\/www.ucatolica.edu.co\/portal\/\"},{\"@type\":\"ListItem\",\"position\":2,\"name\":\"Semilleros\"}]},{\"@type\":\"WebSite\",\"@id\":\"https:\/\/www.ucatolica.edu.co\/portal\/#website\",\"url\":\"https:\/\/www.ucatolica.edu.co\/portal\/\",\"name\":\"Universidad Cat\u00f3lica De Colombia\",\"description\":\"Universidad Cat\u00f3lica De Colombia\",\"publisher\":{\"@id\":\"https:\/\/www.ucatolica.edu.co\/portal\/#organization\"},\"potentialAction\":[{\"@type\":\"SearchAction\",\"target\":{\"@type\":\"EntryPoint\",\"urlTemplate\":\"https:\/\/www.ucatolica.edu.co\/portal\/?s={search_term_string}\"},\"query-input\":{\"@type\":\"PropertyValueSpecification\",\"valueRequired\":true,\"valueName\":\"search_term_string\"}}],\"inLanguage\":\"es-CO\"},{\"@type\":\"Organization\",\"@id\":\"https:\/\/www.ucatolica.edu.co\/portal\/#organization\",\"name\":\"Universidad Cat\u00f3lica de Colombia\",\"url\":\"https:\/\/www.ucatolica.edu.co\/portal\/\",\"logo\":{\"@type\":\"ImageObject\",\"inLanguage\":\"es-CO\",\"@id\":\"https:\/\/www.ucatolica.edu.co\/portal\/#\/schema\/logo\/image\/\",\"url\":\"https:\/\/www.ucatolica.edu.co\/portal\/wp-content\/uploads\/2021\/06\/logo-header-ho-1.svg\",\"contentUrl\":\"https:\/\/www.ucatolica.edu.co\/portal\/wp-content\/uploads\/2021\/06\/logo-header-ho-1.svg\",\"width\":1,\"height\":1,\"caption\":\"Universidad Cat\u00f3lica de Colombia\"},\"image\":{\"@id\":\"https:\/\/www.ucatolica.edu.co\/portal\/#\/schema\/logo\/image\/\"},\"sameAs\":[\"https:\/\/www.facebook.com\/ucatolicacolombia\",\"https:\/\/x.com\/UCatolicaCol\",\"https:\/\/www.instagram.com\/universidadcatolicadecolombia\/\",\"https:\/\/www.linkedin.com\/company\/universidadcatolicadecolombia\/\",\"https:\/\/www.youtube.com\/user\/UCatolicaCo\"]}]}<\/script>\n<!-- \/ Yoast SEO plugin. -->","yoast_head_json":{"title":"Semilleros - Universidad Cat\u00f3lica De Colombia","robots":{"index":"index","follow":"follow","max-snippet":"max-snippet:-1","max-image-preview":"max-image-preview:large","max-video-preview":"max-video-preview:-1"},"canonical":"https:\/\/www.ucatolica.edu.co\/portal\/semilleros-de-investigacion\/","og_locale":"es_ES","og_type":"article","og_title":"Semilleros - Universidad Cat\u00f3lica De Colombia","og_description":"Semilleros Los Semilleros de la Universidad Cat\u00f3lica de Colombia, son espacios de innovaci\u00f3n, dedicaci\u00f3n, ingenio y compromiso, donde toda la comunidad acad\u00e9mica puede participar en el desarrollo de los proyectos de investigaci\u00f3n de los profesores, hecho que permite a los participantes familiarizarse con las diferentes t\u00e9cnicas, metodolog\u00edas y procesos de la actividad investigativa. Integrar un [&hellip;]","og_url":"https:\/\/www.ucatolica.edu.co\/portal\/semilleros-de-investigacion\/","og_site_name":"Universidad Cat\u00f3lica De Colombia","article_publisher":"https:\/\/www.facebook.com\/ucatolicacolombia","article_modified_time":"2026-03-05T12:40:06+00:00","twitter_card":"summary_large_image","twitter_site":"@UCatolicaCol","twitter_misc":{"Tiempo de lectura":"4 minutos"},"schema":{"@context":"https:\/\/schema.org","@graph":[{"@type":"WebPage","@id":"https:\/\/www.ucatolica.edu.co\/portal\/semilleros-de-investigacion\/","url":"https:\/\/www.ucatolica.edu.co\/portal\/semilleros-de-investigacion\/","name":"Semilleros - Universidad Cat\u00f3lica De Colombia","isPartOf":{"@id":"https:\/\/www.ucatolica.edu.co\/portal\/#website"},"datePublished":"2018-09-11T20:58:51+00:00","dateModified":"2026-03-05T12:40:06+00:00","breadcrumb":{"@id":"https:\/\/www.ucatolica.edu.co\/portal\/semilleros-de-investigacion\/#breadcrumb"},"inLanguage":"es-CO","potentialAction":[{"@type":"ReadAction","target":["https:\/\/www.ucatolica.edu.co\/portal\/semilleros-de-investigacion\/"]}]},{"@type":"BreadcrumbList","@id":"https:\/\/www.ucatolica.edu.co\/portal\/semilleros-de-investigacion\/#breadcrumb","itemListElement":[{"@type":"ListItem","position":1,"name":"Inicio","item":"https:\/\/www.ucatolica.edu.co\/portal\/"},{"@type":"ListItem","position":2,"name":"Semilleros"}]},{"@type":"WebSite","@id":"https:\/\/www.ucatolica.edu.co\/portal\/#website","url":"https:\/\/www.ucatolica.edu.co\/portal\/","name":"Universidad Cat\u00f3lica De Colombia","description":"Universidad Cat\u00f3lica De Colombia","publisher":{"@id":"https:\/\/www.ucatolica.edu.co\/portal\/#organization"},"potentialAction":[{"@type":"SearchAction","target":{"@type":"EntryPoint","urlTemplate":"https:\/\/www.ucatolica.edu.co\/portal\/?s={search_term_string}"},"query-input":{"@type":"PropertyValueSpecification","valueRequired":true,"valueName":"search_term_string"}}],"inLanguage":"es-CO"},{"@type":"Organization","@id":"https:\/\/www.ucatolica.edu.co\/portal\/#organization","name":"Universidad Cat\u00f3lica de Colombia","url":"https:\/\/www.ucatolica.edu.co\/portal\/","logo":{"@type":"ImageObject","inLanguage":"es-CO","@id":"https:\/\/www.ucatolica.edu.co\/portal\/#\/schema\/logo\/image\/","url":"https:\/\/www.ucatolica.edu.co\/portal\/wp-content\/uploads\/2021\/06\/logo-header-ho-1.svg","contentUrl":"https:\/\/www.ucatolica.edu.co\/portal\/wp-content\/uploads\/2021\/06\/logo-header-ho-1.svg","width":1,"height":1,"caption":"Universidad Cat\u00f3lica de Colombia"},"image":{"@id":"https:\/\/www.ucatolica.edu.co\/portal\/#\/schema\/logo\/image\/"},"sameAs":["https:\/\/www.facebook.com\/ucatolicacolombia","https:\/\/x.com\/UCatolicaCol","https:\/\/www.instagram.com\/universidadcatolicadecolombia\/","https:\/\/www.linkedin.com\/company\/universidadcatolicadecolombia\/","https:\/\/www.youtube.com\/user\/UCatolicaCo"]}]}},"coauthors":[],"author_meta":{"author_link":"https:\/\/www.ucatolica.edu.co\/portal\/author\/carrnall\/","display_name":"Carlos Zea"},"relative_dates":{"created":"Posted 8 a\u00f1os ago","modified":"Updated 1 mes ago"},"absolute_dates":{"created":"Posted on 11 septiembre, 2018","modified":"Updated on 5 marzo, 2026"},"absolute_dates_time":{"created":"Posted on 11 septiembre, 2018 3:58 pm","modified":"Updated on 5 marzo, 2026 7:40 am"},"featured_img_caption":"","featured_img":false,"series_order":"","_links":{"self":[{"href":"https:\/\/www.ucatolica.edu.co\/portal\/wp-json\/wp\/v2\/pages\/1152","targetHints":{"allow":["GET"]}}],"collection":[{"href":"https:\/\/www.ucatolica.edu.co\/portal\/wp-json\/wp\/v2\/pages"}],"about":[{"href":"https:\/\/www.ucatolica.edu.co\/portal\/wp-json\/wp\/v2\/types\/page"}],"author":[{"embeddable":true,"href":"https:\/\/www.ucatolica.edu.co\/portal\/wp-json\/wp\/v2\/users\/2"}],"replies":[{"embeddable":true,"href":"https:\/\/www.ucatolica.edu.co\/portal\/wp-json\/wp\/v2\/comments?post=1152"}],"version-history":[{"count":16,"href":"https:\/\/www.ucatolica.edu.co\/portal\/wp-json\/wp\/v2\/pages\/1152\/revisions"}],"predecessor-version":[{"id":130518,"href":"https:\/\/www.ucatolica.edu.co\/portal\/wp-json\/wp\/v2\/pages\/1152\/revisions\/130518"}],"wp:attachment":[{"href":"https:\/\/www.ucatolica.edu.co\/portal\/wp-json\/wp\/v2\/media?parent=1152"}],"curies":[{"name":"wp","href":"https:\/\/api.w.org\/{rel}","templated":true}]}}