{"id":150,"date":"2018-08-17T16:01:41","date_gmt":"2018-08-17T16:01:41","guid":{"rendered":"http:\/\/localhost:8888\/portal\/?page_id=150"},"modified":"2018-08-17T16:01:41","modified_gmt":"2018-08-17T16:01:41","slug":"universidad-en-cifras-old","status":"publish","type":"page","link":"https:\/\/www.ucatolica.edu.co\/portal\/nuestra-universidad\/universidad-en-cifras-old\/","title":{"rendered":"Universidad en Cifras &#8211; Old"},"content":{"rendered":"<h2>Universidad en Cifras<\/h2>\n<p>&nbsp;<br \/>\nA continuaci\u00f3n se presenta las cifras estad\u00edsticas m\u00e1s relevantes en la gesti\u00f3n acad\u00e9mica para el corte del 31 de diciembre de 2020. Lo invitamos a conocerlas, si requiere alguna aclaraci\u00f3n o profundizaci\u00f3n por favor comunicarse a la extensi\u00f3n 1354.<\/p>\n<h3><b>N\u00famero de programas acad\u00e9micos por nivel de formaci\u00f3n<\/b><\/h3>\n<table class=\"table table-striped\" style=\"width: 263px;\">\n<tbody>\n<tr>\n<td style=\"width: 226px;\">Pregrados<\/td>\n<td style=\"width: 21px;\">9<\/td>\n<\/tr>\n<tr>\n<td style=\"width: 226px;\">Especializaciones<\/td>\n<td style=\"width: 21px;\">18<\/td>\n<\/tr>\n<tr>\n<td style=\"width: 226px;\">Maestr\u00edas<\/td>\n<td style=\"width: 21px;\">5<\/td>\n<\/tr>\n<tr>\n<td style=\"width: 226px;\">Doctorado<\/td>\n<td style=\"width: 21px;\">2<\/td>\n<\/tr>\n<tr>\n<td style=\"width: 226px;\"><strong>Total programas acad\u00e9micos<\/strong><\/td>\n<td style=\"width: 21px;\"><strong>34<\/strong><\/td>\n<\/tr>\n<\/tbody>\n<\/table>\n<h3><b>Reconocimiento Internacional<\/b><\/h3>\n<table class=\"table table-striped\">\n<tbody>\n<tr>\n<td>Certificaci\u00f3n internacional del Royal Institute of British Architects (RIBA), vigente al 2021 &#8211; Programa de Arquitectura<\/td>\n<\/tr>\n<\/tbody>\n<\/table>\n<h3><b>Poblaci\u00f3n<\/b><\/h3>\n<table class=\"table table-striped\">\n<thead>\n<tr>\n<th>Nivel de Formaci\u00f3n<\/th>\n<th>Matriculados<\/th>\n<\/tr>\n<\/thead>\n<tbody>\n<tr>\n<td>Universitario<\/td>\n<td>7801<\/td>\n<\/tr>\n<tr>\n<td>Especializaci\u00f3n<\/td>\n<td>1.771<\/td>\n<\/tr>\n<tr>\n<td>Maestr\u00eda<\/td>\n<td>111<\/td>\n<\/tr>\n<tr>\n<td>Doctorado<\/td>\n<td>20<\/td>\n<\/tr>\n<tr>\n<td><strong>Total Universidad<\/strong><\/td>\n<td><strong>9703<\/strong><\/td>\n<\/tr>\n<\/tbody>\n<\/table>\n<table class=\"table table-striped\" style=\"height: 92px;\" width=\"285\">\n<thead>\n<tr>\n<th>Nivel Acad\u00e9mico.<\/th>\n<th>Matriculados<\/th>\n<\/tr>\n<\/thead>\n<tbody>\n<tr>\n<td>Pregrado<\/td>\n<td>7.801<\/td>\n<\/tr>\n<tr>\n<td>Posgrado<\/td>\n<td>1.902<\/td>\n<\/tr>\n<\/tbody>\n<\/table>\n<p class=\"note\">Fuente: SNIES Per\u00edodo 2020-2. Consultado 22 de febrero de 2021<\/p>\n<h3><b>Medios Educativos e Infraestructura f\u00edsica<\/b><\/h3>\n<table class=\"table table-striped\">\n<tbody>\n<tr>\n<td>Computadores en Laboratorios para clases o pr\u00e1ctica libre<\/td>\n<td>675<\/td>\n<\/tr>\n<tr>\n<td>Computadores en Salones para clases Sede 4<\/td>\n<td>60<\/td>\n<\/tr>\n<tr>\n<td>Port\u00e1tiles de Audiovisuales para pr\u00e9stamos a Profesor<\/td>\n<td>100<\/td>\n<\/tr>\n<tr>\n<td>Total equipos para uso acad\u00e9mico<\/td>\n<td>835<\/td>\n<\/tr>\n<tr>\n<td>\u00c1rea del campus con\u00a0cobertura\u00a0\u00a0Wifi<\/td>\n<td>90%<\/td>\n<\/tr>\n<tr>\n<td>N\u00famero de vol\u00famenes f\u00edsicos en biblioteca<\/td>\n<td>65.526<\/td>\n<\/tr>\n<tr>\n<td>N\u00famero de vol\u00famenes Digitales<\/td>\n<td>99.937<\/td>\n<\/tr>\n<tr>\n<td>N\u00famero de bases de datos electr\u00f3nicas<\/td>\n<td>78<\/td>\n<\/tr>\n<\/tbody>\n<\/table>\n<div id=\"accordion\" class=\"panel-group\">\n<div class=\"panel panel-default\">\n<div id=\"headingCinco\" class=\"panel-heading\">\n<h3 class=\"panel-title\"><a class=\"collapsed\" href=\"#collapseCinco\" data-toggle=\"collapse\" data-parent=\"#accordion\">Grupos de Investigaci\u00f3n<\/a><\/h3>\n<\/div>\n<div id=\"collapseCinco\" class=\"panel-collapse collapse\">\n<div class=\"panel-body\">\n<h3>N\u00famero de grupos de Investigaci\u00f3n por Categor\u00eda<\/h3>\n<table class=\"table table-striped\">\n<tbody>\n<tr>\n<td>Grupos en Categor\u00eda A1<\/td>\n<td>1<\/td>\n<\/tr>\n<tr>\n<td>Grupos en Categor\u00eda A<\/td>\n<td>5<\/td>\n<\/tr>\n<tr>\n<td>Grupos en Categor\u00eda B<\/td>\n<td>6<\/td>\n<\/tr>\n<tr>\n<td>Grupos en Categor\u00eda C<\/td>\n<td>5<\/td>\n<\/tr>\n<tr>\n<td><strong>Total grupos de Investigaci\u00f3n registrados en Colciencias<\/strong><\/td>\n<td><strong>17<\/strong><\/td>\n<\/tr>\n<\/tbody>\n<\/table>\n<\/div>\n<\/div>\n<\/div>\n<\/div>\n<p><!-- CONTENEDOR DOS PARA SIDEBAR --><\/p>\n<div id=\"contenido-dos\">\n<h2>Profesor<\/h2>\n<h3>Profesores por m\u00e1ximo nivel de estudio<\/h3>\n<p><a href=\"\/portal\/wp-content\/uploads\/2018\/09\/docentes-estudio-1024x616.png\" target=\"_blank\" rel=\"noopener\"><img decoding=\"async\" style=\"width: 260px; height: auto;\" src=\"https:\/\/www.ucatolica.edu.co\/portal\/wp-content\/uploads\/2018\/09\/docentes-estudio-1024x616.png\" alt=\"Profesores por estudio\" \/><\/a><\/p>\n<h3>Por dedicaci\u00f3n<\/h3>\n<p><a href=\"\/portal\/wp-content\/uploads\/2018\/09\/docentes-dedicacion-1024x616.png\" target=\"_blank\" rel=\"noopener\"><img decoding=\"async\" style=\"width: 260px; height: auto;\" src=\"https:\/\/www.ucatolica.edu.co\/portal\/wp-content\/uploads\/2018\/09\/docentes-dedicacion-1024x616.png\" alt=\"Profesores por dedicaci\u00f3n\" \/><\/a><\/p>\n<h2>Accesos de Inter\u00e9s<\/h2>\n<ul>\n<li><a href=\"\/portal\/nuestra-universidad\/ucatolica-tv\/\">Ucatolica Tv<\/a><\/li>\n<li><a href=\"\/portal\/nuestra-universidad\/informacion-institucional\/\">Informaci\u00f3n Institucional<\/a><\/li>\n<li><a href=\"\/portal\/nuestra-universidad\/plan-de-desarrollo\/\">Plan de Desarrollo<\/a><\/li>\n<li><a href=\"\/portal\/nuestra-universidad\/autoevaluacion\/\">Autoevaluaci\u00f3n<\/a><\/li>\n<li><a href=\"\/portal\/nuestra-universidad\/universidad-en-cifras\/\">Universidad en Cifras<\/a><\/li>\n<li><a href=\"\/portal\/nuestra-universidad\/glosario-institucional\/\">Glosario Institucional<\/a><\/li>\n<li><a href=\"\/portal\/nuestra-universidad\/contactos-y-ubicaciones\/\">Contactos y Ubicaciones<\/a><\/li>\n<\/ul>\n<\/div>\n","protected":false},"excerpt":{"rendered":"<p>Universidad en Cifras &nbsp; A continuaci\u00f3n se presenta las cifras estad\u00edsticas m\u00e1s relevantes en la gesti\u00f3n acad\u00e9mica para el corte del 31 de diciembre de 2020. Lo invitamos a conocerlas, si requiere alguna aclaraci\u00f3n o profundizaci\u00f3n por favor comunicarse a la extensi\u00f3n 1354. N\u00famero de programas acad\u00e9micos por nivel de formaci\u00f3n Pregrados 9 Especializaciones 18 [&hellip;]<\/p>\n","protected":false},"author":2,"featured_media":0,"parent":140,"menu_order":0,"comment_status":"closed","ping_status":"closed","template":"page-oldstyle.php","meta":{"_acf_changed":false,"advgb_blocks_editor_width":"","advgb_blocks_columns_visual_guide":"","footnotes":""},"class_list":["post-150","page","type-page","status-publish","hentry"],"acf":[],"yoast_head":"<!-- This site is optimized with the Yoast SEO plugin v26.7 - https:\/\/yoast.com\/wordpress\/plugins\/seo\/ -->\n<title>Universidad en Cifras - Old - Universidad Cat\u00f3lica De Colombia<\/title>\n<meta name=\"robots\" content=\"index, follow, max-snippet:-1, max-image-preview:large, max-video-preview:-1\" \/>\n<link rel=\"canonical\" href=\"https:\/\/www.ucatolica.edu.co\/portal\/nuestra-universidad\/universidad-en-cifras-old\/\" \/>\n<meta property=\"og:locale\" content=\"es_ES\" \/>\n<meta property=\"og:type\" content=\"article\" \/>\n<meta property=\"og:title\" content=\"Universidad en Cifras - Old - Universidad Cat\u00f3lica De Colombia\" \/>\n<meta property=\"og:description\" content=\"Universidad en Cifras &nbsp; A continuaci\u00f3n se presenta las cifras estad\u00edsticas m\u00e1s relevantes en la gesti\u00f3n acad\u00e9mica para el corte del 31 de diciembre de 2020. Lo invitamos a conocerlas, si requiere alguna aclaraci\u00f3n o profundizaci\u00f3n por favor comunicarse a la extensi\u00f3n 1354. N\u00famero de programas acad\u00e9micos por nivel de formaci\u00f3n Pregrados 9 Especializaciones 18 [&hellip;]\" \/>\n<meta property=\"og:url\" content=\"https:\/\/www.ucatolica.edu.co\/portal\/nuestra-universidad\/universidad-en-cifras-old\/\" \/>\n<meta property=\"og:site_name\" content=\"Universidad Cat\u00f3lica De Colombia\" \/>\n<meta property=\"article:publisher\" content=\"https:\/\/www.facebook.com\/ucatolicacolombia\" \/>\n<meta property=\"og:image\" content=\"https:\/\/www.ucatolica.edu.co\/portal\/wp-content\/uploads\/2018\/09\/docentes-estudio-1024x616.png\" \/>\n<meta name=\"twitter:card\" content=\"summary_large_image\" \/>\n<meta name=\"twitter:site\" content=\"@UCatolicaCol\" \/>\n<meta name=\"twitter:label1\" content=\"Tiempo de lectura\" \/>\n\t<meta name=\"twitter:data1\" content=\"1 minuto\" \/>\n<script type=\"application\/ld+json\" class=\"yoast-schema-graph\">{\"@context\":\"https:\/\/schema.org\",\"@graph\":[{\"@type\":\"WebPage\",\"@id\":\"https:\/\/www.ucatolica.edu.co\/portal\/nuestra-universidad\/universidad-en-cifras-old\/\",\"url\":\"https:\/\/www.ucatolica.edu.co\/portal\/nuestra-universidad\/universidad-en-cifras-old\/\",\"name\":\"Universidad en Cifras - Old - Universidad Cat\u00f3lica De Colombia\",\"isPartOf\":{\"@id\":\"https:\/\/www.ucatolica.edu.co\/portal\/#website\"},\"primaryImageOfPage\":{\"@id\":\"https:\/\/www.ucatolica.edu.co\/portal\/nuestra-universidad\/universidad-en-cifras-old\/#primaryimage\"},\"image\":{\"@id\":\"https:\/\/www.ucatolica.edu.co\/portal\/nuestra-universidad\/universidad-en-cifras-old\/#primaryimage\"},\"thumbnailUrl\":\"https:\/\/www.ucatolica.edu.co\/portal\/wp-content\/uploads\/2018\/09\/docentes-estudio-1024x616.png\",\"datePublished\":\"2018-08-17T16:01:41+00:00\",\"breadcrumb\":{\"@id\":\"https:\/\/www.ucatolica.edu.co\/portal\/nuestra-universidad\/universidad-en-cifras-old\/#breadcrumb\"},\"inLanguage\":\"es-CO\",\"potentialAction\":[{\"@type\":\"ReadAction\",\"target\":[\"https:\/\/www.ucatolica.edu.co\/portal\/nuestra-universidad\/universidad-en-cifras-old\/\"]}]},{\"@type\":\"ImageObject\",\"inLanguage\":\"es-CO\",\"@id\":\"https:\/\/www.ucatolica.edu.co\/portal\/nuestra-universidad\/universidad-en-cifras-old\/#primaryimage\",\"url\":\"https:\/\/www.ucatolica.edu.co\/portal\/wp-content\/uploads\/2018\/09\/docentes-estudio-1024x616.png\",\"contentUrl\":\"https:\/\/www.ucatolica.edu.co\/portal\/wp-content\/uploads\/2018\/09\/docentes-estudio-1024x616.png\"},{\"@type\":\"BreadcrumbList\",\"@id\":\"https:\/\/www.ucatolica.edu.co\/portal\/nuestra-universidad\/universidad-en-cifras-old\/#breadcrumb\",\"itemListElement\":[{\"@type\":\"ListItem\",\"position\":1,\"name\":\"Inicio\",\"item\":\"https:\/\/www.ucatolica.edu.co\/portal\/\"},{\"@type\":\"ListItem\",\"position\":2,\"name\":\"Nuestra Universidad\",\"item\":\"https:\/\/www.ucatolica.edu.co\/portal\/nuestra-universidad\/\"},{\"@type\":\"ListItem\",\"position\":3,\"name\":\"Universidad en Cifras &#8211; Old\"}]},{\"@type\":\"WebSite\",\"@id\":\"https:\/\/www.ucatolica.edu.co\/portal\/#website\",\"url\":\"https:\/\/www.ucatolica.edu.co\/portal\/\",\"name\":\"Universidad Cat\u00f3lica De Colombia\",\"description\":\"Universidad Cat\u00f3lica De Colombia\",\"publisher\":{\"@id\":\"https:\/\/www.ucatolica.edu.co\/portal\/#organization\"},\"potentialAction\":[{\"@type\":\"SearchAction\",\"target\":{\"@type\":\"EntryPoint\",\"urlTemplate\":\"https:\/\/www.ucatolica.edu.co\/portal\/?s={search_term_string}\"},\"query-input\":{\"@type\":\"PropertyValueSpecification\",\"valueRequired\":true,\"valueName\":\"search_term_string\"}}],\"inLanguage\":\"es-CO\"},{\"@type\":\"Organization\",\"@id\":\"https:\/\/www.ucatolica.edu.co\/portal\/#organization\",\"name\":\"Universidad Cat\u00f3lica de Colombia\",\"url\":\"https:\/\/www.ucatolica.edu.co\/portal\/\",\"logo\":{\"@type\":\"ImageObject\",\"inLanguage\":\"es-CO\",\"@id\":\"https:\/\/www.ucatolica.edu.co\/portal\/#\/schema\/logo\/image\/\",\"url\":\"https:\/\/www.ucatolica.edu.co\/portal\/wp-content\/uploads\/2021\/06\/logo-header-ho-1.svg\",\"contentUrl\":\"https:\/\/www.ucatolica.edu.co\/portal\/wp-content\/uploads\/2021\/06\/logo-header-ho-1.svg\",\"width\":1,\"height\":1,\"caption\":\"Universidad Cat\u00f3lica de Colombia\"},\"image\":{\"@id\":\"https:\/\/www.ucatolica.edu.co\/portal\/#\/schema\/logo\/image\/\"},\"sameAs\":[\"https:\/\/www.facebook.com\/ucatolicacolombia\",\"https:\/\/x.com\/UCatolicaCol\",\"https:\/\/www.instagram.com\/universidadcatolicadecolombia\/\",\"https:\/\/www.linkedin.com\/company\/universidadcatolicadecolombia\/\",\"https:\/\/www.youtube.com\/user\/UCatolicaCo\"]}]}<\/script>\n<!-- \/ Yoast SEO plugin. -->","yoast_head_json":{"title":"Universidad en Cifras - Old - Universidad Cat\u00f3lica De Colombia","robots":{"index":"index","follow":"follow","max-snippet":"max-snippet:-1","max-image-preview":"max-image-preview:large","max-video-preview":"max-video-preview:-1"},"canonical":"https:\/\/www.ucatolica.edu.co\/portal\/nuestra-universidad\/universidad-en-cifras-old\/","og_locale":"es_ES","og_type":"article","og_title":"Universidad en Cifras - Old - Universidad Cat\u00f3lica De Colombia","og_description":"Universidad en Cifras &nbsp; A continuaci\u00f3n se presenta las cifras estad\u00edsticas m\u00e1s relevantes en la gesti\u00f3n acad\u00e9mica para el corte del 31 de diciembre de 2020. Lo invitamos a conocerlas, si requiere alguna aclaraci\u00f3n o profundizaci\u00f3n por favor comunicarse a la extensi\u00f3n 1354. N\u00famero de programas acad\u00e9micos por nivel de formaci\u00f3n Pregrados 9 Especializaciones 18 [&hellip;]","og_url":"https:\/\/www.ucatolica.edu.co\/portal\/nuestra-universidad\/universidad-en-cifras-old\/","og_site_name":"Universidad Cat\u00f3lica De Colombia","article_publisher":"https:\/\/www.facebook.com\/ucatolicacolombia","og_image":[{"url":"https:\/\/www.ucatolica.edu.co\/portal\/wp-content\/uploads\/2018\/09\/docentes-estudio-1024x616.png","type":"","width":"","height":""}],"twitter_card":"summary_large_image","twitter_site":"@UCatolicaCol","twitter_misc":{"Tiempo de lectura":"1 minuto"},"schema":{"@context":"https:\/\/schema.org","@graph":[{"@type":"WebPage","@id":"https:\/\/www.ucatolica.edu.co\/portal\/nuestra-universidad\/universidad-en-cifras-old\/","url":"https:\/\/www.ucatolica.edu.co\/portal\/nuestra-universidad\/universidad-en-cifras-old\/","name":"Universidad en Cifras - Old - Universidad Cat\u00f3lica De Colombia","isPartOf":{"@id":"https:\/\/www.ucatolica.edu.co\/portal\/#website"},"primaryImageOfPage":{"@id":"https:\/\/www.ucatolica.edu.co\/portal\/nuestra-universidad\/universidad-en-cifras-old\/#primaryimage"},"image":{"@id":"https:\/\/www.ucatolica.edu.co\/portal\/nuestra-universidad\/universidad-en-cifras-old\/#primaryimage"},"thumbnailUrl":"https:\/\/www.ucatolica.edu.co\/portal\/wp-content\/uploads\/2018\/09\/docentes-estudio-1024x616.png","datePublished":"2018-08-17T16:01:41+00:00","breadcrumb":{"@id":"https:\/\/www.ucatolica.edu.co\/portal\/nuestra-universidad\/universidad-en-cifras-old\/#breadcrumb"},"inLanguage":"es-CO","potentialAction":[{"@type":"ReadAction","target":["https:\/\/www.ucatolica.edu.co\/portal\/nuestra-universidad\/universidad-en-cifras-old\/"]}]},{"@type":"ImageObject","inLanguage":"es-CO","@id":"https:\/\/www.ucatolica.edu.co\/portal\/nuestra-universidad\/universidad-en-cifras-old\/#primaryimage","url":"https:\/\/www.ucatolica.edu.co\/portal\/wp-content\/uploads\/2018\/09\/docentes-estudio-1024x616.png","contentUrl":"https:\/\/www.ucatolica.edu.co\/portal\/wp-content\/uploads\/2018\/09\/docentes-estudio-1024x616.png"},{"@type":"BreadcrumbList","@id":"https:\/\/www.ucatolica.edu.co\/portal\/nuestra-universidad\/universidad-en-cifras-old\/#breadcrumb","itemListElement":[{"@type":"ListItem","position":1,"name":"Inicio","item":"https:\/\/www.ucatolica.edu.co\/portal\/"},{"@type":"ListItem","position":2,"name":"Nuestra Universidad","item":"https:\/\/www.ucatolica.edu.co\/portal\/nuestra-universidad\/"},{"@type":"ListItem","position":3,"name":"Universidad en Cifras &#8211; Old"}]},{"@type":"WebSite","@id":"https:\/\/www.ucatolica.edu.co\/portal\/#website","url":"https:\/\/www.ucatolica.edu.co\/portal\/","name":"Universidad Cat\u00f3lica De Colombia","description":"Universidad Cat\u00f3lica De Colombia","publisher":{"@id":"https:\/\/www.ucatolica.edu.co\/portal\/#organization"},"potentialAction":[{"@type":"SearchAction","target":{"@type":"EntryPoint","urlTemplate":"https:\/\/www.ucatolica.edu.co\/portal\/?s={search_term_string}"},"query-input":{"@type":"PropertyValueSpecification","valueRequired":true,"valueName":"search_term_string"}}],"inLanguage":"es-CO"},{"@type":"Organization","@id":"https:\/\/www.ucatolica.edu.co\/portal\/#organization","name":"Universidad Cat\u00f3lica de Colombia","url":"https:\/\/www.ucatolica.edu.co\/portal\/","logo":{"@type":"ImageObject","inLanguage":"es-CO","@id":"https:\/\/www.ucatolica.edu.co\/portal\/#\/schema\/logo\/image\/","url":"https:\/\/www.ucatolica.edu.co\/portal\/wp-content\/uploads\/2021\/06\/logo-header-ho-1.svg","contentUrl":"https:\/\/www.ucatolica.edu.co\/portal\/wp-content\/uploads\/2021\/06\/logo-header-ho-1.svg","width":1,"height":1,"caption":"Universidad Cat\u00f3lica de Colombia"},"image":{"@id":"https:\/\/www.ucatolica.edu.co\/portal\/#\/schema\/logo\/image\/"},"sameAs":["https:\/\/www.facebook.com\/ucatolicacolombia","https:\/\/x.com\/UCatolicaCol","https:\/\/www.instagram.com\/universidadcatolicadecolombia\/","https:\/\/www.linkedin.com\/company\/universidadcatolicadecolombia\/","https:\/\/www.youtube.com\/user\/UCatolicaCo"]}]}},"coauthors":[],"author_meta":{"author_link":"https:\/\/www.ucatolica.edu.co\/portal\/author\/carrnall\/","display_name":"Carlos Zea"},"relative_dates":{"created":"Posted 8 a\u00f1os ago","modified":"Updated 8 a\u00f1os ago"},"absolute_dates":{"created":"Posted on 17 agosto, 2018","modified":"Updated on 17 agosto, 2018"},"absolute_dates_time":{"created":"Posted on 17 agosto, 2018 4:01 pm","modified":"Updated on 17 agosto, 2018 4:01 pm"},"featured_img_caption":"","featured_img":false,"series_order":"","_links":{"self":[{"href":"https:\/\/www.ucatolica.edu.co\/portal\/wp-json\/wp\/v2\/pages\/150","targetHints":{"allow":["GET"]}}],"collection":[{"href":"https:\/\/www.ucatolica.edu.co\/portal\/wp-json\/wp\/v2\/pages"}],"about":[{"href":"https:\/\/www.ucatolica.edu.co\/portal\/wp-json\/wp\/v2\/types\/page"}],"author":[{"embeddable":true,"href":"https:\/\/www.ucatolica.edu.co\/portal\/wp-json\/wp\/v2\/users\/2"}],"replies":[{"embeddable":true,"href":"https:\/\/www.ucatolica.edu.co\/portal\/wp-json\/wp\/v2\/comments?post=150"}],"version-history":[{"count":0,"href":"https:\/\/www.ucatolica.edu.co\/portal\/wp-json\/wp\/v2\/pages\/150\/revisions"}],"up":[{"embeddable":true,"href":"https:\/\/www.ucatolica.edu.co\/portal\/wp-json\/wp\/v2\/pages\/140"}],"wp:attachment":[{"href":"https:\/\/www.ucatolica.edu.co\/portal\/wp-json\/wp\/v2\/media?parent=150"}],"curies":[{"name":"wp","href":"https:\/\/api.w.org\/{rel}","templated":true}]}}