{"id":1566,"date":"2018-10-02T09:39:18","date_gmt":"2018-10-02T14:39:18","guid":{"rendered":"http:\/\/localhost:8888\/portal\/?page_id=1566"},"modified":"2022-06-19T11:53:15","modified_gmt":"2022-06-19T16:53:15","slug":"philosophia-personae","status":"publish","type":"page","link":"https:\/\/www.ucatolica.edu.co\/portal\/philosophia-personae\/","title":{"rendered":"Philosophia Personae"},"content":{"rendered":"<h2>Philosophia Personae<\/h2>\n<p><em>Grupo de Investigaci\u00f3n<\/em><br \/>\n<em>Categor\u00eda Colciencias C<\/em><br \/>\n<em><a href=\"https:\/\/scienti.minciencias.gov.co\/gruplac\/jsp\/visualiza\/visualizagr.jsp?nro=00000000009181\" target=\"_blank\" rel=\"noopener\">GrupLAC<\/a><br \/>\n<\/em><strong><span lang=\"ES-CO\"><a href=\"mailto:investigahumanidades@ucatolica.edu.co\" target=\"_blank\" rel=\"noopener\">investigahumanidades@<wbr>ucatolica.edu.co<\/a><\/span><\/strong><\/p>\n<p>E<b>l<\/b><span style=\"font-weight: 400;\"> Departamento de Humanidades de la Universidad Cat\u00f3lica de Colombia cuenta con el grupo de investigaci\u00f3n <\/span><i><span style=\"font-weight: 400;\">Philosophia Personae<\/span><\/i><span style=\"font-weight: 400;\">, que tiene como plan de trabajo, elaborar Proyectos de Investigaci\u00f3n que estudien el sentido y la dignidad del ser humano desde la perspectiva filos\u00f3fica para el conocimiento m\u00e1s profundo del ser personal y sus manifestaciones.<\/span><\/p>\n<p><b>Objetivos del grupo:<\/b><\/p>\n<ul>\n<li style=\"font-weight: 400;\" aria-level=\"1\"><span style=\"font-weight: 400;\">Reflexionar en torno a qui\u00e9n es el ser humano y c\u00f3mo se manifiesta, teniendo en cuenta tres aspectos fundamentales: el intelectual, el moral y el est\u00e9tico; aspectos que se hallan entrecruzados, a su vez, por la dimensi\u00f3n religiosa.<\/span><\/li>\n<li style=\"font-weight: 400;\" aria-level=\"1\"><span style=\"font-weight: 400;\">Tener en cuenta no solamente el ser individual de la persona, sino tambi\u00e9n su \u00edndole de ser abierto desde su intimidad co-existente con Dios, con los otros seres personales y con el cosmos.<\/span><\/li>\n<li style=\"font-weight: 400;\" aria-level=\"1\"><span style=\"font-weight: 400;\">Tomar como referente \u00faltimo de nuestras investigaciones la dignidad de la persona, con el prop\u00f3sito de hacerla comprender y valorar, examin\u00e1ndola en toda su riqueza y complejidad.<\/span><\/li>\n<\/ul>\n<h3>L\u00edneas de investigaci\u00f3n<\/h3>\n<div id=\"accordion\" class=\"panel-group\">\n<div class=\"panel panel-default\">\n<div id=\"heading1\" class=\"panel-heading\">\n<h4 class=\"panel-title\"><a href=\"#collapse1\" data-toggle=\"collapse\" data-parent=\"#accordion\">Antropolog\u00eda filos\u00f3fica<\/a><\/h4>\n<\/div>\n<div id=\"collapse1\" class=\"panel-collapse collapse\">\n<div class=\"panel-body\"><b>Objetivo de la L\u00ednea:<\/b><\/p>\n<p><span style=\"font-weight: 400;\">Recobrar la reflexi\u00f3n ontol\u00f3gica sobre la persona, ya sea atendiendo a su concepto netamente filos\u00f3fico o bien a las ampl\u00edas y sugerentes referencias teol\u00f3gico-filos\u00f3ficas de la historia del pensamiento occidental.<\/span><\/p>\n<p><span style=\"font-weight: 400;\">Analizar el problema de las relaciones de dependencia rec\u00edproca entre las personas con su medio social (cultura, pol\u00edtica, econom\u00eda, sociedad, historia, ciencia y tecnolog\u00eda) y con su medio ambiente natural (ecolog\u00eda: desarrollo sostenible), por lo que otras formas de abordar a la persona ser\u00e1n: las determinaciones mutuas entre persona y los desaf\u00edos \u00e9ticos y pol\u00edticos de nuestro tiempo, el an\u00e1lisis hist\u00f3rico del concepto de persona, de las visiones de mundo y la incidencia que \u00e9stos marcaban en el desarrollo de la persona misma y las relaciones cada vez m\u00e1s comunes pero al tiempo m\u00e1s complejas entre persona, econom\u00eda mundial y desarrollo de ciencia y tecnolog\u00eda.<\/span><\/p>\n<p><span style=\"font-weight: 400;\">Explorar las m\u00faltiples posibilidades de entender a la persona humana como portadora y provocadora de belleza.<\/span><\/p>\n<p><b>Logros de la L\u00ednea:<\/b><\/p>\n<p><span style=\"font-weight: 400;\">La sensibilidad Las investigaciones que se lleven a cabo en el marco de esta \u00e1rea, adem\u00e1s de contribuir a enriquecer la labor de investigaci\u00f3n propia de la Universidad, podr\u00e1n ofrecer un aporte muy significativo para el desarrollo y consolidaci\u00f3n de la docencia. No se puede olvidar el significado fundamental que tiene, para la formaci\u00f3n de la persona, el desarrollo de sus capacidades para percibir lo bello.<\/span><\/p>\n<p><b>Efectos de la L\u00ednea:<\/b><\/p>\n<p><span style=\"font-weight: 400;\">El problema central del grupo es la reflexi\u00f3n sobre la persona humana en la diversidad de fen\u00f3menos que la afectan y que son afectados por ella. Por tanto, tal preocupaci\u00f3n, que se ha planteado en la formulaci\u00f3n de la Misi\u00f3n de la Universidad Cat\u00f3lica de Colombia -b\u00e1lsamo te\u00f3rico y conceptual del cual se alimenta este proyecto investigativo- ha sido asumida por los seminarios de formaci\u00f3n human\u00edstica de la universidad, desarrollados por el Departamento de humanidades<\/span><span style=\"color: initial; font-family: -apple-system, BlinkMacSystemFont, 'Segoe UI', Roboto, Oxygen-Sans, Ubuntu, Cantarell, 'Helvetica Neue', sans-serif;\">.<\/span><\/p>\n<\/div>\n<\/div>\n<\/div>\n<\/div>\n<div id=\"accordion\" class=\"panel-group\">\n<div class=\"panel panel-default\">\n<div id=\"heading2\" class=\"panel-heading\">\n<h4 class=\"panel-title\"><a href=\"#collapse2\" data-toggle=\"collapse\" data-parent=\"#accordion\">Educaci\u00f3n, \u00c9tica y Pol\u00edtica<\/a><\/h4>\n<\/div>\n<div id=\"collapse2\" class=\"panel-collapse collapse\">\n<div class=\"panel-body\"><b>Objetivo de la L\u00ednea:<\/b><\/p>\n<p><span style=\"font-weight: 400;\">Analizar las problem\u00e1ticas que se presentan actualmente en el campo de la educaci\u00f3n, la \u00e9tica y la pol\u00edtica desde una perspectiva filos\u00f3fica y cient\u00edfica, a fin de contribuir de manera efectiva a la b\u00fasqueda de alternativas de soluci\u00f3n a las mismas que le permitan a la persona vivir conforme a su especial dignidad y trabajar por la consecuci\u00f3n del bien com\u00fan.<\/span><\/p>\n<p><b>Logros de la L\u00ednea:<\/b><\/p>\n<p><span style=\"font-weight: 400;\">Promueve la investigaci\u00f3n en el campo educativo, \u00e9tico y pol\u00edtico. Adem\u00e1s, soporta acad\u00e9micamente diferentes programas educativos que se ocupan del estudio de las \u00e1reas de investigaci\u00f3n que son de inter\u00e9s del grupo; tiene una abundante producci\u00f3n intelectual sobre los temas objeto de estudioy participa en los eventos acad\u00e9micos que se organizan a nivel nacional e internacional y que est\u00e1n en relaci\u00f3n con lo educativo, \u00e9tico y pol\u00edtico.<\/span><\/p>\n<p><b>Efectos de la L\u00ednea:<\/b><\/p>\n<p><span style=\"font-weight: 400;\">Profundizar en el conocimiento de las humanidades y, desde ellas, alcanzar una visi\u00f3n m\u00e1s amplia e integradora de la realidad para valorarla con conocimiento, libertad y responsabilidad. Aunado a lo anterior, con los diferentes proyectos que se propongan, se quiere introducir tambi\u00e9n a los estudiantes en la investigaci\u00f3n en humanidades.<\/span><\/p>\n<p><span style=\"font-weight: 400;\">Con esto se conseguir\u00e1, no solo fomentar el desarrollo personal de cada uno de los integrantes de la l\u00ednea que, a su vez, hacen parte del grupo Philosophia Personae, sino que se atender\u00e1 a las funciones universitarias de investigaci\u00f3n \u2013 en primer lugar- y tambi\u00e9n de docencia y extensi\u00f3n con la implementaci\u00f3n de las reflexiones a que d\u00e9 lugar el trabajo de los investigadores, facilitando as\u00ed mismo el ejercicio de un desempe\u00f1o profesional que tenga en cuenta la dignidad de la persona humana. Con la labor investigativa adelantada al interior de la l\u00ednea se va a incidir de manera efectiva en la realidad educativa, \u00e9tica y pol\u00edtica actual, mediante la b\u00fasqueda de soluciones a las problem\u00e1ticas que se presentan en dichos campos<\/span><span style=\"color: initial; font-family: -apple-system, BlinkMacSystemFont, 'Segoe UI', Roboto, Oxygen-Sans, Ubuntu, Cantarell, 'Helvetica Neue', sans-serif;\">.<\/span><\/p>\n<\/div>\n<\/div>\n<\/div>\n<\/div>\n<div id=\"accordion\" class=\"panel-group\">\n<div class=\"panel panel-default\">\n<div id=\"heading3\" class=\"panel-heading\">\n<h4 class=\"panel-title\"><a href=\"#collapse3\" data-toggle=\"collapse\" data-parent=\"#accordion\">Integrantes del grupo de Investigaci\u00f3n activos en el GrupoLac<\/a><\/h4>\n<\/div>\n<div id=\"collapse3\" class=\"panel-collapse collapse\">\n<div class=\"panel-body\">\n<ul>\n<li style=\"font-weight: 400;\" aria-level=\"1\"><span style=\"font-weight: 400;\">Director del grupo: V\u00edctor Rafael Martin Fiorino<\/span><\/li>\n<li style=\"font-weight: 400;\" aria-level=\"1\"><span style=\"font-weight: 400;\">Director de l\u00ednea educaci\u00f3n, \u00e9tica y pol\u00edtica: Francesco Ferrari<\/span><\/li>\n<li style=\"font-weight: 400;\" aria-level=\"1\"><span style=\"font-weight: 400;\">Director de l\u00ednea antropolog\u00eda filos\u00f3fica: Alexander Aldana Pi\u00f1eros <\/span><\/li>\n<li style=\"font-weight: 400;\" aria-level=\"1\">Coordinadora de Investigaciones Departamento de Humanidades<b style=\"font-size: revert; color: initial; font-family: -apple-system, BlinkMacSystemFont, 'Segoe UI', Roboto, Oxygen-Sans, Ubuntu, Cantarell, 'Helvetica Neue', sans-serif;\">:<\/b><span style=\"font-weight: 400;\">&nbsp;Diana Constanza Nossa Ramos<\/span><\/li>\n<li>Alexander Aldana Pi\u00f1eros<a href=\"https:\/\/scienti.minciencias.gov.co\/cvlac\/visualizador\/generarCurriculoCv.do?cod_rh=0001339456\"><b>CvLAC <\/b><\/a><\/li>\n<li>Armando Rojas Claros<a href=\"https:\/\/scienti.minciencias.gov.co\/cvlac\/visualizador\/generarCurriculoCv.do?cod_rh=0001342829\"><b>CvLAC <\/b><\/a><\/li>\n<li>Carlos Arturo Ospina Hern\u00e1ndez<a href=\"https:\/\/scienti.minciencias.gov.co\/cvlac\/visualizador\/generarCurriculoCv.do?cod_rh=0001450842\"><b>CvLAC <\/b><\/a><\/li>\n<li>Dalia Jaqueline Santa Cruz Vera<a href=\"https:\/\/scienti.minciencias.gov.co\/cvlac\/visualizador\/generarCurriculoCv.do?cod_rh=0001453006\"><b>CvLAC <\/b><\/a><\/li>\n<li>Diana Constanza Nossa Ramos<a href=\"https:\/\/scienti.minciencias.gov.co\/cvlac\/visualizador\/generarCurriculoCv.do?cod_rh=0001643334\"><b>CvLAC <\/b><\/a><\/li>\n<li>Edgar Javier Garz\u00f3n Pascagaza<a href=\"https:\/\/scienti.minciencias.gov.co\/cvlac\/visualizador\/generarCurriculoCv.do?cod_rh=0000449490\"><b>CvLAC <\/b><\/a><\/li>\n<li>Fernando Augusto Montejo \u00c1ngel<a href=\"https:\/\/scienti.minciencias.gov.co\/cvlac\/visualizador\/generarCurriculoCv.do?cod_rh=0001299352\"><b>CvLAC <\/b><\/a><\/li>\n<li>Francesco Ferrari<a href=\"https:\/\/scienti.minciencias.gov.co\/cvlac\/visualizador\/generarCurriculoCv.do?cod_rh=0001724477\"><b>CvLAC <\/b><\/a><\/li>\n<li>Francy Liliana Garnica Rios<a href=\"https:\/\/scienti.minciencias.gov.co\/cvlac\/visualizador\/generarCurriculoCv.do?cod_rh=0001411360\"><b>CvLAC <\/b><\/a><\/li>\n<li>Jorge Aurelio D\u00edaz Ardila<a href=\"https:\/\/scienti.minciencias.gov.co\/cvlac\/visualizador\/generarCurriculoCv.do?cod_rh=0000225231\"><b>CvLAC <\/b><\/a><\/li>\n<li>Luis Miguel Vergara G\u00f3mez<a href=\"https:\/\/scienti.minciencias.gov.co\/cvlac\/visualizador\/generarCurriculoCv.do?cod_rh=0000011358\"><b>CvLAC <\/b><\/a><\/li>\n<li>Mar\u00eda Victoria Cadavid Claussen<a href=\"https:\/\/scienti.minciencias.gov.co\/cvlac\/visualizador\/generarCurriculoCv.do?cod_rh=0001393339\"><b>CvLAC <\/b><\/a><\/li>\n<li>Rub\u00e9n G\u00e9lvez Higuera<a href=\"https:\/\/scienti.minciencias.gov.co\/cvlac\/visualizador\/generarCurriculoCv.do?cod_rh=0001151053\"><b>CvLAC <\/b><\/a><\/li>\n<li>Sandra Ligia Ram\u00edrez Orozco<a href=\"https:\/\/scienti.minciencias.gov.co\/cvlac\/visualizador\/generarCurriculoCv.do?cod_rh=0001483270\"><b>CvLAC <\/b><\/a><\/li>\n<li>V\u00edctor Rafael Martin Fiorino<a href=\"https:\/\/scienti.minciencias.gov.co\/cvlac\/visualizador\/generarCurriculoCv.do?cod_rh=0001552779\"><b>CvLAC <\/b><\/a><\/li>\n<li>Yenny Paola Sierra Bonilla<a href=\"https:\/\/scienti.minciencias.gov.co\/cvlac\/visualizador\/generarCurriculoCv.do?cod_rh=0001496263\"><b>CvLAC <\/b><\/a><\/li>\n<li>\u00c9dgar Antonio Guar\u00edn Ram\u00edrez<a href=\"https:\/\/scienti.minciencias.gov.co\/cvlac\/visualizador\/generarCurriculoCv.do?cod_rh=0000601318\"><b>CvLAC&nbsp;<\/b><\/a><\/li>\n<\/ul>\n<\/div>\n<\/div>\n<\/div>\n<\/div>\n<h3>L\u00edneas de investigaci\u00f3n<\/h3>\n<div id=\"accordion\" class=\"panel-group\">\n<div class=\"panel panel-default\">\n<div id=\"heading4\" class=\"panel-heading\">\n<h4 class=\"panel-title\"><a href=\"#collapse4\" data-toggle=\"collapse\" data-parent=\"#accordion\">Semillero Proyecto de vida y misi\u00f3n<\/a><\/h4>\n<\/div>\n<div id=\"collapse4\" class=\"panel-collapse collapse\">\n<p class=\"panel-body\"><strong>Objetivo del Semillero.<\/strong><br \/>\nEscuela de Voluntariado Propone diferentes maneras de favorecer el estudio y desarrollo integral de las dimensiones humanas (intelectiva, volitiva, afectiva, y espiritual), por medio de experiencias de voluntariado.<br \/>\n<strong>Profesora L\u00edder<\/strong><br \/>\nDalia Santa Cruz: <a href=\"djsantacruz@ucatolica.edu.co\" target=\"_blank\" rel=\"noopener\">djsantacruz@ucatolica.edu.co<\/a><\/p>\n<\/div>\n<\/div>\n<\/div>\n<div id=\"accordion\" class=\"panel-group\">\n<div class=\"panel panel-default\">\n<div id=\"heading5\" class=\"panel-heading\">\n<h4 class=\"panel-title\"><a href=\"#collapse5\" data-toggle=\"collapse\" data-parent=\"#accordion\">Semillero Formaci\u00f3n pol\u00edtica y participaci\u00f3n ciudadana<\/a><\/h4>\n<\/div>\n<div id=\"collapse5\" class=\"panel-collapse collapse\">\n<p class=\"panel-body\"><strong>Objetivo del Semillero<\/strong><br \/>\nEs un semillero adscrito a proyecto o grupo de investigaci\u00f3n. Aborda la necesidad de la formaci\u00f3n de sujetos pol\u00edticos conscientes de las realidades del entorno y capaces de generar alternativas que, desde los distintos campos disciplinares, pueden ser aproximaciones de soluci\u00f3n ante las problem\u00e1ticas que afectan la construcci\u00f3n de comunidades comprometidas con el desarrollo del pa\u00eds.<br \/>\n<strong>L\u00edder<\/strong><br \/>\n\u00c9dgar Javier Garz\u00f3n <a href=\"pascagazaejgarzon@ucatolica.edu.co\" target=\"_blank\" rel=\"noopener\">pascagazaejgarzon@ucatolica.edu.co<\/a><\/p>\n<\/div>\n<\/div>\n<\/div>\n<div id=\"accordion\" class=\"panel-group\">\n<div class=\"panel panel-default\">\n<div id=\"heading6\" class=\"panel-heading\">\n<h4 class=\"panel-title\"><a href=\"#collapse6\" data-toggle=\"collapse\" data-parent=\"#accordion\">Semillero Educaci\u00f3n, mujer, y familia<\/a><\/h4>\n<\/div>\n<div id=\"collapse6\" class=\"panel-collapse collapse\">\n<p class=\"panel-body\"><strong>Objetivo del Semillero<\/strong><br \/>\nSemillero adscrito a proyecto o grupo de investigaci\u00f3n que busca ampliar el conocimiento del ser femenino, de la familia y la educaci\u00f3n mediante el estudio del humanismo cristiano y la filosof\u00eda de la persona.El semillero le apunta a conseguir un conocimiento del ser femenino, de la familia y la educaci\u00f3n. Pretende profundizar en estas categor\u00edas espec\u00edficas de la filosof\u00eda de la persona y ampliar el horizonte investigativo propio del Grupo.<br \/>\n<strong>L\u00edder<\/strong><br \/>\nFrancesco <a href=\"ferrarifferrari@ucatolica.edu.co\" target=\"_blank\" rel=\"noopener\">ferrarifferrari@ucatolica.edu.co<\/a><\/p>\n<\/div>\n<\/div>\n<\/div>\n","protected":false},"excerpt":{"rendered":"<p>Philosophia Personae Grupo de Investigaci\u00f3n Categor\u00eda Colciencias C GrupLAC investigahumanidades@ucatolica.edu.co El Departamento de Humanidades de la Universidad Cat\u00f3lica de Colombia cuenta con el grupo de investigaci\u00f3n Philosophia Personae, que tiene como plan de trabajo, elaborar Proyectos de Investigaci\u00f3n que estudien el sentido y la dignidad del ser humano desde la perspectiva filos\u00f3fica para el conocimiento [&hellip;]<\/p>\n","protected":false},"author":2,"featured_media":0,"parent":0,"menu_order":0,"comment_status":"closed","ping_status":"closed","template":"page-oldstyle.php","meta":{"_acf_changed":false,"advgb_blocks_editor_width":"","advgb_blocks_columns_visual_guide":"","footnotes":""},"class_list":["post-1566","page","type-page","status-publish","hentry"],"acf":[],"yoast_head":"<!-- This site is optimized with the Yoast SEO plugin v26.7 - https:\/\/yoast.com\/wordpress\/plugins\/seo\/ -->\n<title>Philosophia Personae - Universidad Cat\u00f3lica De Colombia<\/title>\n<meta name=\"robots\" content=\"index, follow, max-snippet:-1, max-image-preview:large, max-video-preview:-1\" \/>\n<link rel=\"canonical\" href=\"https:\/\/www.ucatolica.edu.co\/portal\/philosophia-personae\/\" \/>\n<meta property=\"og:locale\" content=\"es_ES\" \/>\n<meta property=\"og:type\" content=\"article\" \/>\n<meta property=\"og:title\" content=\"Philosophia Personae - Universidad Cat\u00f3lica De Colombia\" \/>\n<meta property=\"og:description\" content=\"Philosophia Personae Grupo de Investigaci\u00f3n Categor\u00eda Colciencias C GrupLAC investigahumanidades@ucatolica.edu.co El Departamento de Humanidades de la Universidad Cat\u00f3lica de Colombia cuenta con el grupo de investigaci\u00f3n Philosophia Personae, que tiene como plan de trabajo, elaborar Proyectos de Investigaci\u00f3n que estudien el sentido y la dignidad del ser humano desde la perspectiva filos\u00f3fica para el conocimiento [&hellip;]\" \/>\n<meta property=\"og:url\" content=\"https:\/\/www.ucatolica.edu.co\/portal\/philosophia-personae\/\" \/>\n<meta property=\"og:site_name\" content=\"Universidad Cat\u00f3lica De Colombia\" \/>\n<meta property=\"article:publisher\" content=\"https:\/\/www.facebook.com\/ucatolicacolombia\" \/>\n<meta property=\"article:modified_time\" content=\"2022-06-19T16:53:15+00:00\" \/>\n<meta name=\"twitter:card\" content=\"summary_large_image\" \/>\n<meta name=\"twitter:site\" content=\"@UCatolicaCol\" \/>\n<meta name=\"twitter:label1\" content=\"Tiempo de lectura\" \/>\n\t<meta name=\"twitter:data1\" content=\"6 minutos\" \/>\n<script type=\"application\/ld+json\" class=\"yoast-schema-graph\">{\"@context\":\"https:\/\/schema.org\",\"@graph\":[{\"@type\":\"WebPage\",\"@id\":\"https:\/\/www.ucatolica.edu.co\/portal\/philosophia-personae\/\",\"url\":\"https:\/\/www.ucatolica.edu.co\/portal\/philosophia-personae\/\",\"name\":\"Philosophia Personae - Universidad Cat\u00f3lica De Colombia\",\"isPartOf\":{\"@id\":\"https:\/\/www.ucatolica.edu.co\/portal\/#website\"},\"datePublished\":\"2018-10-02T14:39:18+00:00\",\"dateModified\":\"2022-06-19T16:53:15+00:00\",\"breadcrumb\":{\"@id\":\"https:\/\/www.ucatolica.edu.co\/portal\/philosophia-personae\/#breadcrumb\"},\"inLanguage\":\"es-CO\",\"potentialAction\":[{\"@type\":\"ReadAction\",\"target\":[\"https:\/\/www.ucatolica.edu.co\/portal\/philosophia-personae\/\"]}]},{\"@type\":\"BreadcrumbList\",\"@id\":\"https:\/\/www.ucatolica.edu.co\/portal\/philosophia-personae\/#breadcrumb\",\"itemListElement\":[{\"@type\":\"ListItem\",\"position\":1,\"name\":\"Inicio\",\"item\":\"https:\/\/www.ucatolica.edu.co\/portal\/\"},{\"@type\":\"ListItem\",\"position\":2,\"name\":\"Philosophia Personae\"}]},{\"@type\":\"WebSite\",\"@id\":\"https:\/\/www.ucatolica.edu.co\/portal\/#website\",\"url\":\"https:\/\/www.ucatolica.edu.co\/portal\/\",\"name\":\"Universidad Cat\u00f3lica De Colombia\",\"description\":\"Universidad Cat\u00f3lica De Colombia\",\"publisher\":{\"@id\":\"https:\/\/www.ucatolica.edu.co\/portal\/#organization\"},\"potentialAction\":[{\"@type\":\"SearchAction\",\"target\":{\"@type\":\"EntryPoint\",\"urlTemplate\":\"https:\/\/www.ucatolica.edu.co\/portal\/?s={search_term_string}\"},\"query-input\":{\"@type\":\"PropertyValueSpecification\",\"valueRequired\":true,\"valueName\":\"search_term_string\"}}],\"inLanguage\":\"es-CO\"},{\"@type\":\"Organization\",\"@id\":\"https:\/\/www.ucatolica.edu.co\/portal\/#organization\",\"name\":\"Universidad Cat\u00f3lica de Colombia\",\"url\":\"https:\/\/www.ucatolica.edu.co\/portal\/\",\"logo\":{\"@type\":\"ImageObject\",\"inLanguage\":\"es-CO\",\"@id\":\"https:\/\/www.ucatolica.edu.co\/portal\/#\/schema\/logo\/image\/\",\"url\":\"https:\/\/www.ucatolica.edu.co\/portal\/wp-content\/uploads\/2021\/06\/logo-header-ho-1.svg\",\"contentUrl\":\"https:\/\/www.ucatolica.edu.co\/portal\/wp-content\/uploads\/2021\/06\/logo-header-ho-1.svg\",\"width\":1,\"height\":1,\"caption\":\"Universidad Cat\u00f3lica de Colombia\"},\"image\":{\"@id\":\"https:\/\/www.ucatolica.edu.co\/portal\/#\/schema\/logo\/image\/\"},\"sameAs\":[\"https:\/\/www.facebook.com\/ucatolicacolombia\",\"https:\/\/x.com\/UCatolicaCol\",\"https:\/\/www.instagram.com\/universidadcatolicadecolombia\/\",\"https:\/\/www.linkedin.com\/company\/universidadcatolicadecolombia\/\",\"https:\/\/www.youtube.com\/user\/UCatolicaCo\"]}]}<\/script>\n<!-- \/ Yoast SEO plugin. -->","yoast_head_json":{"title":"Philosophia Personae - Universidad Cat\u00f3lica De Colombia","robots":{"index":"index","follow":"follow","max-snippet":"max-snippet:-1","max-image-preview":"max-image-preview:large","max-video-preview":"max-video-preview:-1"},"canonical":"https:\/\/www.ucatolica.edu.co\/portal\/philosophia-personae\/","og_locale":"es_ES","og_type":"article","og_title":"Philosophia Personae - Universidad Cat\u00f3lica De Colombia","og_description":"Philosophia Personae Grupo de Investigaci\u00f3n Categor\u00eda Colciencias C GrupLAC investigahumanidades@ucatolica.edu.co El Departamento de Humanidades de la Universidad Cat\u00f3lica de Colombia cuenta con el grupo de investigaci\u00f3n Philosophia Personae, que tiene como plan de trabajo, elaborar Proyectos de Investigaci\u00f3n que estudien el sentido y la dignidad del ser humano desde la perspectiva filos\u00f3fica para el conocimiento [&hellip;]","og_url":"https:\/\/www.ucatolica.edu.co\/portal\/philosophia-personae\/","og_site_name":"Universidad Cat\u00f3lica De Colombia","article_publisher":"https:\/\/www.facebook.com\/ucatolicacolombia","article_modified_time":"2022-06-19T16:53:15+00:00","twitter_card":"summary_large_image","twitter_site":"@UCatolicaCol","twitter_misc":{"Tiempo de lectura":"6 minutos"},"schema":{"@context":"https:\/\/schema.org","@graph":[{"@type":"WebPage","@id":"https:\/\/www.ucatolica.edu.co\/portal\/philosophia-personae\/","url":"https:\/\/www.ucatolica.edu.co\/portal\/philosophia-personae\/","name":"Philosophia Personae - Universidad Cat\u00f3lica De Colombia","isPartOf":{"@id":"https:\/\/www.ucatolica.edu.co\/portal\/#website"},"datePublished":"2018-10-02T14:39:18+00:00","dateModified":"2022-06-19T16:53:15+00:00","breadcrumb":{"@id":"https:\/\/www.ucatolica.edu.co\/portal\/philosophia-personae\/#breadcrumb"},"inLanguage":"es-CO","potentialAction":[{"@type":"ReadAction","target":["https:\/\/www.ucatolica.edu.co\/portal\/philosophia-personae\/"]}]},{"@type":"BreadcrumbList","@id":"https:\/\/www.ucatolica.edu.co\/portal\/philosophia-personae\/#breadcrumb","itemListElement":[{"@type":"ListItem","position":1,"name":"Inicio","item":"https:\/\/www.ucatolica.edu.co\/portal\/"},{"@type":"ListItem","position":2,"name":"Philosophia Personae"}]},{"@type":"WebSite","@id":"https:\/\/www.ucatolica.edu.co\/portal\/#website","url":"https:\/\/www.ucatolica.edu.co\/portal\/","name":"Universidad Cat\u00f3lica De Colombia","description":"Universidad Cat\u00f3lica De Colombia","publisher":{"@id":"https:\/\/www.ucatolica.edu.co\/portal\/#organization"},"potentialAction":[{"@type":"SearchAction","target":{"@type":"EntryPoint","urlTemplate":"https:\/\/www.ucatolica.edu.co\/portal\/?s={search_term_string}"},"query-input":{"@type":"PropertyValueSpecification","valueRequired":true,"valueName":"search_term_string"}}],"inLanguage":"es-CO"},{"@type":"Organization","@id":"https:\/\/www.ucatolica.edu.co\/portal\/#organization","name":"Universidad Cat\u00f3lica de Colombia","url":"https:\/\/www.ucatolica.edu.co\/portal\/","logo":{"@type":"ImageObject","inLanguage":"es-CO","@id":"https:\/\/www.ucatolica.edu.co\/portal\/#\/schema\/logo\/image\/","url":"https:\/\/www.ucatolica.edu.co\/portal\/wp-content\/uploads\/2021\/06\/logo-header-ho-1.svg","contentUrl":"https:\/\/www.ucatolica.edu.co\/portal\/wp-content\/uploads\/2021\/06\/logo-header-ho-1.svg","width":1,"height":1,"caption":"Universidad Cat\u00f3lica de Colombia"},"image":{"@id":"https:\/\/www.ucatolica.edu.co\/portal\/#\/schema\/logo\/image\/"},"sameAs":["https:\/\/www.facebook.com\/ucatolicacolombia","https:\/\/x.com\/UCatolicaCol","https:\/\/www.instagram.com\/universidadcatolicadecolombia\/","https:\/\/www.linkedin.com\/company\/universidadcatolicadecolombia\/","https:\/\/www.youtube.com\/user\/UCatolicaCo"]}]}},"coauthors":[],"author_meta":{"author_link":"https:\/\/www.ucatolica.edu.co\/portal\/author\/carrnall\/","display_name":"Carlos Zea"},"relative_dates":{"created":"Posted 8 a\u00f1os ago","modified":"Updated 4 a\u00f1os ago"},"absolute_dates":{"created":"Posted on 2 octubre, 2018","modified":"Updated on 19 junio, 2022"},"absolute_dates_time":{"created":"Posted on 2 octubre, 2018 9:39 am","modified":"Updated on 19 junio, 2022 11:53 am"},"featured_img_caption":"","featured_img":false,"series_order":"","_links":{"self":[{"href":"https:\/\/www.ucatolica.edu.co\/portal\/wp-json\/wp\/v2\/pages\/1566","targetHints":{"allow":["GET"]}}],"collection":[{"href":"https:\/\/www.ucatolica.edu.co\/portal\/wp-json\/wp\/v2\/pages"}],"about":[{"href":"https:\/\/www.ucatolica.edu.co\/portal\/wp-json\/wp\/v2\/types\/page"}],"author":[{"embeddable":true,"href":"https:\/\/www.ucatolica.edu.co\/portal\/wp-json\/wp\/v2\/users\/2"}],"replies":[{"embeddable":true,"href":"https:\/\/www.ucatolica.edu.co\/portal\/wp-json\/wp\/v2\/comments?post=1566"}],"version-history":[{"count":1,"href":"https:\/\/www.ucatolica.edu.co\/portal\/wp-json\/wp\/v2\/pages\/1566\/revisions"}],"predecessor-version":[{"id":77093,"href":"https:\/\/www.ucatolica.edu.co\/portal\/wp-json\/wp\/v2\/pages\/1566\/revisions\/77093"}],"wp:attachment":[{"href":"https:\/\/www.ucatolica.edu.co\/portal\/wp-json\/wp\/v2\/media?parent=1566"}],"curies":[{"name":"wp","href":"https:\/\/api.w.org\/{rel}","templated":true}]}}