{"id":340,"date":"2018-08-22T17:17:13","date_gmt":"2018-08-22T22:17:13","guid":{"rendered":"http:\/\/localhost:8888\/portal\/?page_id=340"},"modified":"2026-02-20T09:50:06","modified_gmt":"2026-02-20T14:50:06","slug":"vida-universitaria","status":"publish","type":"page","link":"https:\/\/www.ucatolica.edu.co\/portal\/vida-universitaria\/","title":{"rendered":"Vida Universitaria"},"content":{"rendered":"<h1>Vida Universitaria<\/h1>\n<p>La Universidad Cat\u00f3lica de Colombia entiende el Bienestar Universitario como un accionar que propende por la consecuci\u00f3n de un ambiente de formaci\u00f3n en integridad, de calidad de vida y de construcci\u00f3n de comunidad universitaria, favoreciendo la identidad institucional y el desarrollo humano en el marco del Proyecto Educativo Institucional.<\/p>\n<p>El Bienestar Universitario de la universidad se orienta hacia la promoci\u00f3n de h\u00e1bitos saludables y calidad de vida y al fomento de un clima educativo de convivencia que beneficie a toda la comunidad educativa y a su entorno. Busca fortalecer la participaci\u00f3n de la comunidad educativa en sus programas y servicios, fomentando los espacios y herramientas para el di\u00e1logo de estos programas con el curr\u00edculo institucional.<\/p>\n<p>La direcci\u00f3n de bienestar dinamiza su operaci\u00f3n, a trav\u00e9s de cinco \u00e1reas de gesti\u00f3n: Arte y Cultura; Deportes, Actividad F\u00edsica y Recreaci\u00f3n; Pastoral y Capellan\u00eda; Convivencia e Inclusi\u00f3n; Promoci\u00f3n de la Salud Universitaria. Cada \u00e1rea ofrece programas y servicios en diferentes momentos del semestre, y focalizados en grupos espec\u00edficos seg\u00fan los intereses de la comunidad.<\/p>\n<h3>\u00c1reas y servicios de Bienestar<\/h3>\n<ul class=\"navigation-tabs\">\n<li><a href=\"https:\/\/www.ucatolica.edu.co\/portal\/vida-universitaria\/encuentra-lo-perdido\/\">Encuentra lo perdido<\/a><\/li>\n<li><a href=\"https:\/\/www.ucatolica.edu.co\/portal\/vida-universitaria\/vive-cerca-de-la-u\/\">Vive cerca de la U<\/a><\/li>\n<li><a href=\"https:\/\/www.ucatolica.edu.co\/portal\/vida-universitaria\/becas-y-auxilios\/\">Becas y auxilios<\/a><\/li>\n<li><a href=\"https:\/\/www.ucatolica.edu.co\/portal\/vida-universitaria\/arte-y-cultura\/\">Arte y cultura<\/a><\/li>\n<li><a href=\"https:\/\/www.ucatolica.edu.co\/portal\/vida-universitaria\/deportes-actividad-fisica-y-recreacion\/\">Deportes, actividad f\u00edsica y recreaci\u00f3n<\/a><\/li>\n<li><a href=\"https:\/\/www.ucatolica.edu.co\/portal\/vida-universitaria\/formacion-humana-pastoral-y-capellania\/\">Pastoral y Capellan\u00eda<\/a><\/li>\n<li><a href=\"https:\/\/www.ucatolica.edu.co\/portal\/vida-universitaria\/asuntos-estudiantiles\/\" target=\"_blank\" rel=\"noopener\">Convivencia e Inclusi\u00f3n<\/a><\/li>\n<li><a href=\"https:\/\/www.ucatolica.edu.co\/portal\/vida-universitaria\/salud-universitaria\/\">Salud Universitaria<\/a><\/li>\n<\/ul>\n<h5 class=\"eip\">Bienestar Universitario<\/h5>\n<p class=\"cont\">Diagonal 46A # 15B\u201310, sede El Claustro<br \/>\nTel\u00e9fono: (601) 4433700 ext. 3080<br \/>\nbienestar@ucatolica.edu.co<\/p>\n<p><!-- CONTENEDOR DOS PARA SIDEBAR --><\/p>\n<div id=\"contenido-dos\">\n<h2>M\u00f3dulo de permanencia<\/h2>\n<ul>\n<li class=\"btn-cinco\"><a href=\"https:\/\/adviser.ucatolica.edu.co\/Adviser\/permanencia\/login.php\" target=\"_blank\" rel=\"noopener\">plataforma adviser<\/a><\/li>\n<\/ul>\n<h2>Certificaciones e Incapacidades en salud<\/h2>\n<ul>\n<li class=\"btn-cinco\"><a href=\"https:\/\/frozen.ucatolica.edu.co\/bienestarpqr\/index.php\" target=\"_blank\" rel=\"noopener\">Incapacidades<\/a><\/li>\n<\/ul>\n<h2>Documentos de Inter\u00e9s<\/h2>\n<ul>\n<li class=\"btn-documentos\"><a href=\"https:\/\/www.ucatolica.edu.co\/portal\/wp-content\/uploads\/2026\/02\/Cronograma_Posgrados_2026_1.pdf\" target=\"_blank\" rel=\"noopener\">Cronograma de Actividades &#8211; Posgrados<\/a><\/li>\n<li class=\"btn-documentos\"><a href=\"https:\/\/www.ucatolica.edu.co\/portal\/wp-content\/uploads\/2026\/02\/Cronograma_Pregrado_2026_1.pdf\" target=\"_blank\" rel=\"noopener\">Cronograma de Actividades &#8211; Pregrados<\/a><\/li>\n<li class=\"btn-documentos\"><a href=\"https:\/\/www.ucatolica.edu.co\/portal\/wp-content\/uploads\/2026\/02\/Cronograma_Egresados_2026_1.pdf\" target=\"_blank\" rel=\"noopener\">Cronograma de Actividades &#8211; Egresados<\/a><\/li>\n<li class=\"btn-documentos\"><a href=\"https:\/\/www.ucatolica.edu.co\/portal\/wp-content\/uploads\/2026\/02\/Cronograma_Adm_Profesores_2026_1.pdf\" target=\"_blank\" rel=\"noopener\">Cronograma de Actividades \u2013 Profesores y administrativos<\/a><\/li>\n<li class=\"btn-documentos\"><a href=\"https:\/\/www.ucatolica.edu.co\/portal\/wp-content\/uploads\/2022\/11\/anexo-consejo-superior-acuerdos-academicos-340-16.pdf\" target=\"_blank\" rel=\"noopener\">Estatuto de Bienestar Universitario<\/a><\/li>\n<\/ul>\n<h2>Accesos de Inter\u00e9s<\/h2>\n<ul>\n<li><a href=\"\/portal\/nuestra-universidad\/ucatolica-tv\/\">Ucatolica Tv<\/a><\/li>\n<li><a href=\"#\">Semilleros de investigaci\u00f3n<\/a><\/li>\n<li><a href=\"#\">Permanecia<\/a><\/li>\n<li><a href=\"#\">Apoyo financiero<\/a><\/li>\n<li><a href=\"#\">ORII &#8211; Salidas<\/a><\/li>\n<li><a href=\"#\">Instituto de idiomas<\/a><\/li>\n<li><a href=\"#\">Bolsa de empleo<\/a><\/li>\n<li><a href=\"#\">Emprendimiento<\/a><\/li>\n<\/ul>\n<\/div>\n","protected":false},"excerpt":{"rendered":"<p>Vida Universitaria La Universidad Cat\u00f3lica de Colombia entiende el Bienestar Universitario como un accionar que propende por la consecuci\u00f3n de un ambiente de formaci\u00f3n en integridad, de calidad de vida y de construcci\u00f3n de comunidad universitaria, favoreciendo la identidad institucional y el desarrollo humano en el marco del Proyecto Educativo Institucional. El Bienestar Universitario de [&hellip;]<\/p>\n","protected":false},"author":2,"featured_media":0,"parent":0,"menu_order":0,"comment_status":"closed","ping_status":"closed","template":"page-oldstyle.php","meta":{"_acf_changed":false,"advgb_blocks_editor_width":"","advgb_blocks_columns_visual_guide":"","footnotes":""},"class_list":["post-340","page","type-page","status-publish","hentry"],"acf":[],"coauthors":[],"author_meta":{"author_link":"https:\/\/www.ucatolica.edu.co\/portal\/author\/carrnall\/","display_name":"Carlos Zea"},"relative_dates":{"created":"Posted 8 a\u00f1os ago","modified":"Updated 1 mes ago"},"absolute_dates":{"created":"Posted on 22 agosto, 2018","modified":"Updated on 20 febrero, 2026"},"absolute_dates_time":{"created":"Posted on 22 agosto, 2018 5:17 pm","modified":"Updated on 20 febrero, 2026 9:50 am"},"featured_img_caption":"","featured_img":false,"series_order":"","_links":{"self":[{"href":"https:\/\/www.ucatolica.edu.co\/portal\/wp-json\/wp\/v2\/pages\/340","targetHints":{"allow":["GET"]}}],"collection":[{"href":"https:\/\/www.ucatolica.edu.co\/portal\/wp-json\/wp\/v2\/pages"}],"about":[{"href":"https:\/\/www.ucatolica.edu.co\/portal\/wp-json\/wp\/v2\/types\/page"}],"author":[{"embeddable":true,"href":"https:\/\/www.ucatolica.edu.co\/portal\/wp-json\/wp\/v2\/users\/2"}],"replies":[{"embeddable":true,"href":"https:\/\/www.ucatolica.edu.co\/portal\/wp-json\/wp\/v2\/comments?post=340"}],"version-history":[{"count":15,"href":"https:\/\/www.ucatolica.edu.co\/portal\/wp-json\/wp\/v2\/pages\/340\/revisions"}],"predecessor-version":[{"id":130209,"href":"https:\/\/www.ucatolica.edu.co\/portal\/wp-json\/wp\/v2\/pages\/340\/revisions\/130209"}],"wp:attachment":[{"href":"https:\/\/www.ucatolica.edu.co\/portal\/wp-json\/wp\/v2\/media?parent=340"}],"curies":[{"name":"wp","href":"https:\/\/api.w.org\/{rel}","templated":true}]}}