{"id":64502,"date":"2021-09-10T08:49:46","date_gmt":"2021-09-10T13:49:46","guid":{"rendered":"https:\/\/www.ucatolica.edu.co\/portal\/?page_id=64502"},"modified":"2022-01-28T14:53:12","modified_gmt":"2022-01-28T19:53:12","slug":"sistema-de-informacion-investigaciones","status":"publish","type":"page","link":"https:\/\/www.ucatolica.edu.co\/portal\/sistema-de-informacion-investigaciones\/","title":{"rendered":"SISTEMA DE INFORMACI\u00d3N PARA GESTI\u00d3N DE LA INVESTIGACI\u00d3N SIGI360"},"content":{"rendered":"\n<h2 class=\"wp-block-heading\" id=\"sistema-de-informacion-para-gestion-de-la-investigacion-sigi360\"><strong>SISTEMA DE INFORMACI\u00d3N PARA GESTI\u00d3N DE LA INVESTIGACI\u00d3N SIGI360<\/strong><\/h2>\n\n\n\n<p><\/p>\n\n\n\n<p>El <strong>SIGI360<\/strong>, es una herramienta que permite gestionar los Proyectos y las Actividades de Investigaci\u00f3n de la Universidad, integr\u00e1ndose con los dem\u00e1s procesos institucionales. El objetivo de este Sistema es contar con informaci\u00f3n actualizada, unificada\u00a0y confiable, que permita generar reportes e informes que faciliten los procesos internos entre las diferentes Unidades Administrativas y\/o Acad\u00e9micas, Investigadores y la Direcci\u00f3n Central de Investigaciones. Est\u00e1 conformado por tres m\u00f3dulos funcionalmente integrados:\u00a0<\/p>\n\n\n\n<ul class=\"wp-block-list\"><li>&nbsp;<strong>M\u00f3dulo Grants:<\/strong><\/li><\/ul>\n\n\n\n<p>En este m\u00f3dulo los investigadores realizan el registro de los Proyectos de Investigaci\u00f3n, en donde definen presupuesto, productos, asociaci\u00f3n de protocolos \u00e9ticos y posteriormente se inicia el flujo de aprobaci\u00f3n por las instancias de evaluaci\u00f3n pertinentes ya establecidas en la Universidad.<\/p>\n\n\n\n<ul class=\"wp-block-list\"><li><strong>M\u00f3dulo Project Costing:<\/strong><\/li><\/ul>\n\n\n\n<p>En este m\u00f3dulo los investigadores y la Direcci\u00f3n Central de Investigaciones realizan el seguimiento a la ejecuci\u00f3n de los proyectos de investigaci\u00f3n, tal como: reporte de actividades, registro de informes de avance y productos avalados institucionalmente.<\/p>\n\n\n\n<ul class=\"wp-block-list\"><li>&nbsp;<strong>M\u00f3dulo Investigaci\u00f3n Colombia:<\/strong><\/li><\/ul>\n\n\n\n<p>En este m\u00f3dulo la Direcci\u00f3n Central de Investigaciones realiza el registro y seguimiento de la informaci\u00f3n de los Semilleros de Investigaci\u00f3n, J\u00f3venes Investigadores, Grupos de Investigaci\u00f3n, L\u00edneas de Investigaci\u00f3n, Redes\/Entes de Afiliaci\u00f3n y Centros de Investigaci\u00f3n.<\/p>\n\n\n\n<p><a href=\"https:\/\/fscm.ucatolica.edu.co:8443\/psp\/UCEP92PR\/EMPLOYEE\/ERP\/?cmd=logout\"><strong>Carga y gestiona tus proyectos de investigaci\u00f3n<\/strong><\/a><strong>, en el siguiente enlace:<\/strong><\/p>\n\n\n\n<p><a href=\"https:\/\/fscm.ucatolica.edu.co:8443\/psp\/UCEP92PR\/EMPLOYEE\/ERP\/?cmd=logout\">https:\/\/fscm.ucatolica.edu.co:8443\/psp\/UCEP92PR\/EMPLOYEE\/ERP\/?cmd=logout<\/a><\/p>\n\n\n\n<p><strong>Manuales del Sistema de Informaci\u00f3n para Gesti\u00f3n de la Investigaci\u00f3n SIGI360:<\/strong><\/p>\n\n\n\n<ul class=\"wp-block-list\"><li><a href=\"https:\/\/www.ucatolica.edu.co\/portal\/wp-content\/uploads\/adjuntos\/investigaciones\/lineamientos\/manual-seguimiento-proyectos-project-costing.pdf\">Manual de seguimiento de Proyectos Project Costing<\/a><\/li><li><a href=\"https:\/\/www.ucatolica.edu.co\/portal\/wp-content\/uploads\/adjuntos\/investigaciones\/lineamientos\/manual-registro-seguimiento-propuesta-proyectos-investigacion.pdf\">Manual registro y seguimiento propuesta de proyectos de investigaci\u00f3n<\/a><\/li><li><a href=\"https:\/\/www.ucatolica.edu.co\/portal\/wp-content\/uploads\/adjuntos\/investigaciones\/lineamientos\/manual-parametrizacion-apertura-convocatoria.pdf\">Manual parametrizaci\u00f3n y apertura convocatoria<\/a><\/li><\/ul>\n","protected":false},"excerpt":{"rendered":"<p>SISTEMA DE INFORMACI\u00d3N PARA GESTI\u00d3N DE LA INVESTIGACI\u00d3N SIGI360 El SIGI360, es una herramienta que permite gestionar los Proyectos y las Actividades de Investigaci\u00f3n de la Universidad, integr\u00e1ndose con los dem\u00e1s procesos institucionales. El objetivo de este Sistema es contar con informaci\u00f3n actualizada, unificada\u00a0y confiable, que permita generar reportes e informes que faciliten los procesos [&hellip;]<\/p>\n","protected":false},"author":2,"featured_media":0,"parent":0,"menu_order":0,"comment_status":"closed","ping_status":"closed","template":"page-oldstyle.php","meta":{"_acf_changed":false,"advgb_blocks_editor_width":"","advgb_blocks_columns_visual_guide":"","footnotes":""},"class_list":["post-64502","page","type-page","status-publish","hentry"],"acf":[],"coauthors":[],"author_meta":{"author_link":"https:\/\/www.ucatolica.edu.co\/portal\/author\/carrnall\/","display_name":"Carlos Zea"},"relative_dates":{"created":"Posted 5 a\u00f1os ago","modified":"Updated 4 a\u00f1os ago"},"absolute_dates":{"created":"Posted on 10 septiembre, 2021","modified":"Updated on 28 enero, 2022"},"absolute_dates_time":{"created":"Posted on 10 septiembre, 2021 8:49 am","modified":"Updated on 28 enero, 2022 2:53 pm"},"featured_img_caption":"","featured_img":false,"series_order":"","_links":{"self":[{"href":"https:\/\/www.ucatolica.edu.co\/portal\/wp-json\/wp\/v2\/pages\/64502","targetHints":{"allow":["GET"]}}],"collection":[{"href":"https:\/\/www.ucatolica.edu.co\/portal\/wp-json\/wp\/v2\/pages"}],"about":[{"href":"https:\/\/www.ucatolica.edu.co\/portal\/wp-json\/wp\/v2\/types\/page"}],"author":[{"embeddable":true,"href":"https:\/\/www.ucatolica.edu.co\/portal\/wp-json\/wp\/v2\/users\/2"}],"replies":[{"embeddable":true,"href":"https:\/\/www.ucatolica.edu.co\/portal\/wp-json\/wp\/v2\/comments?post=64502"}],"version-history":[{"count":3,"href":"https:\/\/www.ucatolica.edu.co\/portal\/wp-json\/wp\/v2\/pages\/64502\/revisions"}],"predecessor-version":[{"id":71141,"href":"https:\/\/www.ucatolica.edu.co\/portal\/wp-json\/wp\/v2\/pages\/64502\/revisions\/71141"}],"wp:attachment":[{"href":"https:\/\/www.ucatolica.edu.co\/portal\/wp-json\/wp\/v2\/media?parent=64502"}],"curies":[{"name":"wp","href":"https:\/\/api.w.org\/{rel}","templated":true}]}}