{"id":735,"date":"2018-08-28T11:55:05","date_gmt":"2018-08-28T16:55:05","guid":{"rendered":"http:\/\/localhost:8888\/portal\/?page_id=735"},"modified":"2021-09-10T09:09:41","modified_gmt":"2021-09-10T14:09:41","slug":"proyectos-de-cooperacion","status":"publish","type":"page","link":"https:\/\/www.ucatolica.edu.co\/portal\/proyectos-de-cooperacion\/","title":{"rendered":"Proyectos de Cooperaci\u00f3n"},"content":{"rendered":"<h2>Proyectos de Cooperaci\u00f3n<\/h2>\n<h3>Proyectos de Cooperaci\u00f3n 2021<\/h3>\n<ul>\n<li style=\"font-weight: 400;\"><span style=\"font-weight: 400;\">Colaboraci\u00f3n universidades extranjeras 2021, <a href=\"https:\/\/www.ucatolica.edu.co\/portal\/wp-content\/uploads\/2021\/09\/colaboracion-universidades-extranjeras-2021.pdf\" target=\"_blank\" rel=\"noopener\">clic aqu\u00ed<\/a><\/span><\/li>\n<li style=\"font-weight: 400;\"><span style=\"font-weight: 400;\">Colaboraci\u00f3n universidades nacionales 2021, <a href=\"https:\/\/www.ucatolica.edu.co\/portal\/wp-content\/uploads\/2021\/09\/colaboracion-universidades-nacionales-2021.pdf\" target=\"_blank\" rel=\"noopener\">clic aqu\u00ed<\/a><\/span><\/li>\n<li style=\"font-weight: 400;\"><span style=\"font-weight: 400;\">Colaboraci\u00f3n con empresas nacionales y extranjeras 2021, <a href=\"https:\/\/www.ucatolica.edu.co\/portal\/wp-content\/uploads\/2021\/09\/colaboracion-con-empresas-nacionales-extranjeras-2021.pdf\" target=\"_blank\" rel=\"noopener\">clic aqu\u00ed<\/a><\/span><\/li>\n<li style=\"font-weight: 400;\"><span style=\"font-weight: 400;\">Red internacional universitaria para el desarrollo de la investigaci\u00f3n 2021, <a href=\"https:\/\/www.ucatolica.edu.co\/portal\/wp-content\/uploads\/2021\/09\/red-internacional-universitaria-para-desarrollo-de-a-investigacion-2021.pdf\" target=\"_blank\" rel=\"noopener\">clic aqu\u00ed<\/a><\/span><\/li>\n<\/ul>\n<p><!--\n\n\n<h4>Colaboraci\u00f3n de universidades extranjeras<\/h4>\n\n\n\n\n<table class=\"table table-striped\">\n\n\n<thead>\n\n\n<tr>\n\n\n<th>Unidad Acad\u00e9mica<\/th>\n\n\n\n\n<th>Cooperaci\u00f3n Universidad<\/th>\n\n\n\n\n<th>Pa\u00eds<\/th>\n\n\n<\/tr>\n\n\n<\/thead>\n\n\n\n\n<tbody>\n\n\n<tr>\n\n\n<td rowspan=\"3\">Ingenier\u00eda<\/td>\n\n\n\n\n<td>Universidade de Brasil\u00eda<\/td>\n\n\n\n\n<td>Brasil<\/td>\n\n\n<\/tr>\n\n\n\n\n<tr>\n\n\n<td><span lang=\"ES-CO\">Universidad de Oporto \u2013 Porto<\/span><\/td>\n\n\n\n\n<td>Portugal<\/td>\n\n\n<\/tr>\n\n\n\n\n<tr>\n\n\n<td><span lang=\"ES-CO\">Universidad de Palermo<\/span><\/td>\n\n\n\n\n<td>Italia<\/td>\n\n\n<\/tr>\n\n\n\n\n<tr>\n\n\n<td rowspan=\"2\">Psicolog\u00eda<\/td>\n\n\n\n\n<td><span lang=\"ES-CO\">University of Roehampton <\/span><\/td>\n\n\n\n\n<td>Inglaterra<\/td>\n\n\n<\/tr>\n\n\n\n\n<tr>\n\n\n<td><span lang=\"ES-CO\">Universidad de San Martin de Porres <\/span><\/td>\n\n\n\n\n<td>Per\u00fa<\/td>\n\n\n<\/tr>\n\n\n\n\n<tr>\n\n\n<td rowspan=\"2\">Humanidades<\/td>\n\n\n\n\n<td><span lang=\"ES-CO\">-Universidad Cat\u00f3lica de la Sant\u00edsima Concepci\u00f3n <\/span><\/td>\n\n\n\n\n<td>Chile<\/td>\n\n\n<\/tr>\n\n\n\n\n<tr>\n\n\n<td><span lang=\"ES-CO\">Pontificia Universidad Cat\u00f3lica de Chile <\/span><\/td>\n\n\n\n\n<td>Chile<\/td>\n\n\n<\/tr>\n\n\n\n\n<tr>\n\n\n<td rowspan=\"2\">Ciencias Econ\u00f3micas y Administrativas<\/td>\n\n\n\n\n<td>University of Massachusetts Amherst\u00a0<span style=\"font-family: inherit; font-size: inherit;\">Economics Department<\/span><\/td>\n\n\n\n\n<td>Estados Unidos<\/td>\n\n\n<\/tr>\n\n\n\n\n<tr>\n\n\n<td>Universidad Nacional de General Sarmiento -<\/td>\n\n\n\n\n<td>Argentina<\/td>\n\n\n<\/tr>\n\n\n\n\n<tr>\n\n\n<td rowspan=\"5\">Dise\u00f1o<\/td>\n\n\n\n\n<td><span lang=\"ES-CO\">Universidad de Alcal\u00e1<\/span><\/td>\n\n\n\n\n<td>Espa\u00f1a<\/td>\n\n\n<\/tr>\n\n\n\n\n<tr>\n\n\n<td><span lang=\"ES-CO\">Universidad de Granada<\/span><\/td>\n\n\n\n\n<td>Espa\u00f1a<\/td>\n\n\n<\/tr>\n\n\n\n\n<tr>\n\n\n<td><span lang=\"ES-CO\">Universidad de Buenos Aires<\/span><\/td>\n\n\n\n\n<td>Argentina<\/td>\n\n\n<\/tr>\n\n\n\n\n<tr>\n\n\n<td><span lang=\"ES-CO\">Universidad Aut\u00f3noma de Guerrero<\/span><\/td>\n\n\n\n\n<td>M\u00e9xico<\/td>\n\n\n<\/tr>\n\n\n\n\n<tr>\n\n\n<td><span lang=\"ES-CO\">Universidad de Passo Fundo <\/span><\/td>\n\n\n\n\n<td>Brasil<\/td>\n\n\n<\/tr>\n\n\n\n\n<tr>\n\n\n<td rowspan=\"9\">Derecho<\/td>\n\n\n\n\n<td><span lang=\"ES-CO\">Universidad de Buenos Aires<\/span><\/td>\n\n\n\n\n<td>Argentina<\/td>\n\n\n<\/tr>\n\n\n\n\n<tr>\n\n\n<td><span lang=\"ES-CO\">Universidad Bello Horizonte<\/span><\/td>\n\n\n\n\n<td>Brasil<\/td>\n\n\n<\/tr>\n\n\n\n\n<tr>\n\n\n<td><span lang=\"ES-CO\">Universidad de Palermo <\/span><\/td>\n\n\n\n\n<td>Italia<\/td>\n\n\n<\/tr>\n\n\n\n\n<tr>\n\n\n<td><span lang=\"ES-CO\">Pontificia Universidad Cat\u00f3lica de Per\u00fa<\/span><\/td>\n\n\n\n\n<td>Per\u00fa<\/td>\n\n\n<\/tr>\n\n\n\n\n<tr>\n\n\n<td><span lang=\"EN-US\">Queen Mary University of London<\/span><\/td>\n\n\n\n\n<td>Inglaterra<\/td>\n\n\n<\/tr>\n\n\n\n\n<tr>\n\n\n<td><span lang=\"ES-CO\">Universidad De Texas <\/span><\/td>\n\n\n\n\n<td>Estados Unidos<\/td>\n\n\n<\/tr>\n\n\n\n\n<tr>\n\n\n<td><span lang=\"ES-CO\">La Florida International University <\/span><\/td>\n\n\n\n\n<td>Estados Unidos<\/td>\n\n\n<\/tr>\n\n\n\n\n<tr>\n\n\n<td><span lang=\"ES-CO\">Universidad Nacional de Asunci\u00f3n<\/span><\/td>\n\n\n\n\n<td>Paraguay<\/td>\n\n\n<\/tr>\n\n\n\n\n<tr>\n\n\n<td><span lang=\"ES-CO\">Universidad Aut\u00f3noma de Chiapas<\/span><\/td>\n\n\n\n\n<td>M\u00e9xico<\/td>\n\n\n<\/tr>\n\n\n<\/tbody>\n\n\n<\/table>\n\n\n\n\n<h3><\/h3>\n\n\n&nbsp;\n\n\n<h3>Proyectos cooperaci\u00f3n internacional - Federaci\u00f3n Internacional de Universidades Cat\u00f3licas - Universidad Cat\u00f3lica de Colombia<\/h3>\n\n\n\n\n<table class=\"table table-striped\">\n\n\n<thead>\n\n\n<tr>\n\n\n<th>A\u00f1os<\/th>\n\n\n\n\n<th>\u00c1rea de estudio<\/th>\n\n\n<\/tr>\n\n\n<\/thead>\n\n\n\n\n<tbody>\n\n\n<tr>\n\n\n<td>2007 - 2009<\/td>\n\n\n\n\n<td>Formaci\u00f3n Human\u00edstica<\/td>\n\n\n<\/tr>\n\n\n\n\n<tr>\n\n\n<td>2009 - 2012<\/td>\n\n\n\n\n<td>Familia Fragilizada<\/td>\n\n\n<\/tr>\n\n\n\n\n<tr>\n\n\n<td>2010 - 2011<\/td>\n\n\n\n\n<td>Virtudes Intelectuales<\/td>\n\n\n<\/tr>\n\n\n\n\n<tr>\n\n\n<td>2012 - 2015<\/td>\n\n\n\n\n<td>Prevenci\u00f3n de Riesgos asociados a desplazamiento<\/td>\n\n\n<\/tr>\n\n\n<\/tbody>\n\n\n<\/table>\n\n\n\n\n<h5><\/h5>\n\n\n\n\n<h5><\/h5>\n\n\n--><\/p>\n<h5 class=\"eip\">Direcci\u00f3n Central de Investigaciones<\/h5>\n<p class=\"cont\">Avenida Caracas # 46-72, sede Las Torres, piso 5<br \/>\nTel\u00e9fono: (601) 4433700 exts. 1220, 1221, 1222 y 1223<br \/>\ndinvestigaciones@ucatolica.edu.co<\/p>\n<p>Horario de atenci\u00f3n<br \/>\nLunes a viernes de 8:00 a. m. a 1:00 p. m. y de 2:00 p. m. a 5:30 p. m.<br \/>\n<!-- CONTENEDOR DOS PARA SIDEBAR --><\/p>\n<div id=\"contenido-dos\">\n<h2>Accesos de Inter\u00e9s<\/h2>\n<ul>\n<li><a href=\"\/portal\/investigaciones\/direccion-central-de-investigaciones\/\">Direcci\u00f3n Central de Investigaciones<\/a><\/li>\n<li><a href=\"\/portal\/investigaciones\/semilleros-de-investigacion\/\">Semilleros de Investigaci\u00f3n<\/a><\/li>\n<li><a href=\"\/portal\/investigaciones\/grupos-de-investigacion\/\">Grupos de Investigaci\u00f3n<\/a><\/li>\n<li><a href=\"\/portal\/investigaciones\/banco-de-proyectos\/\">Banco de Proyectos<\/a><\/li>\n<li><a href=\"\/portal\/investigaciones\/proyectos-de-cooperacion\/\">Proyectos de Cooperaci\u00f3n<\/a><\/li>\n<li><a href=\"\/portal\/investigaciones\/convocatorias\/\">Convocatorias<\/a><\/li>\n<li><a href=\"\/portal\/investigaciones\/lineamientos-direccion-central-de-investigaciones\/\">lineamientos<\/a><\/li>\n<\/ul>\n<\/div>\n","protected":false},"excerpt":{"rendered":"<p>Proyectos de Cooperaci\u00f3n Proyectos de Cooperaci\u00f3n 2021 Colaboraci\u00f3n universidades extranjeras 2021, clic aqu\u00ed Colaboraci\u00f3n universidades nacionales 2021, clic aqu\u00ed Colaboraci\u00f3n con empresas nacionales y extranjeras 2021, clic aqu\u00ed Red internacional universitaria para el desarrollo de la investigaci\u00f3n 2021, clic aqu\u00ed Direcci\u00f3n Central de Investigaciones Avenida Caracas # 46-72, sede Las Torres, piso 5 Tel\u00e9fono: (601) [&hellip;]<\/p>\n","protected":false},"author":2,"featured_media":0,"parent":0,"menu_order":0,"comment_status":"closed","ping_status":"closed","template":"page-oldstyle.php","meta":{"_acf_changed":false,"advgb_blocks_editor_width":"","advgb_blocks_columns_visual_guide":"","footnotes":""},"class_list":["post-735","page","type-page","status-publish","hentry"],"acf":[],"yoast_head":"<!-- This site is optimized with the Yoast SEO plugin v26.7 - https:\/\/yoast.com\/wordpress\/plugins\/seo\/ -->\n<title>Proyectos de Cooperaci\u00f3n - Universidad Cat\u00f3lica De Colombia<\/title>\n<meta name=\"robots\" content=\"index, follow, max-snippet:-1, max-image-preview:large, max-video-preview:-1\" \/>\n<link rel=\"canonical\" href=\"https:\/\/www.ucatolica.edu.co\/portal\/proyectos-de-cooperacion\/\" \/>\n<meta property=\"og:locale\" content=\"es_ES\" \/>\n<meta property=\"og:type\" content=\"article\" \/>\n<meta property=\"og:title\" content=\"Proyectos de Cooperaci\u00f3n - Universidad Cat\u00f3lica De Colombia\" \/>\n<meta property=\"og:description\" content=\"Proyectos de Cooperaci\u00f3n Proyectos de Cooperaci\u00f3n 2021 Colaboraci\u00f3n universidades extranjeras 2021, clic aqu\u00ed Colaboraci\u00f3n universidades nacionales 2021, clic aqu\u00ed Colaboraci\u00f3n con empresas nacionales y extranjeras 2021, clic aqu\u00ed Red internacional universitaria para el desarrollo de la investigaci\u00f3n 2021, clic aqu\u00ed Direcci\u00f3n Central de Investigaciones Avenida Caracas # 46-72, sede Las Torres, piso 5 Tel\u00e9fono: (601) [&hellip;]\" \/>\n<meta property=\"og:url\" content=\"https:\/\/www.ucatolica.edu.co\/portal\/proyectos-de-cooperacion\/\" \/>\n<meta property=\"og:site_name\" content=\"Universidad Cat\u00f3lica De Colombia\" \/>\n<meta property=\"article:publisher\" content=\"https:\/\/www.facebook.com\/ucatolicacolombia\" \/>\n<meta property=\"article:modified_time\" content=\"2021-09-10T14:09:41+00:00\" \/>\n<meta name=\"twitter:card\" content=\"summary_large_image\" \/>\n<meta name=\"twitter:site\" content=\"@UCatolicaCol\" \/>\n<meta name=\"twitter:label1\" content=\"Tiempo de lectura\" \/>\n\t<meta name=\"twitter:data1\" content=\"2 minutos\" \/>\n<script type=\"application\/ld+json\" class=\"yoast-schema-graph\">{\"@context\":\"https:\/\/schema.org\",\"@graph\":[{\"@type\":\"WebPage\",\"@id\":\"https:\/\/www.ucatolica.edu.co\/portal\/proyectos-de-cooperacion\/\",\"url\":\"https:\/\/www.ucatolica.edu.co\/portal\/proyectos-de-cooperacion\/\",\"name\":\"Proyectos de Cooperaci\u00f3n - Universidad Cat\u00f3lica De Colombia\",\"isPartOf\":{\"@id\":\"https:\/\/www.ucatolica.edu.co\/portal\/#website\"},\"datePublished\":\"2018-08-28T16:55:05+00:00\",\"dateModified\":\"2021-09-10T14:09:41+00:00\",\"breadcrumb\":{\"@id\":\"https:\/\/www.ucatolica.edu.co\/portal\/proyectos-de-cooperacion\/#breadcrumb\"},\"inLanguage\":\"es-CO\",\"potentialAction\":[{\"@type\":\"ReadAction\",\"target\":[\"https:\/\/www.ucatolica.edu.co\/portal\/proyectos-de-cooperacion\/\"]}]},{\"@type\":\"BreadcrumbList\",\"@id\":\"https:\/\/www.ucatolica.edu.co\/portal\/proyectos-de-cooperacion\/#breadcrumb\",\"itemListElement\":[{\"@type\":\"ListItem\",\"position\":1,\"name\":\"Inicio\",\"item\":\"https:\/\/www.ucatolica.edu.co\/portal\/\"},{\"@type\":\"ListItem\",\"position\":2,\"name\":\"Proyectos de Cooperaci\u00f3n\"}]},{\"@type\":\"WebSite\",\"@id\":\"https:\/\/www.ucatolica.edu.co\/portal\/#website\",\"url\":\"https:\/\/www.ucatolica.edu.co\/portal\/\",\"name\":\"Universidad Cat\u00f3lica De Colombia\",\"description\":\"Universidad Cat\u00f3lica De Colombia\",\"publisher\":{\"@id\":\"https:\/\/www.ucatolica.edu.co\/portal\/#organization\"},\"potentialAction\":[{\"@type\":\"SearchAction\",\"target\":{\"@type\":\"EntryPoint\",\"urlTemplate\":\"https:\/\/www.ucatolica.edu.co\/portal\/?s={search_term_string}\"},\"query-input\":{\"@type\":\"PropertyValueSpecification\",\"valueRequired\":true,\"valueName\":\"search_term_string\"}}],\"inLanguage\":\"es-CO\"},{\"@type\":\"Organization\",\"@id\":\"https:\/\/www.ucatolica.edu.co\/portal\/#organization\",\"name\":\"Universidad Cat\u00f3lica de Colombia\",\"url\":\"https:\/\/www.ucatolica.edu.co\/portal\/\",\"logo\":{\"@type\":\"ImageObject\",\"inLanguage\":\"es-CO\",\"@id\":\"https:\/\/www.ucatolica.edu.co\/portal\/#\/schema\/logo\/image\/\",\"url\":\"https:\/\/www.ucatolica.edu.co\/portal\/wp-content\/uploads\/2021\/06\/logo-header-ho-1.svg\",\"contentUrl\":\"https:\/\/www.ucatolica.edu.co\/portal\/wp-content\/uploads\/2021\/06\/logo-header-ho-1.svg\",\"width\":1,\"height\":1,\"caption\":\"Universidad Cat\u00f3lica de Colombia\"},\"image\":{\"@id\":\"https:\/\/www.ucatolica.edu.co\/portal\/#\/schema\/logo\/image\/\"},\"sameAs\":[\"https:\/\/www.facebook.com\/ucatolicacolombia\",\"https:\/\/x.com\/UCatolicaCol\",\"https:\/\/www.instagram.com\/universidadcatolicadecolombia\/\",\"https:\/\/www.linkedin.com\/company\/universidadcatolicadecolombia\/\",\"https:\/\/www.youtube.com\/user\/UCatolicaCo\"]}]}<\/script>\n<!-- \/ Yoast SEO plugin. -->","yoast_head_json":{"title":"Proyectos de Cooperaci\u00f3n - Universidad Cat\u00f3lica De Colombia","robots":{"index":"index","follow":"follow","max-snippet":"max-snippet:-1","max-image-preview":"max-image-preview:large","max-video-preview":"max-video-preview:-1"},"canonical":"https:\/\/www.ucatolica.edu.co\/portal\/proyectos-de-cooperacion\/","og_locale":"es_ES","og_type":"article","og_title":"Proyectos de Cooperaci\u00f3n - Universidad Cat\u00f3lica De Colombia","og_description":"Proyectos de Cooperaci\u00f3n Proyectos de Cooperaci\u00f3n 2021 Colaboraci\u00f3n universidades extranjeras 2021, clic aqu\u00ed Colaboraci\u00f3n universidades nacionales 2021, clic aqu\u00ed Colaboraci\u00f3n con empresas nacionales y extranjeras 2021, clic aqu\u00ed Red internacional universitaria para el desarrollo de la investigaci\u00f3n 2021, clic aqu\u00ed Direcci\u00f3n Central de Investigaciones Avenida Caracas # 46-72, sede Las Torres, piso 5 Tel\u00e9fono: (601) [&hellip;]","og_url":"https:\/\/www.ucatolica.edu.co\/portal\/proyectos-de-cooperacion\/","og_site_name":"Universidad Cat\u00f3lica De Colombia","article_publisher":"https:\/\/www.facebook.com\/ucatolicacolombia","article_modified_time":"2021-09-10T14:09:41+00:00","twitter_card":"summary_large_image","twitter_site":"@UCatolicaCol","twitter_misc":{"Tiempo de lectura":"2 minutos"},"schema":{"@context":"https:\/\/schema.org","@graph":[{"@type":"WebPage","@id":"https:\/\/www.ucatolica.edu.co\/portal\/proyectos-de-cooperacion\/","url":"https:\/\/www.ucatolica.edu.co\/portal\/proyectos-de-cooperacion\/","name":"Proyectos de Cooperaci\u00f3n - Universidad Cat\u00f3lica De Colombia","isPartOf":{"@id":"https:\/\/www.ucatolica.edu.co\/portal\/#website"},"datePublished":"2018-08-28T16:55:05+00:00","dateModified":"2021-09-10T14:09:41+00:00","breadcrumb":{"@id":"https:\/\/www.ucatolica.edu.co\/portal\/proyectos-de-cooperacion\/#breadcrumb"},"inLanguage":"es-CO","potentialAction":[{"@type":"ReadAction","target":["https:\/\/www.ucatolica.edu.co\/portal\/proyectos-de-cooperacion\/"]}]},{"@type":"BreadcrumbList","@id":"https:\/\/www.ucatolica.edu.co\/portal\/proyectos-de-cooperacion\/#breadcrumb","itemListElement":[{"@type":"ListItem","position":1,"name":"Inicio","item":"https:\/\/www.ucatolica.edu.co\/portal\/"},{"@type":"ListItem","position":2,"name":"Proyectos de Cooperaci\u00f3n"}]},{"@type":"WebSite","@id":"https:\/\/www.ucatolica.edu.co\/portal\/#website","url":"https:\/\/www.ucatolica.edu.co\/portal\/","name":"Universidad Cat\u00f3lica De Colombia","description":"Universidad Cat\u00f3lica De Colombia","publisher":{"@id":"https:\/\/www.ucatolica.edu.co\/portal\/#organization"},"potentialAction":[{"@type":"SearchAction","target":{"@type":"EntryPoint","urlTemplate":"https:\/\/www.ucatolica.edu.co\/portal\/?s={search_term_string}"},"query-input":{"@type":"PropertyValueSpecification","valueRequired":true,"valueName":"search_term_string"}}],"inLanguage":"es-CO"},{"@type":"Organization","@id":"https:\/\/www.ucatolica.edu.co\/portal\/#organization","name":"Universidad Cat\u00f3lica de Colombia","url":"https:\/\/www.ucatolica.edu.co\/portal\/","logo":{"@type":"ImageObject","inLanguage":"es-CO","@id":"https:\/\/www.ucatolica.edu.co\/portal\/#\/schema\/logo\/image\/","url":"https:\/\/www.ucatolica.edu.co\/portal\/wp-content\/uploads\/2021\/06\/logo-header-ho-1.svg","contentUrl":"https:\/\/www.ucatolica.edu.co\/portal\/wp-content\/uploads\/2021\/06\/logo-header-ho-1.svg","width":1,"height":1,"caption":"Universidad Cat\u00f3lica de Colombia"},"image":{"@id":"https:\/\/www.ucatolica.edu.co\/portal\/#\/schema\/logo\/image\/"},"sameAs":["https:\/\/www.facebook.com\/ucatolicacolombia","https:\/\/x.com\/UCatolicaCol","https:\/\/www.instagram.com\/universidadcatolicadecolombia\/","https:\/\/www.linkedin.com\/company\/universidadcatolicadecolombia\/","https:\/\/www.youtube.com\/user\/UCatolicaCo"]}]}},"coauthors":[],"author_meta":{"author_link":"https:\/\/www.ucatolica.edu.co\/portal\/author\/carrnall\/","display_name":"Carlos Zea"},"relative_dates":{"created":"Posted 8 a\u00f1os ago","modified":"Updated 5 a\u00f1os ago"},"absolute_dates":{"created":"Posted on 28 agosto, 2018","modified":"Updated on 10 septiembre, 2021"},"absolute_dates_time":{"created":"Posted on 28 agosto, 2018 11:55 am","modified":"Updated on 10 septiembre, 2021 9:09 am"},"featured_img_caption":"","featured_img":false,"series_order":"","_links":{"self":[{"href":"https:\/\/www.ucatolica.edu.co\/portal\/wp-json\/wp\/v2\/pages\/735","targetHints":{"allow":["GET"]}}],"collection":[{"href":"https:\/\/www.ucatolica.edu.co\/portal\/wp-json\/wp\/v2\/pages"}],"about":[{"href":"https:\/\/www.ucatolica.edu.co\/portal\/wp-json\/wp\/v2\/types\/page"}],"author":[{"embeddable":true,"href":"https:\/\/www.ucatolica.edu.co\/portal\/wp-json\/wp\/v2\/users\/2"}],"replies":[{"embeddable":true,"href":"https:\/\/www.ucatolica.edu.co\/portal\/wp-json\/wp\/v2\/comments?post=735"}],"version-history":[{"count":0,"href":"https:\/\/www.ucatolica.edu.co\/portal\/wp-json\/wp\/v2\/pages\/735\/revisions"}],"wp:attachment":[{"href":"https:\/\/www.ucatolica.edu.co\/portal\/wp-json\/wp\/v2\/media?parent=735"}],"curies":[{"name":"wp","href":"https:\/\/api.w.org\/{rel}","templated":true}]}}