{"id":841,"date":"2018-08-29T12:23:52","date_gmt":"2018-08-29T17:23:52","guid":{"rendered":"http:\/\/localhost:8888\/portal\/?page_id=841"},"modified":"2018-08-29T12:23:52","modified_gmt":"2018-08-29T17:23:52","slug":"servicios-para-egresados","status":"publish","type":"page","link":"https:\/\/www.ucatolica.edu.co\/portal\/vida-universitaria\/servicios-para-egresados\/","title":{"rendered":"Servicios para egresados"},"content":{"rendered":"<h2>Servicios para egresados<\/h2>\n<p>&nbsp;<br \/>\nA continuaci\u00f3n encontrar\u00e1n informaci\u00f3n sobre los servicios v\u00eda web que la Universidad Cat\u00f3lica de Colombia ofrece a sus egresados. Los invitamos a consultarlos.<br \/>\nPara m\u00e1s informaci\u00f3n, agradecemos escribir al correo electr\u00f3nico: egresados@ucatolica.edu.co.<\/p>\n<div id=\"accordion\" class=\"panel-group\">\n<div class=\"panel panel-default\">\n<div id=\"headingCuatro\" class=\"panel-heading\">\n<h4 class=\"panel-title\"><a href=\"#collapseCuatro\" data-toggle=\"collapse\" data-parent=\"#accordion\">Consultorios<\/a><\/h4>\n<\/div>\n<div id=\"collapseCuatro\" class=\"panel-collapse collapse\">\n<div class=\"panel-body\">\nLa Universidad les ofrece el servicio gratuito en sus centros de:<\/p>\n<ul>\n<li>Consultorio Jur\u00eddico y\u00a0Centros de Conciliaci\u00f3n<\/li>\n<\/ul>\n<p>Los egresados se beneficiar\u00e1n de forma gratuita con este servicio de la Universidad donde los estudiantes de \u00faltimos semestres de la Facultad de Derecho, con la asesor\u00eda de tutores, brindan asistencia como abogados, conforme a la Ley y en desarrollo de la Misi\u00f3n-visi\u00f3n de la instituci\u00f3n, en casos que sean de su competencia. M\u00e1s informaci\u00f3n del <a href=\"https:\/\/www.ucatolica.edu.co\/portal\/proyeccion-social\/consultorio-juridico\/\" target=\"_blank\" rel=\"noopener\">Consultorio Jur\u00eddico.<\/a><\/p>\n<ul>\n<li>Unidad de Servicios Psicol\u00f3gicos<\/li>\n<\/ul>\n<p>La Facultad de Psicolog\u00eda ofrece asesor\u00eda integral mediante consulta individual, grupal, y familiar, promoviendo la calidad de vida de los egresados y realizando un aporte social a la comunidad. Informes en <a href=\"https:\/\/www.ucatolica.edu.co\/portal\/proyeccion-social\/servicio-a-la-comunidad-de-la-facultad-de-psicologia\/\" target=\"_blank\" rel=\"noopener\">Servicio a la Comunidad<\/a>\n<\/div>\n<\/div>\n<\/div>\n<div class=\"panel panel-default\">\n<div id=\"headingCinco\" class=\"panel-heading\">\n<h4 class=\"panel-title\"><a href=\"#collapseCinco\" data-toggle=\"collapse\" data-parent=\"#accordion\">Servicio de Orientaci\u00f3n Profesional<\/a><\/h4>\n<\/div>\n<div id=\"collapseCinco\" class=\"panel-collapse collapse\">\n<div class=\"panel-body\">\nLa finalidad de este servicio es el de incrementar las posibilidades de inserci\u00f3n laboral de los alumnos y egresados de la Universidad, orient\u00e1ndolos en su camino hacia la incorporaci\u00f3n y permanencia en el mercado laboral.<br \/>\nSe ofrecen los siguientes servicios:<\/p>\n<ul>\n<li>Conferencias de capacitaci\u00f3n para el entorno laboral y desarrollo de competencias.<\/li>\n<li>Conferencias a las empresas sobre temas organizacionales. (para impulsar las relaciones Universidad-Empresa).<\/li>\n<\/ul>\n<p class=\"note\">Informes Coordinaci\u00f3n de Egresados 4433700 ext. 1087, 1094, 1093 y 3293<\/p>\n<\/div>\n<\/div>\n<\/div>\n<div class=\"panel panel-default\">\n<div id=\"headingSeis\" class=\"panel-heading\">\n<h4 class=\"panel-title\"><a href=\"#collapseSeis\" data-toggle=\"collapse\" data-parent=\"#accordion\">Cat\u00f3licos en el mundo<\/a><\/h4>\n<\/div>\n<div id=\"collapseSeis\" class=\"panel-collapse collapse\">\n<div class=\"panel-body\">\nOportunidades internacionales para egresados.<br \/>\nA trav\u00e9s de la Direcci\u00f3n de Relaciones Internacionales de la Universidad, se ofrece a los egresados informaci\u00f3n en temas referentes a oportunidades de apertura en escenarios internacionales:<br \/>\nDivulgaci\u00f3n de ofertas de becas oficiales, financiamiento de posgrados, posdoctorados y estancias en el exterior. M\u00e1s informaci\u00f3n en <a href=\"https:\/\/www.ucatolica.edu.co\/portal\/programas\/internacionalizacion\/\" target=\"_blank\" rel=\"noopener\">Internacionalizaci\u00f3n<\/a>\n<\/div>\n<\/div>\n<\/div>\n<div class=\"panel panel-default\">\n<div id=\"headingSiete\" class=\"panel-heading\">\n<h4 class=\"panel-title\"><a href=\"#collapseSiete\" data-toggle=\"collapse\" data-parent=\"#accordion\">Publicaciones Institucionales<\/a><\/h4>\n<\/div>\n<div id=\"collapseSiete\" class=\"panel-collapse collapse\">\n<div class=\"panel-body\">\nLa Editorial de la Universidad ofrece productos editoriales institucionales resultantes de la investigaci\u00f3n, la docencia, la extensi\u00f3n y dem\u00e1s actividades del ejercicio acad\u00e9mico.<br \/>\nEnlaces de inter\u00e9s:<\/p>\n<ul>\n<li><a href=\"http:\/\/publicaciones.ucatolica.edu.co\/e-book.html\" target=\"_blank\" rel=\"noopener\">Compra de libros<\/a><\/li>\n<li><a href=\"http:\/\/publicaciones.ucatolica.edu.co\/libros.html?products_format=2226\" target=\"_blank\" rel=\"noopener\">Descargas gratuitas de libros<\/a><\/li>\n<li><a href=\"http:\/\/publicaciones.ucatolica.edu.co\/revistas-cientificas\" target=\"_blank\" rel=\"noopener\">Inscripciones a las revistas institucionales para poder acceder a los art\u00edculos de las mismas.<\/a><\/li>\n<\/ul>\n<\/div>\n<\/div>\n<\/div>\n<div class=\"panel panel-default\">\n<div id=\"headingOcho\" class=\"panel-heading\">\n<h4 class=\"panel-title\"><a href=\"#collapseOcho\" data-toggle=\"collapse\" data-parent=\"#accordion\">Estudie en la U<\/a><\/h4>\n<\/div>\n<div id=\"collapseOcho\" class=\"panel-collapse collapse\">\n<div class=\"panel-body\">\n\u200bDescuentos<\/p>\n<ul>\n<li>Posgrados: La Universidad le ofrece a sus egresados descuento del 10% en la matr\u00edcula de cualquiera de los posgrados de la instituci\u00f3n.<\/li>\n<li>Educaci\u00f3n Continuada: La Instituci\u00f3n ofrece a sus egresados descuentos en sus programas de educaci\u00f3n continua tales como diplomados, cursos, y talleres.<\/li>\n<\/ul>\n<\/div>\n<\/div>\n<\/div>\n<div class=\"panel panel-default\">\n<div id=\"headingNueve\" class=\"panel-heading\">\n<h4 class=\"panel-title\"><a href=\"#collapseNueve\" data-toggle=\"collapse\" data-parent=\"#accordion\">Directorio empresarial de egresados<\/a><\/h4>\n<\/div>\n<div id=\"collapseNueve\" class=\"panel-collapse collapse\">\n<div class=\"panel-body\">\nEl Directorio Negociemos est\u00e1 conformado exclusivamente por egresados due\u00f1os de empresas, que quieran ofrecer sus productos y servicios a la comunidad universitaria; por ello el directorio se convierte en una oportunidad de negocio importante para quienes forman parte de \u00e9ste.<\/p>\n<ul>\n<li><a href=\"https:\/\/www.ucatolica.edu.co\/portal\/wp-content\/uploads\/adjuntos\/negociemos\/directorio.pdf\" target=\"_blank\" rel=\"noopener\">Directorio de empresas.<\/a><\/li>\n<li><a href=\"https:\/\/www.ucatolica.edu.co\/portal\/egresados\/servicios\/negociemos\/\" target=\"_blank\" rel=\"noopener\">Inscripci\u00f3n al directorio.<\/a><\/li>\n<\/ul>\n<\/div>\n<\/div>\n<\/div>\n<div class=\"panel panel-default\">\n<div id=\"headingDiez\" class=\"panel-heading\">\n<h4 class=\"panel-title\"><a href=\"#collapseDiez\" data-toggle=\"collapse\" data-parent=\"#accordion\">Consulta virtual<\/a><\/h4>\n<\/div>\n<div id=\"collapseDiez\" class=\"panel-collapse collapse\">\n<div class=\"panel-body\">\nIngresando con su correo electr\u00f3nico y contrase\u00f1a institucional podr\u00e1 realizar consultas virtuales a las <a href=\"http:\/\/regweb.ucatolica.edu.co\/paw\/servlet\/haccsepor?HAcReBib\" target=\"_black\" rel=\"noopener\">redes de bibliotecas<\/a> de la Biblioteca.<\/p>\n<ul class=\"list-inside\">\n<li><a href=\"http:\/\/regweb.ucatolica.edu.co\/paw\/servlet\/haccsepor?HAcReBib\" target=\"_blank\" rel=\"noopener\">PROQUEST<\/a><\/li>\n<li><a href=\"http:\/\/regweb.ucatolica.edu.co\/paw\/servlet\/haccsepor?HAcReBib\" target=\"_blank\" rel=\"noopener\">E-LIBRO<\/a><\/li>\n<li><a href=\"http:\/\/regweb.ucatolica.edu.co\/paw\/servlet\/haccsepor?HAcReBib\" target=\"_blank\" rel=\"noopener\">VIRTUALPRO<\/a><\/li>\n<li><a href=\"http:\/\/regweb.ucatolica.edu.co\/paw\/servlet\/haccsepor?HAcReBib\" target=\"_blank\" rel=\"noopener\">Leyex.info<\/a><\/li>\n<li><a href=\"http:\/\/regweb.ucatolica.edu.co\/paw\/servlet\/haccsepor?HAcReBib\" target=\"_blank\" rel=\"noopener\">Ebsco Host<\/a><\/li>\n<li><a href=\"http:\/\/regweb.ucatolica.edu.co\/paw\/servlet\/haccsepor?HAcReBib\" target=\"_blank\" rel=\"noopener\">PsycARTICLES<\/a><\/li>\n<li><a href=\"http:\/\/regweb.ucatolica.edu.co\/paw\/servlet\/haccsepor?HAcReBib\" target=\"_blank\" rel=\"noopener\">LexBase<\/a><\/li>\n<\/ul>\n<\/div>\n<\/div>\n<\/div>\n<div class=\"panel panel-default\">\n<div id=\"headingCero\" class=\"panel-heading\">\n<h4 class=\"panel-title\"><a href=\"#collapseCero\" data-toggle=\"collapse\" data-parent=\"#accordion\">Biblioteca<\/a><\/h4>\n<\/div>\n<div id=\"collapseCero\" class=\"panel-collapse collapse\">\n<div class=\"panel-body\">\n<h3>Acceso a la Biblioteca y pr\u00e9stamos:<\/h3>\n<p>Presentando el carn\u00e9 de egresado, podr\u00e1 acceder a la Biblioteca Alfonso Borrero Cabal, S.J. y disfrutar de todos los libros y colecciones.<br \/>\nBiblioteca en el sitio <a href=\"https:\/\/www.ucatolica.edu.co\/portal\/biblioteca\/\" target=\"_blank\" rel=\"noopener\"> web<\/a>:<br \/>\nAcceda con su correo electr\u00f3nico institucional y contrase\u00f1a\n<\/div>\n<\/div>\n<\/div>\n<div class=\"panel panel-default\">\n<div id=\"headingDos\" class=\"panel-heading\">\n<h4 class=\"panel-title\"><a href=\"#collapseDos\" data-toggle=\"collapse\" data-parent=\"#accordion\">Carnetizaci\u00f3n<\/a><\/h4>\n<\/div>\n<div id=\"collapseDos\" class=\"panel-collapse collapse\">\n<div class=\"panel-body\">\n<h3>Carn\u00e9 de egresados<\/h3>\n<p>Entrega del carn\u00e9 para egresados por primera vez<br \/>\nEn caso de que su carn\u00e9 de egresado no le sea entregado con el Acta y el Diploma de profesional, dir\u00edjase a la Oficina de Admisiones Registro y Control Acad\u00e9mico ubicada en la avenida Caracas # 46-72, piso 2, de lunes a viernes de 8:00 a.m. a 8:00 p.m.<br \/>\nPara egresados que se encuentren fuera de Bogot\u00e1, deben enviar a una persona en su representaci\u00f3n junto con una carta de autorizaci\u00f3n y una foto 3&#215;4 fondo blanco.<br \/>\nEl personal encargado verificar\u00e1 su situaci\u00f3n, le tomar\u00e1 una foto y le notificar\u00e1 el tiempo estimado de la entrega del carn\u00e9.<\/p>\n<p class=\"note\">Para m\u00e1s informaci\u00f3n comun\u00edquese al tel\u00e9fono 4433700, exts. 1096, 1097, 3270 y 3271<\/p>\n<h3>Solicitud de duplicado del carn\u00e9 para egresados<\/h3>\n<ul>\n<li>Solicite en biblioteca el paz y salvo.<\/li>\n<li>Dir\u00edjase a la Oficina de Admisiones, Registro y Control Acad\u00e9mico, ubicada en la avenida Caracas # 46-72, piso 2, con el paz y salvo de Biblioteca y reclame el recibo de pago.<\/li>\n<li>Consigne en el banco asignado el valor indicado.<\/li>\n<li>Dir\u00edjase nuevamente a la Oficina de Admisiones, Registro y Control Acad\u00e9mico con el soporte de pago y el paz y salvo de Biblioteca, el personal encargado le tomar\u00e1 una foto, y le notificar\u00e1 el tiempo estimado para la entrega del carn\u00e9.<\/li>\n<\/ul>\n<p class=\"note\">Para m\u00e1s informaci\u00f3n comun\u00edquese al tel\u00e9fono 4433700, exts.1096 y 1097<\/p>\n<\/div>\n<\/div>\n<\/div>\n<div class=\"panel panel-default\">\n<div id=\"headingTres\" class=\"panel-heading\">\n<h4 class=\"panel-title\"><a class=\"collapsed\" href=\"#collapseTres\" data-toggle=\"collapse\" data-parent=\"#accordion\">Bienestar para Egresados<\/a><\/h4>\n<\/div>\n<div id=\"collapseTres\" class=\"panel-collapse collapse\">\n<div class=\"panel-body\">\n<h3>\u00c1reas y programas<\/h3>\n<p>Haga parte de los grupos culturales y deportivos que ofrece la universidad. Comun\u00edquese al correo electr\u00f3nico bienestar@ucatolica.edu.co<\/p>\n<h3>\u00c1rea Pastoral<\/h3>\n<p>Conozca los servicios ofrecidos por el \u00e1rea pastoral y obtenga descuentos especiales.<\/p>\n<p class=\"note\">Para m\u00e1s informaci\u00f3n comun\u00edquese al tel\u00e9fono 4433700, ext. 3090<\/p>\n<h3>Gimnasio Universidad Cat\u00f3lica de Colombia<\/h3>\n<p>La Universidad ha dispuesto en la sede El Claustro, un gimnasio dotado de m\u00e1quinas modernas y de un equipo humano capacitado para ofrecer una atenci\u00f3n acorde a las necesidades f\u00edsicas de cada usuario.\n<\/p><\/div>\n<\/div>\n<\/div>\n<div class=\"panel panel-default\">\n<div id=\"headingOnce\" class=\"panel-heading\">\n<h4 class=\"panel-title\"><a href=\"#collapseOnce\" data-toggle=\"collapse\" data-parent=\"#accordion\">Servicios acad\u00e9micos virtuales<\/a><\/h4>\n<\/div>\n<div id=\"collapseOnce\" class=\"panel-collapse collapse\">\n<div class=\"panel-body\">\nEste servicio permite conocer la historia acad\u00e9mica de forma virtual, para ello deben activar el correo institucional, enviando los siguientes datos: Nombre, programa y c\u00e9dula escaneada, al correo virtual@ucatolica.edu.co<br \/>\nCuando el correo se encuentre activo, pueden dar clic <a href=\"https:\/\/portalweb.ucatolica.edu.co\/paw\/estudiantes\/index.php?option=com_wrapper&amp;view=wrapper&amp;Itemid=18\" target=\"_blank\" rel=\"noopener\">aqu\u00ed<\/a> y consultar la historia acad\u00e9mica.\n<\/div>\n<\/div>\n<\/div>\n<\/div>\n<p><!-- CONTENEDOR DOS PARA SIDEBAR --><\/p>\n<div id=\"contenido-dos\">\n<h2>Documentos de Inter\u00e9s<\/h2>\n<ul>\n<li class=\"btn-documentos\"><a href=\"\/portal\/wp-content\/uploads\/2023\/02\/cronogramaactividadesposgrado.pdf\" target=\"_blank\" rel=\"noopener\">Cronograma de Bienestar Universitario- Posgrados<\/a><\/li>\n<li class=\"btn-documentos\"><a href=\"\/portal\/wp-content\/uploads\/2023\/02\/cronogramaactividadespregrado.pdf\" target=\"_blank\" rel=\"noopener\">Cronograma de Bienestar Universitario- Pregrados<\/a><\/li>\n<li class=\"btn-documentos\"><a href=\"\/portal\/wp-content\/uploads\/adjuntos\/bienestar-universitario\/cronograma-administrativos.pdf\" target=\"_blank\" rel=\"noopener\">Cronograma de Bienestar Universitario- Profesor y Personal Administrativo<\/a><\/li>\n<li class=\"btn-documentos\"><a href=\"\/portal\/wp-content\/uploads\/2023\/02\/cronogramaactividadesegresados.pdf\" target=\"_blank\" rel=\"noopener\">Cronograma de Bienestar Universitario- Egresados<\/a><\/li>\n<li class=\"btn-documentos\"><a href=\"\/portal\/wp-content\/uploads\/adjuntos\/acuerdos\/consejo-superior-acuerdos-academicos-240-16.pdf\" target=\"_blank\" rel=\"noopener\">Estatuto de Bienestar Universitario<\/a><\/li>\n<\/ul>\n<h2>Accesos de Inter\u00e9s<\/h2>\n<ul>\n<li><a href=\"\/portal\/nuestra-universidad\/ucatolica-tv\/\">Ucatolica Tv<\/a><\/li>\n<li><a href=\"#\">Semilleros de Investigaci\u00f3n<\/a><\/li>\n<li><a href=\"#\">Permanecia<\/a><\/li>\n<li><a href=\"#\">Apoyo financiero<\/a><\/li>\n<li><a href=\"#\">ORII &#8211; Salidas<\/a><\/li>\n<li><a href=\"#\">Instituto de Idiomas<\/a><\/li>\n<li><a href=\"#\">Bolsa de Empleo<\/a><\/li>\n<li><a href=\"#\">Emprendimiento<\/a><\/li>\n<\/ul>\n<\/div>\n","protected":false},"excerpt":{"rendered":"<p>Servicios para egresados &nbsp; A continuaci\u00f3n encontrar\u00e1n informaci\u00f3n sobre los servicios v\u00eda web que la Universidad Cat\u00f3lica de Colombia ofrece a sus egresados. Los invitamos a consultarlos. Para m\u00e1s informaci\u00f3n, agradecemos escribir al correo electr\u00f3nico: egresados@ucatolica.edu.co. Consultorios La Universidad les ofrece el servicio gratuito en sus centros de: Consultorio Jur\u00eddico y\u00a0Centros de Conciliaci\u00f3n Los egresados [&hellip;]<\/p>\n","protected":false},"author":2,"featured_media":0,"parent":340,"menu_order":0,"comment_status":"closed","ping_status":"closed","template":"page-oldstyle.php","meta":{"_acf_changed":false,"advgb_blocks_editor_width":"","advgb_blocks_columns_visual_guide":"","footnotes":""},"class_list":["post-841","page","type-page","status-publish","hentry"],"acf":[],"coauthors":[],"author_meta":{"author_link":"https:\/\/www.ucatolica.edu.co\/portal\/author\/carrnall\/","display_name":"Carlos Zea"},"relative_dates":{"created":"Posted 8 a\u00f1os ago","modified":"Updated 8 a\u00f1os ago"},"absolute_dates":{"created":"Posted on 29 agosto, 2018","modified":"Updated on 29 agosto, 2018"},"absolute_dates_time":{"created":"Posted on 29 agosto, 2018 12:23 pm","modified":"Updated on 29 agosto, 2018 12:23 pm"},"featured_img_caption":"","featured_img":false,"series_order":"","_links":{"self":[{"href":"https:\/\/www.ucatolica.edu.co\/portal\/wp-json\/wp\/v2\/pages\/841","targetHints":{"allow":["GET"]}}],"collection":[{"href":"https:\/\/www.ucatolica.edu.co\/portal\/wp-json\/wp\/v2\/pages"}],"about":[{"href":"https:\/\/www.ucatolica.edu.co\/portal\/wp-json\/wp\/v2\/types\/page"}],"author":[{"embeddable":true,"href":"https:\/\/www.ucatolica.edu.co\/portal\/wp-json\/wp\/v2\/users\/2"}],"replies":[{"embeddable":true,"href":"https:\/\/www.ucatolica.edu.co\/portal\/wp-json\/wp\/v2\/comments?post=841"}],"version-history":[{"count":0,"href":"https:\/\/www.ucatolica.edu.co\/portal\/wp-json\/wp\/v2\/pages\/841\/revisions"}],"up":[{"embeddable":true,"href":"https:\/\/www.ucatolica.edu.co\/portal\/wp-json\/wp\/v2\/pages\/340"}],"wp:attachment":[{"href":"https:\/\/www.ucatolica.edu.co\/portal\/wp-json\/wp\/v2\/media?parent=841"}],"curies":[{"name":"wp","href":"https:\/\/api.w.org\/{rel}","templated":true}]}}