{"id":903,"date":"2018-08-31T12:41:56","date_gmt":"2018-08-31T17:41:56","guid":{"rendered":"http:\/\/localhost:8888\/portal\/?page_id=903"},"modified":"2024-11-14T16:50:36","modified_gmt":"2024-11-14T21:50:36","slug":"servicios","status":"publish","type":"page","link":"https:\/\/www.ucatolica.edu.co\/portal\/egresados\/servicios\/","title":{"rendered":"Servicios"},"content":{"rendered":"<h2>Servicios para nuestros egresados<\/h2>\n<p>La Universidad Cat\u00f3lica de Colombia reconoce a sus graduados como integrantes activos de la Instituci\u00f3n, es por ello que, se definen programas y servicios acad\u00e9micos que fortalecen el sentido de pertenencia e interacci\u00f3n de los Egresados dentro de la comunidad educativa y vida universitaria.<\/p>\n<div id=\"accordion\" class=\"panel-group\">\n<div class=\"panel panel-default\">\n<div id=\"heading1\" class=\"panel-heading\">\n<h4 class=\"panel-title\"><a href=\"#collapse1\" data-toggle=\"collapse\" data-parent=\"#accordion\">Negociemos<\/a><\/h4>\n<\/div>\n<div id=\"collapse1\" class=\"panel-collapse collapse\">\n<div class=\"panel-body\">El Directorio Negociemos est\u00e1 conformado exclusivamente por egresados due\u00f1os de empresas, que quieran ofrecer sus productos y servicios a la comunidad universitaria; por ello el directorio se convierte en una oportunidad de negocio importante para quienes forman parte de \u00e9ste.<\/p>\n<ul>\n<li class=\"pdf\"><a href=\"\/portal\/wp-content\/uploads\/adjuntos\/negociemos\/directorio.pdf\" target=\"_blank\" rel=\"noopener\">Directorio de empresas.<\/a><\/li>\n<\/ul>\n<h4>\u00bfC\u00f3mo hacer parte?<\/h4>\n<p>Registrando la informaci\u00f3n de la empresa <a href=\"https:\/\/forms.gle\/EkWJmdmry6Ui7j3EA\" target=\"_blank\" rel=\"noopener\">aqu\u00ed<\/a><br \/>\nInformes<br \/>\nCoordinaci\u00f3n de Egresados<br \/>\nTel\u00e9fono 3271300 Exts. 1094 y 1093<br \/>\negresados@ucatolica.edu.co<\/p>\n<\/div>\n<\/div>\n<\/div>\n<\/div>\n<div id=\"accordion\" class=\"panel-group\">\n<div class=\"panel panel-default\">\n<div id=\"heading3\" class=\"panel-heading\">\n<h4 class=\"panel-title\"><a href=\"#collapse3\" data-toggle=\"collapse\" data-parent=\"#accordion\">Bolsa de Empleo<\/a><\/h4>\n<\/div>\n<div id=\"collapse3\" class=\"panel-collapse collapse\">\n<div class=\"panel-body\">En la Bolsa de empleo de la Universidad, podr\u00e1 tener acceso a las diferentes ofertas de empleo, adem\u00e1s orientaci\u00f3n para mejorar su hoja de vida, charlas y talleres de orientaci\u00f3n ocupacional.<\/p>\n<ul>\n<li><a href=\"https:\/\/jobboard.universia.net\/mitrabajoucatolica\">Bolsa de Empleo de la Universidad Cat\u00f3lica de Colombia<\/a><\/li>\n<li><a href=\"https:\/\/www.ucatolica.edu.co\/portal\/wp-content\/uploads\/2024\/08\/ProgramadeempleabilidadFF.pdf\">Manual de registro a la Bolsa de Empleo<\/a><\/li>\n<li><a href=\"https:\/\/www.youtube.com\/shorts\/N8gvQz1LALo\" target=\"_blank\" rel=\"noopener\"><i>Haz parte del Portal de Empleabilidad<\/i><\/a><\/li>\n<li><a href=\"https:\/\/www.youtube.com\/shorts\/0_2L_cP3V3I\" target=\"_blank\" rel=\"noopener\"><i>\u00danete al Programa de Empleabilidad<\/i><\/a><\/li>\n<li><a href=\"https:\/\/www.youtube.com\/shorts\/NxL28zuohoc\" target=\"_blank\" rel=\"noopener\"><i>Claves para tener \u00e9xito en tu entrevista laboral<\/i><\/a><\/li>\n<li><a href=\"https:\/\/www.youtube.com\/watch?v=Z82BKm5APE4\" target=\"_blank\" rel=\"noopener\"><i>Crea una Hoja de Vida que impresione a los reclutadores<\/i><\/a><\/li>\n<\/ul>\n<ol>\n<li>Conozca la Resoluci\u00f3n de Autorizaci\u00f3n del Ministerio de Trabajo para prestar servicios de Bolsa de Empleo a la Universidad Cat\u00f3lica de Colombia, <a href=\"https:\/\/www.ucatolica.edu.co\/portal\/wp-content\/uploads\/2022\/10\/RES0466-AUTORIZACION-IES-UNIVERSIDAD-CATOLICA-DE-COLOMBIA-1.pdf\">clic aqu\u00ed.<\/a><\/li>\n<li>Conozca el Reglamento de prestaci\u00f3n de servicios de gesti\u00f3n y colocaci\u00f3n de la Bolsa de Empleo de la Universidad Cat\u00f3lica de Colombia, <a href=\"https:\/\/www.ucatolica.edu.co\/portal\/wp-content\/uploads\/2022\/10\/reglamento-bolsa-de-empleo.pdf\">clic aqu\u00ed.<\/a><\/li>\n<\/ol>\n<p><strong>Datos de contacto:<\/strong><\/p>\n<p><strong>Especialista en Empleabilidad<br \/>\n<\/strong>Pbx: (601) 4433700 Ext: 3293<br \/>\n<strong>empleabilidad@ucatolica.edu.co<\/strong><br \/>\nDiagonal 46 #15B- 18 Casa de Extensi\u00f3n<\/p>\n<\/div>\n<\/div>\n<\/div>\n<\/div>\n<div id=\"accordion\" class=\"panel-group\">\n<div class=\"panel panel-default\">\n<div id=\"heading4\" class=\"panel-heading\">\n<h4 class=\"panel-title\"><a href=\"#collapse4\" data-toggle=\"collapse\" data-parent=\"#accordion\">Gimnasio<\/a><\/h4>\n<\/div>\n<div id=\"collapse4\" class=\"panel-collapse collapse\">\n<div class=\"panel-body\">La Universidad ha dispuesto en la sede El Claustro, un gimnasio dotado de m\u00e1quinas modernas y de un equipo humano capacitado para ofrecer una atenci\u00f3n acorde a las necesidades f\u00edsicas de cada usuario.<\/p>\n<ul>\n<li>Presentando el carn\u00e9 que lo identifique como egresado.<\/li>\n<\/ul>\n<p>Gimnasio<br \/>\nTel\u00e9fono 4433700 Exts. 3092<br \/>\nbienestar@ucatolica.edu.co<\/p>\n<\/div>\n<\/div>\n<\/div>\n<\/div>\n<div id=\"accordion\" class=\"panel-group\">\n<div class=\"panel panel-default\">\n<div id=\"heading5\" class=\"panel-heading\">\n<h4 class=\"panel-title\"><a href=\"#collapse5\" data-toggle=\"collapse\" data-parent=\"#accordion\">Pastoral<\/a><\/h4>\n<\/div>\n<div id=\"collapse5\" class=\"panel-collapse collapse\">\n<div class=\"panel-body\">Conozca los servicios ofrecidos por el \u00e1rea pastoral y obtenga descuentos especiales.<br \/>\nPara m\u00e1s informaci\u00f3n comun\u00edquese al tel\u00e9fono<br \/>\nTel\u00e9fono 4433700 Exts. 3090<br \/>\npastoral@ucatolica.edu.co<\/div>\n<\/div>\n<\/div>\n<\/div>\n<div id=\"accordion\" class=\"panel-group\">\n<div class=\"panel panel-default\">\n<div id=\"heading6\" class=\"panel-heading\">\n<h4 class=\"panel-title\"><a href=\"#collapse6\" data-toggle=\"collapse\" data-parent=\"#accordion\">Cat\u00f3licos por el mundo<\/a><\/h4>\n<\/div>\n<div id=\"collapse6\" class=\"panel-collapse collapse\">\n<div class=\"panel-body\">Oportunidades internacionales para egresados.<br \/>\nA trav\u00e9s de la Direcci\u00f3n de Relaciones Internacionales de la Universidad, se ofrece a los egresados informaci\u00f3n en temas referentes a oportunidades de apertura en escenarios internacionales:<br \/>\nDivulgaci\u00f3n de ofertas de becas oficiales, financiamiento de posgrados, posdoctorados y estancias en el exterior.<br \/>\nPara m\u00e1s informaci\u00f3n comun\u00edquese al tel\u00e9fono<br \/>\nTel\u00e9fono: (601) 4433700 Ext. 3280, 3281 y 3283<br \/>\nrelacionesinternacionales@ucatolica.edu.co<\/div>\n<\/div>\n<\/div>\n<\/div>\n","protected":false},"excerpt":{"rendered":"<p>Servicios para nuestros egresados La Universidad Cat\u00f3lica de Colombia reconoce a sus graduados como integrantes activos de la Instituci\u00f3n, es por ello que, se definen programas y servicios acad\u00e9micos que fortalecen el sentido de pertenencia e interacci\u00f3n de los Egresados dentro de la comunidad educativa y vida universitaria. Negociemos El Directorio Negociemos est\u00e1 conformado exclusivamente [&hellip;]<\/p>\n","protected":false},"author":2,"featured_media":0,"parent":901,"menu_order":0,"comment_status":"closed","ping_status":"closed","template":"page-oldstyle.php","meta":{"_acf_changed":false,"advgb_blocks_editor_width":"","advgb_blocks_columns_visual_guide":"","footnotes":""},"class_list":["post-903","page","type-page","status-publish","hentry"],"acf":[],"yoast_head":"<!-- This site is optimized with the Yoast SEO plugin v26.7 - https:\/\/yoast.com\/wordpress\/plugins\/seo\/ -->\n<title>Servicios - Universidad Cat\u00f3lica De Colombia<\/title>\n<meta name=\"robots\" content=\"index, follow, max-snippet:-1, max-image-preview:large, max-video-preview:-1\" \/>\n<link rel=\"canonical\" href=\"https:\/\/www.ucatolica.edu.co\/portal\/egresados\/servicios\/\" \/>\n<meta property=\"og:locale\" content=\"es_ES\" \/>\n<meta property=\"og:type\" content=\"article\" \/>\n<meta property=\"og:title\" content=\"Servicios - Universidad Cat\u00f3lica De Colombia\" \/>\n<meta property=\"og:description\" content=\"Servicios para nuestros egresados La Universidad Cat\u00f3lica de Colombia reconoce a sus graduados como integrantes activos de la Instituci\u00f3n, es por ello que, se definen programas y servicios acad\u00e9micos que fortalecen el sentido de pertenencia e interacci\u00f3n de los Egresados dentro de la comunidad educativa y vida universitaria. Negociemos El Directorio Negociemos est\u00e1 conformado exclusivamente [&hellip;]\" \/>\n<meta property=\"og:url\" content=\"https:\/\/www.ucatolica.edu.co\/portal\/egresados\/servicios\/\" \/>\n<meta property=\"og:site_name\" content=\"Universidad Cat\u00f3lica De Colombia\" \/>\n<meta property=\"article:publisher\" content=\"https:\/\/www.facebook.com\/ucatolicacolombia\" \/>\n<meta property=\"article:modified_time\" content=\"2024-11-14T21:50:36+00:00\" \/>\n<meta name=\"twitter:card\" content=\"summary_large_image\" \/>\n<meta name=\"twitter:site\" content=\"@UCatolicaCol\" \/>\n<meta name=\"twitter:label1\" content=\"Tiempo de lectura\" \/>\n\t<meta name=\"twitter:data1\" content=\"4 minutos\" \/>\n<script type=\"application\/ld+json\" class=\"yoast-schema-graph\">{\"@context\":\"https:\/\/schema.org\",\"@graph\":[{\"@type\":\"WebPage\",\"@id\":\"https:\/\/www.ucatolica.edu.co\/portal\/egresados\/servicios\/\",\"url\":\"https:\/\/www.ucatolica.edu.co\/portal\/egresados\/servicios\/\",\"name\":\"Servicios - Universidad Cat\u00f3lica De Colombia\",\"isPartOf\":{\"@id\":\"https:\/\/www.ucatolica.edu.co\/portal\/#website\"},\"datePublished\":\"2018-08-31T17:41:56+00:00\",\"dateModified\":\"2024-11-14T21:50:36+00:00\",\"breadcrumb\":{\"@id\":\"https:\/\/www.ucatolica.edu.co\/portal\/egresados\/servicios\/#breadcrumb\"},\"inLanguage\":\"es-CO\",\"potentialAction\":[{\"@type\":\"ReadAction\",\"target\":[\"https:\/\/www.ucatolica.edu.co\/portal\/egresados\/servicios\/\"]}]},{\"@type\":\"BreadcrumbList\",\"@id\":\"https:\/\/www.ucatolica.edu.co\/portal\/egresados\/servicios\/#breadcrumb\",\"itemListElement\":[{\"@type\":\"ListItem\",\"position\":1,\"name\":\"Inicio\",\"item\":\"https:\/\/www.ucatolica.edu.co\/portal\/\"},{\"@type\":\"ListItem\",\"position\":2,\"name\":\"Egresados\",\"item\":\"https:\/\/www.ucatolica.edu.co\/portal\/egresados\/\"},{\"@type\":\"ListItem\",\"position\":3,\"name\":\"Servicios\"}]},{\"@type\":\"WebSite\",\"@id\":\"https:\/\/www.ucatolica.edu.co\/portal\/#website\",\"url\":\"https:\/\/www.ucatolica.edu.co\/portal\/\",\"name\":\"Universidad Cat\u00f3lica De Colombia\",\"description\":\"Universidad Cat\u00f3lica De Colombia\",\"publisher\":{\"@id\":\"https:\/\/www.ucatolica.edu.co\/portal\/#organization\"},\"potentialAction\":[{\"@type\":\"SearchAction\",\"target\":{\"@type\":\"EntryPoint\",\"urlTemplate\":\"https:\/\/www.ucatolica.edu.co\/portal\/?s={search_term_string}\"},\"query-input\":{\"@type\":\"PropertyValueSpecification\",\"valueRequired\":true,\"valueName\":\"search_term_string\"}}],\"inLanguage\":\"es-CO\"},{\"@type\":\"Organization\",\"@id\":\"https:\/\/www.ucatolica.edu.co\/portal\/#organization\",\"name\":\"Universidad Cat\u00f3lica de Colombia\",\"url\":\"https:\/\/www.ucatolica.edu.co\/portal\/\",\"logo\":{\"@type\":\"ImageObject\",\"inLanguage\":\"es-CO\",\"@id\":\"https:\/\/www.ucatolica.edu.co\/portal\/#\/schema\/logo\/image\/\",\"url\":\"https:\/\/www.ucatolica.edu.co\/portal\/wp-content\/uploads\/2021\/06\/logo-header-ho-1.svg\",\"contentUrl\":\"https:\/\/www.ucatolica.edu.co\/portal\/wp-content\/uploads\/2021\/06\/logo-header-ho-1.svg\",\"width\":1,\"height\":1,\"caption\":\"Universidad Cat\u00f3lica de Colombia\"},\"image\":{\"@id\":\"https:\/\/www.ucatolica.edu.co\/portal\/#\/schema\/logo\/image\/\"},\"sameAs\":[\"https:\/\/www.facebook.com\/ucatolicacolombia\",\"https:\/\/x.com\/UCatolicaCol\",\"https:\/\/www.instagram.com\/universidadcatolicadecolombia\/\",\"https:\/\/www.linkedin.com\/company\/universidadcatolicadecolombia\/\",\"https:\/\/www.youtube.com\/user\/UCatolicaCo\"]}]}<\/script>\n<!-- \/ Yoast SEO plugin. -->","yoast_head_json":{"title":"Servicios - Universidad Cat\u00f3lica De Colombia","robots":{"index":"index","follow":"follow","max-snippet":"max-snippet:-1","max-image-preview":"max-image-preview:large","max-video-preview":"max-video-preview:-1"},"canonical":"https:\/\/www.ucatolica.edu.co\/portal\/egresados\/servicios\/","og_locale":"es_ES","og_type":"article","og_title":"Servicios - Universidad Cat\u00f3lica De Colombia","og_description":"Servicios para nuestros egresados La Universidad Cat\u00f3lica de Colombia reconoce a sus graduados como integrantes activos de la Instituci\u00f3n, es por ello que, se definen programas y servicios acad\u00e9micos que fortalecen el sentido de pertenencia e interacci\u00f3n de los Egresados dentro de la comunidad educativa y vida universitaria. Negociemos El Directorio Negociemos est\u00e1 conformado exclusivamente [&hellip;]","og_url":"https:\/\/www.ucatolica.edu.co\/portal\/egresados\/servicios\/","og_site_name":"Universidad Cat\u00f3lica De Colombia","article_publisher":"https:\/\/www.facebook.com\/ucatolicacolombia","article_modified_time":"2024-11-14T21:50:36+00:00","twitter_card":"summary_large_image","twitter_site":"@UCatolicaCol","twitter_misc":{"Tiempo de lectura":"4 minutos"},"schema":{"@context":"https:\/\/schema.org","@graph":[{"@type":"WebPage","@id":"https:\/\/www.ucatolica.edu.co\/portal\/egresados\/servicios\/","url":"https:\/\/www.ucatolica.edu.co\/portal\/egresados\/servicios\/","name":"Servicios - Universidad Cat\u00f3lica De Colombia","isPartOf":{"@id":"https:\/\/www.ucatolica.edu.co\/portal\/#website"},"datePublished":"2018-08-31T17:41:56+00:00","dateModified":"2024-11-14T21:50:36+00:00","breadcrumb":{"@id":"https:\/\/www.ucatolica.edu.co\/portal\/egresados\/servicios\/#breadcrumb"},"inLanguage":"es-CO","potentialAction":[{"@type":"ReadAction","target":["https:\/\/www.ucatolica.edu.co\/portal\/egresados\/servicios\/"]}]},{"@type":"BreadcrumbList","@id":"https:\/\/www.ucatolica.edu.co\/portal\/egresados\/servicios\/#breadcrumb","itemListElement":[{"@type":"ListItem","position":1,"name":"Inicio","item":"https:\/\/www.ucatolica.edu.co\/portal\/"},{"@type":"ListItem","position":2,"name":"Egresados","item":"https:\/\/www.ucatolica.edu.co\/portal\/egresados\/"},{"@type":"ListItem","position":3,"name":"Servicios"}]},{"@type":"WebSite","@id":"https:\/\/www.ucatolica.edu.co\/portal\/#website","url":"https:\/\/www.ucatolica.edu.co\/portal\/","name":"Universidad Cat\u00f3lica De Colombia","description":"Universidad Cat\u00f3lica De Colombia","publisher":{"@id":"https:\/\/www.ucatolica.edu.co\/portal\/#organization"},"potentialAction":[{"@type":"SearchAction","target":{"@type":"EntryPoint","urlTemplate":"https:\/\/www.ucatolica.edu.co\/portal\/?s={search_term_string}"},"query-input":{"@type":"PropertyValueSpecification","valueRequired":true,"valueName":"search_term_string"}}],"inLanguage":"es-CO"},{"@type":"Organization","@id":"https:\/\/www.ucatolica.edu.co\/portal\/#organization","name":"Universidad Cat\u00f3lica de Colombia","url":"https:\/\/www.ucatolica.edu.co\/portal\/","logo":{"@type":"ImageObject","inLanguage":"es-CO","@id":"https:\/\/www.ucatolica.edu.co\/portal\/#\/schema\/logo\/image\/","url":"https:\/\/www.ucatolica.edu.co\/portal\/wp-content\/uploads\/2021\/06\/logo-header-ho-1.svg","contentUrl":"https:\/\/www.ucatolica.edu.co\/portal\/wp-content\/uploads\/2021\/06\/logo-header-ho-1.svg","width":1,"height":1,"caption":"Universidad Cat\u00f3lica de Colombia"},"image":{"@id":"https:\/\/www.ucatolica.edu.co\/portal\/#\/schema\/logo\/image\/"},"sameAs":["https:\/\/www.facebook.com\/ucatolicacolombia","https:\/\/x.com\/UCatolicaCol","https:\/\/www.instagram.com\/universidadcatolicadecolombia\/","https:\/\/www.linkedin.com\/company\/universidadcatolicadecolombia\/","https:\/\/www.youtube.com\/user\/UCatolicaCo"]}]}},"coauthors":[],"author_meta":{"author_link":"https:\/\/www.ucatolica.edu.co\/portal\/author\/carrnall\/","display_name":"Carlos Zea"},"relative_dates":{"created":"Posted 8 a\u00f1os ago","modified":"Updated 1 a\u00f1o ago"},"absolute_dates":{"created":"Posted on 31 agosto, 2018","modified":"Updated on 14 noviembre, 2024"},"absolute_dates_time":{"created":"Posted on 31 agosto, 2018 12:41 pm","modified":"Updated on 14 noviembre, 2024 4:50 pm"},"featured_img_caption":"","featured_img":false,"series_order":"","_links":{"self":[{"href":"https:\/\/www.ucatolica.edu.co\/portal\/wp-json\/wp\/v2\/pages\/903","targetHints":{"allow":["GET"]}}],"collection":[{"href":"https:\/\/www.ucatolica.edu.co\/portal\/wp-json\/wp\/v2\/pages"}],"about":[{"href":"https:\/\/www.ucatolica.edu.co\/portal\/wp-json\/wp\/v2\/types\/page"}],"author":[{"embeddable":true,"href":"https:\/\/www.ucatolica.edu.co\/portal\/wp-json\/wp\/v2\/users\/2"}],"replies":[{"embeddable":true,"href":"https:\/\/www.ucatolica.edu.co\/portal\/wp-json\/wp\/v2\/comments?post=903"}],"version-history":[{"count":17,"href":"https:\/\/www.ucatolica.edu.co\/portal\/wp-json\/wp\/v2\/pages\/903\/revisions"}],"predecessor-version":[{"id":113499,"href":"https:\/\/www.ucatolica.edu.co\/portal\/wp-json\/wp\/v2\/pages\/903\/revisions\/113499"}],"up":[{"embeddable":true,"href":"https:\/\/www.ucatolica.edu.co\/portal\/wp-json\/wp\/v2\/pages\/901"}],"wp:attachment":[{"href":"https:\/\/www.ucatolica.edu.co\/portal\/wp-json\/wp\/v2\/media?parent=903"}],"curies":[{"name":"wp","href":"https:\/\/api.w.org\/{rel}","templated":true}]}}