{"id":93328,"date":"2023-06-19T09:27:45","date_gmt":"2023-06-19T14:27:45","guid":{"rendered":"https:\/\/www.ucatolica.edu.co\/portal\/?page_id=93328"},"modified":"2026-02-13T14:16:15","modified_gmt":"2026-02-13T19:16:15","slug":"educacion-inclusiva","status":"publish","type":"page","link":"https:\/\/www.ucatolica.edu.co\/portal\/educacion-inclusiva\/","title":{"rendered":"Educaci\u00f3n inclusiva"},"content":{"rendered":"<h1>Educaci\u00f3n inclusiva<\/h1>\n<p>La Universidad Cat\u00f3lica de Colombia, a trav\u00e9s del Departamento de Bienestar Universitario y este a su vez desde el \u00c1rea de Convivencia e inclusi\u00f3n, entiende la educaci\u00f3n inclusiva como la capacidad de potenciar y valorar la diversidad, promoviendo el respeto a ser diferente, lo cual implica aprender a vivir con los dem\u00e1s, y garantizar la participaci\u00f3n de la comunidad dentro de una estructura intercultural en los procesos educativos. Por tanto, se busca fomentar entornos educativos inclusivos y accesibles para que los estudiantes puedan desarrollar su potencial y as\u00ed contribuir mejor a la sociedad.<\/p>\n<p>El proceso de educaci\u00f3n inclusiva es una acci\u00f3n colectiva, con la integraci\u00f3n de esfuerzos de diferentes actores en el proceso formativo; (estudiantes, familia, organizaciones amigas, Universidad, docentes, entre otros), buscando que la vida universitaria genere un ambiente que fomente el crecimiento personal y profesional de todos sus miembros.<\/p>\n<p>Existen tres formas para el reconocimiento de los estudiantes GPEP (Grupos Poblacionales de Especial Protecci\u00f3n)<\/p>\n<ol>\n<li>Reconocimiento en la inscripci\u00f3n: Cuando el estudiante ingresa a la Universidad Cat\u00f3lica de Colombia, realiza el proceso en admisiones y diligencia el formato de caracterizaci\u00f3n, ah\u00ed debe informar que hace parte de este GPEP.<\/li>\n<li>Expresi\u00f3n del estudiante, de manera aut\u00f3noma y libre el estudiante informa v\u00eda correo\u00a0<u><a href=\"mailto:inclusion@ucatolica.edu.co\" target=\"_blank\" rel=\"noopener\">inclusion@ucatolica.edu.co<\/a><\/u>, que hace parte de este GPEP.<\/li>\n<li>Identificaci\u00f3n en aula, si alg\u00fan docente identifica a estudiantes pertenecientes al GPEP, puede comunicar a los profesores pertenecientes al comit\u00e9 de inclusi\u00f3n para que los estudiantes sean reconocidos.<\/li>\n<\/ol>\n<p>Si tienes alg\u00fan caso que consideres debe ser tenido en cuenta, se invitamos a escribirnos a <u><a href=\"mailto:inclusion@ucatolica.edu.co\" target=\"_blank\" rel=\"noopener\">inclusion@ucatolica.edu.co<\/a><\/u><\/p>\n<p>Bienestar Universitario<br \/>\nDiagonal 46A # 15B\u201310, sede El Claustro<br \/>\nTel\u00e9fono: (601) 4433700 ext. 3080<br \/>\n<a href=\"mailto:bienestar@ucatolica.edu.co\" target=\"_blank\" rel=\"noopener\">bienestar@ucatolica.edu.co<\/a><\/p>\n<p><!-- CONTENEDOR DOS PARA SIDEBAR --><\/p>\n<div id=\"contenido-dos\">\n<h2>Documentos de inter\u00e9s<\/h2>\n<ul>\n<li class=\"btn-cinco\"><a href=\"https:\/\/hdl.handle.net\/10983\/31529\" target=\"_blank\" rel=\"noopener\">Informe Actividades Educaci\u00f3n Inclusiva 2024-1<\/a><\/li>\n<li class=\"btn-cinco\"><a href=\"https:\/\/hdl.handle.net\/10983\/30990\" target=\"_blank\" rel=\"noopener\">Informe Actividades Educaci\u00f3n Inclusiva 2023<\/a><\/li>\n<li class=\"btn-cinco\"><a href=\"https:\/\/repository.ucatolica.edu.co\/entities\/publication\/b399b152-e7d6-4936-8f5d-91a55708a865\" target=\"_blank\" rel=\"noopener\">Informe actividades comit\u00e9 de inclusi\u00f3n 2022<\/a><\/li>\n<li class=\"btn-cinco\"><a href=\"https:\/\/repository.ucatolica.edu.co\/entities\/publication\/8ba76794-4d83-4e31-a8c4-f4c1d95e6947\" target=\"_blank\" rel=\"noopener\">Informe actividades comit\u00e9 de inclusi\u00f3n 2021<\/a><\/li>\n<li class=\"btn-cinco\"><a href=\"https:\/\/www.ucatolica.edu.co\/portal\/wp-content\/uploads\/adjuntos\/acuerdos\/consejo-superior-acuerdos-academicos-347-23.pdf\" target=\"_blank\" rel=\"noopener\">Pol\u00edtica educaci\u00f3n inclusiva e intercultural<\/a><\/li>\n<li class=\"btn-cinco\"><a href=\"https:\/\/hdl.handle.net\/10983\/31530\" target=\"_blank\" rel=\"noopener\">INES 2024<\/a><\/li>\n<li class=\"btn-cinco\"><a href=\"https:\/\/repository.ucatolica.edu.co\/entities\/publication\/68dc73b4-e752-4e33-b785-e6a0556dd30f\" target=\"_blank\" rel=\"noopener\">INES 2022<\/a><\/li>\n<li class=\"btn-cinco\"><a href=\"https:\/\/repository.ucatolica.edu.co\/entities\/publication\/3fb86883-7b9b-48e3-8b2d-1be0c65e72a5\" target=\"_blank\" rel=\"noopener\">INES 2020<\/a><\/li>\n<\/ul>\n<ul>\n<li class=\"btn-documentos\"><a href=\"https:\/\/www.ucatolica.edu.co\/portal\/wp-content\/uploads\/2026\/02\/Cronograma_Posgrados_2026_1.pdf\" target=\"_blank\" rel=\"noopener\">Cronograma de Actividades &#8211; Posgrados<\/a><\/li>\n<li class=\"btn-documentos\"><a href=\"https:\/\/www.ucatolica.edu.co\/portal\/wp-content\/uploads\/2026\/02\/Cronograma_Pregrado_2026_1.pdf\" target=\"_blank\" rel=\"noopener\">Cronograma de Actividades &#8211; Pregrados<\/a><\/li>\n<li class=\"btn-documentos\"><a href=\"https:\/\/www.ucatolica.edu.co\/portal\/wp-content\/uploads\/2026\/02\/Cronograma_Egresados_2026_1.pdf\" target=\"_blank\" rel=\"noopener\">Cronograma de Actividades &#8211; Egresados<\/a><\/li>\n<li class=\"btn-documentos\"><a href=\"https:\/\/www.ucatolica.edu.co\/portal\/wp-content\/uploads\/2026\/02\/Cronograma_Adm_Profesores_2026_1.pdf\" target=\"_blank\" rel=\"noopener\">Cronograma de Actividades \u2013 Profesores y administrativos<\/a><\/li>\n<li class=\"btn-documentos\"><a href=\"https:\/\/www.ucatolica.edu.co\/portal\/wp-content\/uploads\/2022\/11\/anexo-consejo-superior-acuerdos-academicos-340-16.pdf\" target=\"_blank\" rel=\"noopener\">Estatuto de Bienestar Universitario<\/a><\/li>\n<\/ul>\n<\/div>\n","protected":false},"excerpt":{"rendered":"<p>Educaci\u00f3n inclusiva La Universidad Cat\u00f3lica de Colombia, a trav\u00e9s del Departamento de Bienestar Universitario y este a su vez desde el \u00c1rea de Convivencia e inclusi\u00f3n, entiende la educaci\u00f3n inclusiva como la capacidad de potenciar y valorar la diversidad, promoviendo el respeto a ser diferente, lo cual implica aprender a vivir con los dem\u00e1s, y [&hellip;]<\/p>\n","protected":false},"author":2,"featured_media":0,"parent":0,"menu_order":0,"comment_status":"closed","ping_status":"closed","template":"page-oldstyle.php","meta":{"_acf_changed":false,"advgb_blocks_editor_width":"","advgb_blocks_columns_visual_guide":"","footnotes":""},"class_list":["post-93328","page","type-page","status-publish","hentry"],"acf":[],"yoast_head":"<!-- This site is optimized with the Yoast SEO plugin v26.7 - https:\/\/yoast.com\/wordpress\/plugins\/seo\/ -->\n<title>Educaci\u00f3n inclusiva - Universidad Cat\u00f3lica De Colombia<\/title>\n<meta name=\"robots\" content=\"index, follow, max-snippet:-1, max-image-preview:large, max-video-preview:-1\" \/>\n<link rel=\"canonical\" href=\"https:\/\/www.ucatolica.edu.co\/portal\/educacion-inclusiva\/\" \/>\n<meta property=\"og:locale\" content=\"es_ES\" \/>\n<meta property=\"og:type\" content=\"article\" \/>\n<meta property=\"og:title\" content=\"Educaci\u00f3n inclusiva - Universidad Cat\u00f3lica De Colombia\" \/>\n<meta property=\"og:description\" content=\"Educaci\u00f3n inclusiva La Universidad Cat\u00f3lica de Colombia, a trav\u00e9s del Departamento de Bienestar Universitario y este a su vez desde el \u00c1rea de Convivencia e inclusi\u00f3n, entiende la educaci\u00f3n inclusiva como la capacidad de potenciar y valorar la diversidad, promoviendo el respeto a ser diferente, lo cual implica aprender a vivir con los dem\u00e1s, y [&hellip;]\" \/>\n<meta property=\"og:url\" content=\"https:\/\/www.ucatolica.edu.co\/portal\/educacion-inclusiva\/\" \/>\n<meta property=\"og:site_name\" content=\"Universidad Cat\u00f3lica De Colombia\" \/>\n<meta property=\"article:publisher\" content=\"https:\/\/www.facebook.com\/ucatolicacolombia\" \/>\n<meta property=\"article:modified_time\" content=\"2026-02-13T19:16:15+00:00\" \/>\n<meta name=\"twitter:card\" content=\"summary_large_image\" \/>\n<meta name=\"twitter:site\" content=\"@UCatolicaCol\" \/>\n<meta name=\"twitter:label1\" content=\"Tiempo de lectura\" \/>\n\t<meta name=\"twitter:data1\" content=\"3 minutos\" \/>\n<script type=\"application\/ld+json\" class=\"yoast-schema-graph\">{\"@context\":\"https:\/\/schema.org\",\"@graph\":[{\"@type\":\"WebPage\",\"@id\":\"https:\/\/www.ucatolica.edu.co\/portal\/educacion-inclusiva\/\",\"url\":\"https:\/\/www.ucatolica.edu.co\/portal\/educacion-inclusiva\/\",\"name\":\"Educaci\u00f3n inclusiva - Universidad Cat\u00f3lica De Colombia\",\"isPartOf\":{\"@id\":\"https:\/\/www.ucatolica.edu.co\/portal\/#website\"},\"datePublished\":\"2023-06-19T14:27:45+00:00\",\"dateModified\":\"2026-02-13T19:16:15+00:00\",\"breadcrumb\":{\"@id\":\"https:\/\/www.ucatolica.edu.co\/portal\/educacion-inclusiva\/#breadcrumb\"},\"inLanguage\":\"es-CO\",\"potentialAction\":[{\"@type\":\"ReadAction\",\"target\":[\"https:\/\/www.ucatolica.edu.co\/portal\/educacion-inclusiva\/\"]}]},{\"@type\":\"BreadcrumbList\",\"@id\":\"https:\/\/www.ucatolica.edu.co\/portal\/educacion-inclusiva\/#breadcrumb\",\"itemListElement\":[{\"@type\":\"ListItem\",\"position\":1,\"name\":\"Inicio\",\"item\":\"https:\/\/www.ucatolica.edu.co\/portal\/\"},{\"@type\":\"ListItem\",\"position\":2,\"name\":\"Educaci\u00f3n inclusiva\"}]},{\"@type\":\"WebSite\",\"@id\":\"https:\/\/www.ucatolica.edu.co\/portal\/#website\",\"url\":\"https:\/\/www.ucatolica.edu.co\/portal\/\",\"name\":\"Universidad Cat\u00f3lica De Colombia\",\"description\":\"Universidad Cat\u00f3lica De Colombia\",\"publisher\":{\"@id\":\"https:\/\/www.ucatolica.edu.co\/portal\/#organization\"},\"potentialAction\":[{\"@type\":\"SearchAction\",\"target\":{\"@type\":\"EntryPoint\",\"urlTemplate\":\"https:\/\/www.ucatolica.edu.co\/portal\/?s={search_term_string}\"},\"query-input\":{\"@type\":\"PropertyValueSpecification\",\"valueRequired\":true,\"valueName\":\"search_term_string\"}}],\"inLanguage\":\"es-CO\"},{\"@type\":\"Organization\",\"@id\":\"https:\/\/www.ucatolica.edu.co\/portal\/#organization\",\"name\":\"Universidad Cat\u00f3lica de Colombia\",\"url\":\"https:\/\/www.ucatolica.edu.co\/portal\/\",\"logo\":{\"@type\":\"ImageObject\",\"inLanguage\":\"es-CO\",\"@id\":\"https:\/\/www.ucatolica.edu.co\/portal\/#\/schema\/logo\/image\/\",\"url\":\"https:\/\/www.ucatolica.edu.co\/portal\/wp-content\/uploads\/2021\/06\/logo-header-ho-1.svg\",\"contentUrl\":\"https:\/\/www.ucatolica.edu.co\/portal\/wp-content\/uploads\/2021\/06\/logo-header-ho-1.svg\",\"width\":1,\"height\":1,\"caption\":\"Universidad Cat\u00f3lica de Colombia\"},\"image\":{\"@id\":\"https:\/\/www.ucatolica.edu.co\/portal\/#\/schema\/logo\/image\/\"},\"sameAs\":[\"https:\/\/www.facebook.com\/ucatolicacolombia\",\"https:\/\/x.com\/UCatolicaCol\",\"https:\/\/www.instagram.com\/universidadcatolicadecolombia\/\",\"https:\/\/www.linkedin.com\/company\/universidadcatolicadecolombia\/\",\"https:\/\/www.youtube.com\/user\/UCatolicaCo\"]}]}<\/script>\n<!-- \/ Yoast SEO plugin. -->","yoast_head_json":{"title":"Educaci\u00f3n inclusiva - Universidad Cat\u00f3lica De Colombia","robots":{"index":"index","follow":"follow","max-snippet":"max-snippet:-1","max-image-preview":"max-image-preview:large","max-video-preview":"max-video-preview:-1"},"canonical":"https:\/\/www.ucatolica.edu.co\/portal\/educacion-inclusiva\/","og_locale":"es_ES","og_type":"article","og_title":"Educaci\u00f3n inclusiva - Universidad Cat\u00f3lica De Colombia","og_description":"Educaci\u00f3n inclusiva La Universidad Cat\u00f3lica de Colombia, a trav\u00e9s del Departamento de Bienestar Universitario y este a su vez desde el \u00c1rea de Convivencia e inclusi\u00f3n, entiende la educaci\u00f3n inclusiva como la capacidad de potenciar y valorar la diversidad, promoviendo el respeto a ser diferente, lo cual implica aprender a vivir con los dem\u00e1s, y [&hellip;]","og_url":"https:\/\/www.ucatolica.edu.co\/portal\/educacion-inclusiva\/","og_site_name":"Universidad Cat\u00f3lica De Colombia","article_publisher":"https:\/\/www.facebook.com\/ucatolicacolombia","article_modified_time":"2026-02-13T19:16:15+00:00","twitter_card":"summary_large_image","twitter_site":"@UCatolicaCol","twitter_misc":{"Tiempo de lectura":"3 minutos"},"schema":{"@context":"https:\/\/schema.org","@graph":[{"@type":"WebPage","@id":"https:\/\/www.ucatolica.edu.co\/portal\/educacion-inclusiva\/","url":"https:\/\/www.ucatolica.edu.co\/portal\/educacion-inclusiva\/","name":"Educaci\u00f3n inclusiva - Universidad Cat\u00f3lica De Colombia","isPartOf":{"@id":"https:\/\/www.ucatolica.edu.co\/portal\/#website"},"datePublished":"2023-06-19T14:27:45+00:00","dateModified":"2026-02-13T19:16:15+00:00","breadcrumb":{"@id":"https:\/\/www.ucatolica.edu.co\/portal\/educacion-inclusiva\/#breadcrumb"},"inLanguage":"es-CO","potentialAction":[{"@type":"ReadAction","target":["https:\/\/www.ucatolica.edu.co\/portal\/educacion-inclusiva\/"]}]},{"@type":"BreadcrumbList","@id":"https:\/\/www.ucatolica.edu.co\/portal\/educacion-inclusiva\/#breadcrumb","itemListElement":[{"@type":"ListItem","position":1,"name":"Inicio","item":"https:\/\/www.ucatolica.edu.co\/portal\/"},{"@type":"ListItem","position":2,"name":"Educaci\u00f3n inclusiva"}]},{"@type":"WebSite","@id":"https:\/\/www.ucatolica.edu.co\/portal\/#website","url":"https:\/\/www.ucatolica.edu.co\/portal\/","name":"Universidad Cat\u00f3lica De Colombia","description":"Universidad Cat\u00f3lica De Colombia","publisher":{"@id":"https:\/\/www.ucatolica.edu.co\/portal\/#organization"},"potentialAction":[{"@type":"SearchAction","target":{"@type":"EntryPoint","urlTemplate":"https:\/\/www.ucatolica.edu.co\/portal\/?s={search_term_string}"},"query-input":{"@type":"PropertyValueSpecification","valueRequired":true,"valueName":"search_term_string"}}],"inLanguage":"es-CO"},{"@type":"Organization","@id":"https:\/\/www.ucatolica.edu.co\/portal\/#organization","name":"Universidad Cat\u00f3lica de Colombia","url":"https:\/\/www.ucatolica.edu.co\/portal\/","logo":{"@type":"ImageObject","inLanguage":"es-CO","@id":"https:\/\/www.ucatolica.edu.co\/portal\/#\/schema\/logo\/image\/","url":"https:\/\/www.ucatolica.edu.co\/portal\/wp-content\/uploads\/2021\/06\/logo-header-ho-1.svg","contentUrl":"https:\/\/www.ucatolica.edu.co\/portal\/wp-content\/uploads\/2021\/06\/logo-header-ho-1.svg","width":1,"height":1,"caption":"Universidad Cat\u00f3lica de Colombia"},"image":{"@id":"https:\/\/www.ucatolica.edu.co\/portal\/#\/schema\/logo\/image\/"},"sameAs":["https:\/\/www.facebook.com\/ucatolicacolombia","https:\/\/x.com\/UCatolicaCol","https:\/\/www.instagram.com\/universidadcatolicadecolombia\/","https:\/\/www.linkedin.com\/company\/universidadcatolicadecolombia\/","https:\/\/www.youtube.com\/user\/UCatolicaCo"]}]}},"coauthors":[],"author_meta":{"author_link":"https:\/\/www.ucatolica.edu.co\/portal\/author\/carrnall\/","display_name":"Carlos Zea"},"relative_dates":{"created":"Posted 3 a\u00f1os ago","modified":"Updated 3 meses ago"},"absolute_dates":{"created":"Posted on 19 junio, 2023","modified":"Updated on 13 febrero, 2026"},"absolute_dates_time":{"created":"Posted on 19 junio, 2023 9:27 am","modified":"Updated on 13 febrero, 2026 2:16 pm"},"featured_img_caption":"","featured_img":false,"series_order":"","_links":{"self":[{"href":"https:\/\/www.ucatolica.edu.co\/portal\/wp-json\/wp\/v2\/pages\/93328","targetHints":{"allow":["GET"]}}],"collection":[{"href":"https:\/\/www.ucatolica.edu.co\/portal\/wp-json\/wp\/v2\/pages"}],"about":[{"href":"https:\/\/www.ucatolica.edu.co\/portal\/wp-json\/wp\/v2\/types\/page"}],"author":[{"embeddable":true,"href":"https:\/\/www.ucatolica.edu.co\/portal\/wp-json\/wp\/v2\/users\/2"}],"replies":[{"embeddable":true,"href":"https:\/\/www.ucatolica.edu.co\/portal\/wp-json\/wp\/v2\/comments?post=93328"}],"version-history":[{"count":15,"href":"https:\/\/www.ucatolica.edu.co\/portal\/wp-json\/wp\/v2\/pages\/93328\/revisions"}],"predecessor-version":[{"id":130076,"href":"https:\/\/www.ucatolica.edu.co\/portal\/wp-json\/wp\/v2\/pages\/93328\/revisions\/130076"}],"wp:attachment":[{"href":"https:\/\/www.ucatolica.edu.co\/portal\/wp-json\/wp\/v2\/media?parent=93328"}],"curies":[{"name":"wp","href":"https:\/\/api.w.org\/{rel}","templated":true}]}}