{"id":99442,"date":"2023-09-02T10:35:01","date_gmt":"2023-09-02T15:35:01","guid":{"rendered":"https:\/\/www.ucatolica.edu.co\/portal\/?page_id=99442"},"modified":"2023-11-23T11:50:40","modified_gmt":"2023-11-23T16:50:40","slug":"formacion-investigativa","status":"publish","type":"page","link":"https:\/\/www.ucatolica.edu.co\/portal\/nuestra-universidad\/formacion-investigativa\/","title":{"rendered":"Formaci\u00f3n investigativa"},"content":{"rendered":"\n<h2 class=\"wp-block-heading\">Formaci\u00f3n investigativa<\/h2>\n\n\n\n<p><strong>Semilleros de investigaci\u00f3n<\/strong><\/p>\n\n\n\n<p>Brindamos un entorno estimulante para el crecimiento intelectual y profesional de nuestros investigadores y estudiantes. Semilleros de Investigaci\u00f3n La Facultad de Dise\u00f1o cuenta con semilleros de investigaci\u00f3n que aportan a la adquisici\u00f3n de competencias en un escenario de exploraci\u00f3n, descubrimiento e innovaci\u00f3n.<\/p>\n\n\n\n<p>An\u00edmate a participar en los semilleros y despierta tu esp\u00edritu de investigaci\u00f3n, conoce los semilleros disponibles y diligencia el formulario de preinscripci\u00f3n\u00a0<a href=\"https:\/\/forms.office.com\/Pages\/ResponsePage.aspx?id=SHEi1DBJBk-LqghF_1flQZFplkWzF01Bjo8JuvdeZqJUOFI5SEtKTUs2QzhNS0NYRkpaVFJEUTNGUy4u\">Aqu\u00ed<\/a>.<\/p>\n\n\n\n<p><strong>Para m\u00e1s informaci\u00f3n de los semilleros puede consultar:&nbsp;&nbsp;<\/strong><\/p>\n\n\n\n<p>Informaci\u00f3n general del programa de Semilleros, <strong>consulta&nbsp;<\/strong><a href=\"https:\/\/www.ucatolica.edu.co\/portal\/investigaciones\/semilleros-de-investigacion\/\">Aqu\u00ed<\/a>.<\/p>\n\n\n\n<p>Est\u00edmulos e Incentivos a Estudiantes de Semilleros, <strong>consulta<\/strong>&nbsp;<a href=\"https:\/\/www.ucatolica.edu.co\/portal\/wp-content\/uploads\/2020\/10\/incentivos-semilleros.pdf\">aqu\u00ed<\/a>.<\/p>\n\n\n\n<p><strong>Pr\u00e1cticas, auxiliares, estancias, pasant\u00edas en investigaci\u00f3n<\/strong><\/p>\n\n\n\n<p>Si te apasiona la investigaci\u00f3n puedes participar en un proyecto o semillero de investigaci\u00f3n, en los cuales aprender\u00e1s de las din\u00e1micas de investigaci\u00f3n en el campo de tu inter\u00e9s.<\/p>\n\n\n\n<p>&nbsp;<strong>Egresados&nbsp;<\/strong> Como egresado tambi\u00e9n puedes continuar vinculado a la investigaci\u00f3n mediante los programas de Egresados en la sociedad del conocimiento y j\u00f3venes investigadores, consulta&nbsp;<a href=\"https:\/\/www.ucatolica.edu.co\/portal\/direccion-central-de-investigaciones\/convocatorias\/\">aqu\u00ed<\/a><\/p>\n\n\n\n<p><\/p>\n\n\n\n<p><\/p>\n\n\n\n<p><\/p>\n","protected":false},"excerpt":{"rendered":"<p>Formaci\u00f3n investigativa Semilleros de investigaci\u00f3n Brindamos un entorno estimulante para el crecimiento intelectual y profesional de nuestros investigadores y estudiantes. Semilleros de Investigaci\u00f3n La Facultad de Dise\u00f1o cuenta con semilleros de investigaci\u00f3n que aportan a la adquisici\u00f3n de competencias en un escenario de exploraci\u00f3n, descubrimiento e innovaci\u00f3n. An\u00edmate a participar en los semilleros y despierta [&hellip;]<\/p>\n","protected":false},"author":2,"featured_media":0,"parent":140,"menu_order":0,"comment_status":"closed","ping_status":"closed","template":"page-oldstyle.php","meta":{"_acf_changed":false,"advgb_blocks_editor_width":"","advgb_blocks_columns_visual_guide":"","footnotes":""},"class_list":["post-99442","page","type-page","status-publish","hentry"],"acf":[],"yoast_head":"<!-- This site is optimized with the Yoast SEO plugin v26.7 - https:\/\/yoast.com\/wordpress\/plugins\/seo\/ -->\n<title>Formaci\u00f3n investigativa - Universidad Cat\u00f3lica De Colombia<\/title>\n<meta name=\"robots\" content=\"index, follow, max-snippet:-1, max-image-preview:large, max-video-preview:-1\" \/>\n<link rel=\"canonical\" href=\"https:\/\/www.ucatolica.edu.co\/portal\/nuestra-universidad\/formacion-investigativa\/\" \/>\n<meta property=\"og:locale\" content=\"es_ES\" \/>\n<meta property=\"og:type\" content=\"article\" \/>\n<meta property=\"og:title\" content=\"Formaci\u00f3n investigativa - Universidad Cat\u00f3lica De Colombia\" \/>\n<meta property=\"og:description\" content=\"Formaci\u00f3n investigativa Semilleros de investigaci\u00f3n Brindamos un entorno estimulante para el crecimiento intelectual y profesional de nuestros investigadores y estudiantes. Semilleros de Investigaci\u00f3n La Facultad de Dise\u00f1o cuenta con semilleros de investigaci\u00f3n que aportan a la adquisici\u00f3n de competencias en un escenario de exploraci\u00f3n, descubrimiento e innovaci\u00f3n. An\u00edmate a participar en los semilleros y despierta [&hellip;]\" \/>\n<meta property=\"og:url\" content=\"https:\/\/www.ucatolica.edu.co\/portal\/nuestra-universidad\/formacion-investigativa\/\" \/>\n<meta property=\"og:site_name\" content=\"Universidad Cat\u00f3lica De Colombia\" \/>\n<meta property=\"article:publisher\" content=\"https:\/\/www.facebook.com\/ucatolicacolombia\" \/>\n<meta property=\"article:modified_time\" content=\"2023-11-23T16:50:40+00:00\" \/>\n<meta name=\"twitter:card\" content=\"summary_large_image\" \/>\n<meta name=\"twitter:site\" content=\"@UCatolicaCol\" \/>\n<meta name=\"twitter:label1\" content=\"Tiempo de lectura\" \/>\n\t<meta name=\"twitter:data1\" content=\"63 minutos\" \/>\n<script type=\"application\/ld+json\" class=\"yoast-schema-graph\">{\"@context\":\"https:\/\/schema.org\",\"@graph\":[{\"@type\":\"WebPage\",\"@id\":\"https:\/\/www.ucatolica.edu.co\/portal\/nuestra-universidad\/formacion-investigativa\/\",\"url\":\"https:\/\/www.ucatolica.edu.co\/portal\/nuestra-universidad\/formacion-investigativa\/\",\"name\":\"Formaci\u00f3n investigativa - Universidad Cat\u00f3lica De Colombia\",\"isPartOf\":{\"@id\":\"https:\/\/www.ucatolica.edu.co\/portal\/#website\"},\"datePublished\":\"2023-09-02T15:35:01+00:00\",\"dateModified\":\"2023-11-23T16:50:40+00:00\",\"breadcrumb\":{\"@id\":\"https:\/\/www.ucatolica.edu.co\/portal\/nuestra-universidad\/formacion-investigativa\/#breadcrumb\"},\"inLanguage\":\"es-CO\",\"potentialAction\":[{\"@type\":\"ReadAction\",\"target\":[\"https:\/\/www.ucatolica.edu.co\/portal\/nuestra-universidad\/formacion-investigativa\/\"]}]},{\"@type\":\"BreadcrumbList\",\"@id\":\"https:\/\/www.ucatolica.edu.co\/portal\/nuestra-universidad\/formacion-investigativa\/#breadcrumb\",\"itemListElement\":[{\"@type\":\"ListItem\",\"position\":1,\"name\":\"Inicio\",\"item\":\"https:\/\/www.ucatolica.edu.co\/portal\/\"},{\"@type\":\"ListItem\",\"position\":2,\"name\":\"Nuestra Universidad\",\"item\":\"https:\/\/www.ucatolica.edu.co\/portal\/nuestra-universidad\/\"},{\"@type\":\"ListItem\",\"position\":3,\"name\":\"Formaci\u00f3n investigativa\"}]},{\"@type\":\"WebSite\",\"@id\":\"https:\/\/www.ucatolica.edu.co\/portal\/#website\",\"url\":\"https:\/\/www.ucatolica.edu.co\/portal\/\",\"name\":\"Universidad Cat\u00f3lica De Colombia\",\"description\":\"Universidad Cat\u00f3lica De Colombia\",\"publisher\":{\"@id\":\"https:\/\/www.ucatolica.edu.co\/portal\/#organization\"},\"potentialAction\":[{\"@type\":\"SearchAction\",\"target\":{\"@type\":\"EntryPoint\",\"urlTemplate\":\"https:\/\/www.ucatolica.edu.co\/portal\/?s={search_term_string}\"},\"query-input\":{\"@type\":\"PropertyValueSpecification\",\"valueRequired\":true,\"valueName\":\"search_term_string\"}}],\"inLanguage\":\"es-CO\"},{\"@type\":\"Organization\",\"@id\":\"https:\/\/www.ucatolica.edu.co\/portal\/#organization\",\"name\":\"Universidad Cat\u00f3lica de Colombia\",\"url\":\"https:\/\/www.ucatolica.edu.co\/portal\/\",\"logo\":{\"@type\":\"ImageObject\",\"inLanguage\":\"es-CO\",\"@id\":\"https:\/\/www.ucatolica.edu.co\/portal\/#\/schema\/logo\/image\/\",\"url\":\"https:\/\/www.ucatolica.edu.co\/portal\/wp-content\/uploads\/2021\/06\/logo-header-ho-1.svg\",\"contentUrl\":\"https:\/\/www.ucatolica.edu.co\/portal\/wp-content\/uploads\/2021\/06\/logo-header-ho-1.svg\",\"width\":1,\"height\":1,\"caption\":\"Universidad Cat\u00f3lica de Colombia\"},\"image\":{\"@id\":\"https:\/\/www.ucatolica.edu.co\/portal\/#\/schema\/logo\/image\/\"},\"sameAs\":[\"https:\/\/www.facebook.com\/ucatolicacolombia\",\"https:\/\/x.com\/UCatolicaCol\",\"https:\/\/www.instagram.com\/universidadcatolicadecolombia\/\",\"https:\/\/www.linkedin.com\/company\/universidadcatolicadecolombia\/\",\"https:\/\/www.youtube.com\/user\/UCatolicaCo\"]}]}<\/script>\n<!-- \/ Yoast SEO plugin. -->","yoast_head_json":{"title":"Formaci\u00f3n investigativa - Universidad Cat\u00f3lica De Colombia","robots":{"index":"index","follow":"follow","max-snippet":"max-snippet:-1","max-image-preview":"max-image-preview:large","max-video-preview":"max-video-preview:-1"},"canonical":"https:\/\/www.ucatolica.edu.co\/portal\/nuestra-universidad\/formacion-investigativa\/","og_locale":"es_ES","og_type":"article","og_title":"Formaci\u00f3n investigativa - Universidad Cat\u00f3lica De Colombia","og_description":"Formaci\u00f3n investigativa Semilleros de investigaci\u00f3n Brindamos un entorno estimulante para el crecimiento intelectual y profesional de nuestros investigadores y estudiantes. Semilleros de Investigaci\u00f3n La Facultad de Dise\u00f1o cuenta con semilleros de investigaci\u00f3n que aportan a la adquisici\u00f3n de competencias en un escenario de exploraci\u00f3n, descubrimiento e innovaci\u00f3n. An\u00edmate a participar en los semilleros y despierta [&hellip;]","og_url":"https:\/\/www.ucatolica.edu.co\/portal\/nuestra-universidad\/formacion-investigativa\/","og_site_name":"Universidad Cat\u00f3lica De Colombia","article_publisher":"https:\/\/www.facebook.com\/ucatolicacolombia","article_modified_time":"2023-11-23T16:50:40+00:00","twitter_card":"summary_large_image","twitter_site":"@UCatolicaCol","twitter_misc":{"Tiempo de lectura":"63 minutos"},"schema":{"@context":"https:\/\/schema.org","@graph":[{"@type":"WebPage","@id":"https:\/\/www.ucatolica.edu.co\/portal\/nuestra-universidad\/formacion-investigativa\/","url":"https:\/\/www.ucatolica.edu.co\/portal\/nuestra-universidad\/formacion-investigativa\/","name":"Formaci\u00f3n investigativa - Universidad Cat\u00f3lica De Colombia","isPartOf":{"@id":"https:\/\/www.ucatolica.edu.co\/portal\/#website"},"datePublished":"2023-09-02T15:35:01+00:00","dateModified":"2023-11-23T16:50:40+00:00","breadcrumb":{"@id":"https:\/\/www.ucatolica.edu.co\/portal\/nuestra-universidad\/formacion-investigativa\/#breadcrumb"},"inLanguage":"es-CO","potentialAction":[{"@type":"ReadAction","target":["https:\/\/www.ucatolica.edu.co\/portal\/nuestra-universidad\/formacion-investigativa\/"]}]},{"@type":"BreadcrumbList","@id":"https:\/\/www.ucatolica.edu.co\/portal\/nuestra-universidad\/formacion-investigativa\/#breadcrumb","itemListElement":[{"@type":"ListItem","position":1,"name":"Inicio","item":"https:\/\/www.ucatolica.edu.co\/portal\/"},{"@type":"ListItem","position":2,"name":"Nuestra Universidad","item":"https:\/\/www.ucatolica.edu.co\/portal\/nuestra-universidad\/"},{"@type":"ListItem","position":3,"name":"Formaci\u00f3n investigativa"}]},{"@type":"WebSite","@id":"https:\/\/www.ucatolica.edu.co\/portal\/#website","url":"https:\/\/www.ucatolica.edu.co\/portal\/","name":"Universidad Cat\u00f3lica De Colombia","description":"Universidad Cat\u00f3lica De Colombia","publisher":{"@id":"https:\/\/www.ucatolica.edu.co\/portal\/#organization"},"potentialAction":[{"@type":"SearchAction","target":{"@type":"EntryPoint","urlTemplate":"https:\/\/www.ucatolica.edu.co\/portal\/?s={search_term_string}"},"query-input":{"@type":"PropertyValueSpecification","valueRequired":true,"valueName":"search_term_string"}}],"inLanguage":"es-CO"},{"@type":"Organization","@id":"https:\/\/www.ucatolica.edu.co\/portal\/#organization","name":"Universidad Cat\u00f3lica de Colombia","url":"https:\/\/www.ucatolica.edu.co\/portal\/","logo":{"@type":"ImageObject","inLanguage":"es-CO","@id":"https:\/\/www.ucatolica.edu.co\/portal\/#\/schema\/logo\/image\/","url":"https:\/\/www.ucatolica.edu.co\/portal\/wp-content\/uploads\/2021\/06\/logo-header-ho-1.svg","contentUrl":"https:\/\/www.ucatolica.edu.co\/portal\/wp-content\/uploads\/2021\/06\/logo-header-ho-1.svg","width":1,"height":1,"caption":"Universidad Cat\u00f3lica de Colombia"},"image":{"@id":"https:\/\/www.ucatolica.edu.co\/portal\/#\/schema\/logo\/image\/"},"sameAs":["https:\/\/www.facebook.com\/ucatolicacolombia","https:\/\/x.com\/UCatolicaCol","https:\/\/www.instagram.com\/universidadcatolicadecolombia\/","https:\/\/www.linkedin.com\/company\/universidadcatolicadecolombia\/","https:\/\/www.youtube.com\/user\/UCatolicaCo"]}]}},"coauthors":[],"author_meta":{"author_link":"https:\/\/www.ucatolica.edu.co\/portal\/author\/carrnall\/","display_name":"Carlos Zea"},"relative_dates":{"created":"Posted 3 a\u00f1os ago","modified":"Updated 2 a\u00f1os ago"},"absolute_dates":{"created":"Posted on 2 septiembre, 2023","modified":"Updated on 23 noviembre, 2023"},"absolute_dates_time":{"created":"Posted on 2 septiembre, 2023 10:35 am","modified":"Updated on 23 noviembre, 2023 11:50 am"},"featured_img_caption":"","featured_img":false,"series_order":"","_links":{"self":[{"href":"https:\/\/www.ucatolica.edu.co\/portal\/wp-json\/wp\/v2\/pages\/99442","targetHints":{"allow":["GET"]}}],"collection":[{"href":"https:\/\/www.ucatolica.edu.co\/portal\/wp-json\/wp\/v2\/pages"}],"about":[{"href":"https:\/\/www.ucatolica.edu.co\/portal\/wp-json\/wp\/v2\/types\/page"}],"author":[{"embeddable":true,"href":"https:\/\/www.ucatolica.edu.co\/portal\/wp-json\/wp\/v2\/users\/2"}],"replies":[{"embeddable":true,"href":"https:\/\/www.ucatolica.edu.co\/portal\/wp-json\/wp\/v2\/comments?post=99442"}],"version-history":[{"count":5,"href":"https:\/\/www.ucatolica.edu.co\/portal\/wp-json\/wp\/v2\/pages\/99442\/revisions"}],"predecessor-version":[{"id":102632,"href":"https:\/\/www.ucatolica.edu.co\/portal\/wp-json\/wp\/v2\/pages\/99442\/revisions\/102632"}],"up":[{"embeddable":true,"href":"https:\/\/www.ucatolica.edu.co\/portal\/wp-json\/wp\/v2\/pages\/140"}],"wp:attachment":[{"href":"https:\/\/www.ucatolica.edu.co\/portal\/wp-json\/wp\/v2\/media?parent=99442"}],"curies":[{"name":"wp","href":"https:\/\/api.w.org\/{rel}","templated":true}]}}

Formación investigativa

<h2 class="wp-block-heading">Formación investigativa</h2>



<p><strong>Semilleros de investigación</strong></p>



<p>Brindamos un entorno estimulante para el crecimiento intelectual y profesional de nuestros investigadores y estudiantes. Semilleros de Investigación La Facultad de Diseño cuenta con semilleros de investigación que aportan a la adquisición de competencias en un escenario de exploración, descubrimiento e innovación.</p>



<p>Anímate a participar en los semilleros y despierta tu espíritu de investigación, conoce los semilleros disponibles y diligencia el formulario de preinscripción <a href="https://forms.office.com/Pages/ResponsePage.aspx?id=SHEi1DBJBk-LqghF_1flQZFplkWzF01Bjo8JuvdeZqJUOFI5SEtKTUs2QzhNS0NYRkpaVFJEUTNGUy4u">Aquí</a>.</p>



<p><strong>Para más información de los semilleros puede consultar:&nbsp;&nbsp;</strong></p>



<p>Información general del programa de Semilleros, <strong>consulta&nbsp;</strong><a href="https://www.ucatolica.edu.co/portal/investigaciones/semilleros-de-investigacion/">Aquí</a>.</p>



<p>Estímulos e Incentivos a Estudiantes de Semilleros, <strong>consulta</strong>&nbsp;<a href="https://www.ucatolica.edu.co/portal/wp-content/uploads/2020/10/incentivos-semilleros.pdf">aquí</a>.</p>



<p><strong>Prácticas, auxiliares, estancias, pasantías en investigación</strong></p>



<p>Si te apasiona la investigación puedes participar en un proyecto o semillero de investigación, en los cuales aprenderás de las dinámicas de investigación en el campo de tu interés.</p>



<p>&nbsp;<strong>Egresados&nbsp;</strong> Como egresado también puedes continuar vinculado a la investigación mediante los programas de Egresados en la sociedad del conocimiento y jóvenes investigadores, consulta&nbsp;<a href="https://www.ucatolica.edu.co/portal/direccion-central-de-investigaciones/convocatorias/">aquí</a></p>



<p></p>



<p></p>



<p></p>

<p>Formación investigativa Semilleros de investigación Brindamos un entorno estimulante para el crecimiento intelectual y profesional de nuestros investigadores y estudiantes. Semilleros de Investigación La Facultad de Diseño cuenta con semilleros de investigación que aportan a la adquisición de competencias en un escenario de exploración, descubrimiento e innovación. Anímate a participar en los semilleros y despierta [&hellip;]</p>

<!-- This site is optimized with the Yoast SEO plugin v26.7 - https://yoast.com/wordpress/plugins/seo/ -->
<title>Formación investigativa - Universidad Católica De Colombia</title>
<meta name="robots" content="index, follow, max-snippet:-1, max-image-preview:large, max-video-preview:-1" />
<link rel="canonical" href="https://www.ucatolica.edu.co/portal/nuestra-universidad/formacion-investigativa/" />
<meta property="og:locale" content="es_ES" />
<meta property="og:type" content="article" />
<meta property="og:title" content="Formación investigativa - Universidad Católica De Colombia" />
<meta property="og:description" content="Formación investigativa Semilleros de investigación Brindamos un entorno estimulante para el crecimiento intelectual y profesional de nuestros investigadores y estudiantes. Semilleros de Investigación La Facultad de Diseño cuenta con semilleros de investigación que aportan a la adquisición de competencias en un escenario de exploración, descubrimiento e innovación. Anímate a participar en los semilleros y despierta [&hellip;]" />
<meta property="og:url" content="https://www.ucatolica.edu.co/portal/nuestra-universidad/formacion-investigativa/" />
<meta property="og:site_name" content="Universidad Católica De Colombia" />
<meta property="article:publisher" content="https://www.facebook.com/ucatolicacolombia" />
<meta property="article:modified_time" content="2023-11-23T16:50:40+00:00" />
<meta name="twitter:card" content="summary_large_image" />
<meta name="twitter:site" content="@UCatolicaCol" />
<meta name="twitter:label1" content="Tiempo de lectura" />
	<meta name="twitter:data1" content="63 minutos" />
<script type="application/ld+json" class="yoast-schema-graph">{"@context":"https://schema.org","@graph":[{"@type":"WebPage","@id":"https://www.ucatolica.edu.co/portal/nuestra-universidad/formacion-investigativa/","url":"https://www.ucatolica.edu.co/portal/nuestra-universidad/formacion-investigativa/","name":"Formación investigativa - Universidad Católica De Colombia","isPartOf":{"@id":"https://www.ucatolica.edu.co/portal/#website"},"datePublished":"2023-09-02T15:35:01+00:00","dateModified":"2023-11-23T16:50:40+00:00","breadcrumb":{"@id":"https://www.ucatolica.edu.co/portal/nuestra-universidad/formacion-investigativa/#breadcrumb"},"inLanguage":"es-CO","potentialAction":[{"@type":"ReadAction","target":["https://www.ucatolica.edu.co/portal/nuestra-universidad/formacion-investigativa/"]}]},{"@type":"BreadcrumbList","@id":"https://www.ucatolica.edu.co/portal/nuestra-universidad/formacion-investigativa/#breadcrumb","itemListElement":[{"@type":"ListItem","position":1,"name":"Inicio","item":"https://www.ucatolica.edu.co/portal/"},{"@type":"ListItem","position":2,"name":"Nuestra Universidad","item":"https://www.ucatolica.edu.co/portal/nuestra-universidad/"},{"@type":"ListItem","position":3,"name":"Formación investigativa"}]},{"@type":"WebSite","@id":"https://www.ucatolica.edu.co/portal/#website","url":"https://www.ucatolica.edu.co/portal/","name":"Universidad Católica De Colombia","description":"Universidad Católica De Colombia","publisher":{"@id":"https://www.ucatolica.edu.co/portal/#organization"},"potentialAction":[{"@type":"SearchAction","target":{"@type":"EntryPoint","urlTemplate":"https://www.ucatolica.edu.co/portal/?s={search_term_string}"},"query-input":{"@type":"PropertyValueSpecification","valueRequired":true,"valueName":"search_term_string"}}],"inLanguage":"es-CO"},{"@type":"Organization","@id":"https://www.ucatolica.edu.co/portal/#organization","name":"Universidad Católica de Colombia","url":"https://www.ucatolica.edu.co/portal/","logo":{"@type":"ImageObject","inLanguage":"es-CO","@id":"https://www.ucatolica.edu.co/portal/#/schema/logo/image/","url":"https://www.ucatolica.edu.co/portal/wp-content/uploads/2021/06/logo-header-ho-1.svg","contentUrl":"https://www.ucatolica.edu.co/portal/wp-content/uploads/2021/06/logo-header-ho-1.svg","width":1,"height":1,"caption":"Universidad Católica de Colombia"},"image":{"@id":"https://www.ucatolica.edu.co/portal/#/schema/logo/image/"},"sameAs":["https://www.facebook.com/ucatolicacolombia","https://x.com/UCatolicaCol","https://www.instagram.com/universidadcatolicadecolombia/","https://www.linkedin.com/company/universidadcatolicadecolombia/","https://www.youtube.com/user/UCatolicaCo"]}]}</script>
<!-- / Yoast SEO plugin. -->

Formación investigativa - Universidad Católica De Colombia

Formación investigativa Semilleros de investigación Brindamos un entorno estimulante para el crecimiento intelectual y profesional de nuestros investigadores y estudiantes. Semilleros de Investigación La Facultad de Diseño cuenta con semilleros de investigación que aportan a la adquisición de competencias en un escenario de exploración, descubrimiento e innovación. Anímate a participar en los semilleros y despierta [&hellip;]

Universidad Católica De Colombia

Universidad Católica de Colombia

Posted 3 años ago

Updated 2 años ago
